-- https://www.phpmyadmin.net/
--

START TRANSACTION;



--
-- Database: `jonathan`
--

-- --------------------------------------------------------

--
-- Table structure for table `activations`
--

CREATE TABLE `activations` (
  `id` bigint(20) UNSIGNED NOT NULL,
  `user_id` int(10) UNSIGNED NOT NULL,
  `code` varchar(120) COLLATE utf8mb4_unicode_ci NOT NULL,
  `completed` tinyint(1) NOT NULL DEFAULT 0,
  `completed_at` timestamp NULL DEFAULT NULL,
  `created_at` timestamp NULL DEFAULT NULL,
  `updated_at` timestamp NULL DEFAULT NULL
) ENGINE=InnoDB DEFAULT CHARSET=utf8mb4 COLLATE=utf8mb4_unicode_ci;

--
-- Dumping data for table `activations`
--

INSERT INTO `activations` (`id`, `user_id`, `code`, `completed`, `completed_at`, `created_at`, `updated_at`) VALUES
(1, 1, 'kC6PW9OE8Lpd6i43hDBYaGxy4puS7G78', 1, '2021-07-12 22:41:42', '2021-07-12 22:41:42', '2021-07-12 22:41:42'),
(2, 1, 'qrri3mzoQqaumdeNsFASf0LDHiiLT7dA', 1, '2021-08-03 20:58:52', '2021-08-03 20:58:52', '2021-08-03 20:58:52'),
(3, 1, 'i1z6r3uddaoLjfahYRIErEkyAZUgY4Ol', 1, '2021-08-21 01:52:22', '2021-08-21 01:52:22', '2021-08-21 01:52:22');

-- --------------------------------------------------------

--
-- Table structure for table `audit_histories`
--

CREATE TABLE `audit_histories` (
  `id` bigint(20) UNSIGNED NOT NULL,
  `user_id` int(10) UNSIGNED NOT NULL,
  `module` varchar(60) COLLATE utf8mb4_unicode_ci NOT NULL,
  `request` text COLLATE utf8mb4_unicode_ci DEFAULT NULL,
  `action` varchar(120) COLLATE utf8mb4_unicode_ci NOT NULL,
  `user_agent` text COLLATE utf8mb4_unicode_ci DEFAULT NULL,
  `ip_address` varchar(39) COLLATE utf8mb4_unicode_ci DEFAULT NULL,
  `reference_user` int(10) UNSIGNED NOT NULL,
  `reference_id` int(10) UNSIGNED NOT NULL,
  `reference_name` varchar(255) COLLATE utf8mb4_unicode_ci NOT NULL,
  `type` varchar(20) COLLATE utf8mb4_unicode_ci NOT NULL,
  `created_at` timestamp NULL DEFAULT NULL,
  `updated_at` timestamp NULL DEFAULT NULL
) ENGINE=InnoDB DEFAULT CHARSET=utf8mb4 COLLATE=utf8mb4_unicode_ci;



-- --------------------------------------------------------

--
-- Table structure for table `categories`
--

CREATE TABLE `categories` (
  `id` bigint(20) UNSIGNED NOT NULL,
  `name` varchar(120) COLLATE utf8mb4_unicode_ci NOT NULL,
  `parent_id` int(10) UNSIGNED NOT NULL DEFAULT 0,
  `description` varchar(400) COLLATE utf8mb4_unicode_ci DEFAULT NULL,
  `status` varchar(60) COLLATE utf8mb4_unicode_ci NOT NULL DEFAULT 'published',
  `author_id` int(11) NOT NULL,
  `author_type` varchar(255) COLLATE utf8mb4_unicode_ci NOT NULL DEFAULT 'Botble\\ACL\\Models\\User',
  `icon` varchar(60) COLLATE utf8mb4_unicode_ci DEFAULT NULL,
  `order` tinyint(4) NOT NULL DEFAULT 0,
  `is_featured` tinyint(4) NOT NULL DEFAULT 0,
  `is_default` tinyint(3) UNSIGNED NOT NULL DEFAULT 0,
  `created_at` timestamp NULL DEFAULT NULL,
  `updated_at` timestamp NULL DEFAULT NULL
) ENGINE=InnoDB DEFAULT CHARSET=utf8mb4 COLLATE=utf8mb4_unicode_ci;

--
-- Dumping data for table `categories`
--

INSERT INTO `categories` (`id`, `name`, `parent_id`, `description`, `status`, `author_id`, `author_type`, `icon`, `order`, `is_featured`, `is_default`, `created_at`, `updated_at`) VALUES
(1, 'Ecommerce', 0, NULL, 'published', 1, 'Botble\\ACL\\Models\\User', NULL, 0, 0, 1, '2021-08-21 01:52:19', '2021-08-21 01:52:19'),
(2, 'Fashion', 0, NULL, 'published', 1, 'Botble\\ACL\\Models\\User', NULL, 0, 0, 0, '2021-08-21 01:52:19', '2021-08-21 01:52:19'),
(3, 'Electronic', 0, NULL, 'published', 1, 'Botble\\ACL\\Models\\User', NULL, 0, 0, 0, '2021-08-21 01:52:19', '2021-08-21 01:52:19'),
(4, 'Commercial', 0, NULL, 'published', 1, 'Botble\\ACL\\Models\\User', NULL, 0, 0, 0, '2021-08-21 01:52:19', '2021-08-21 01:52:19');

-- --------------------------------------------------------

--
-- Table structure for table `contacts`
--

CREATE TABLE `contacts` (
  `id` bigint(20) UNSIGNED NOT NULL,
  `name` varchar(60) COLLATE utf8mb4_unicode_ci NOT NULL,
  `email` varchar(60) COLLATE utf8mb4_unicode_ci NOT NULL,
  `phone` varchar(60) COLLATE utf8mb4_unicode_ci DEFAULT NULL,
  `address` varchar(120) COLLATE utf8mb4_unicode_ci DEFAULT NULL,
  `subject` varchar(120) COLLATE utf8mb4_unicode_ci DEFAULT NULL,
  `content` longtext COLLATE utf8mb4_unicode_ci NOT NULL,
  `status` varchar(60) COLLATE utf8mb4_unicode_ci NOT NULL DEFAULT 'unread',
  `created_at` timestamp NULL DEFAULT NULL,
  `updated_at` timestamp NULL DEFAULT NULL
) ENGINE=InnoDB DEFAULT CHARSET=utf8mb4 COLLATE=utf8mb4_unicode_ci;

--
-- Dumping data for table `contacts`
--

INSERT INTO `contacts` (`id`, `name`, `email`, `phone`, `address`, `subject`, `content`, `status`, `created_at`, `updated_at`) VALUES
(1, 'Prof. Riley Cormier', 'jakubowski.alejandrin@example.com', '+1 (321) 939-4021', '1395 Issac Pass Apt. 543\nSchulistside, MA 85842', 'Et voluptates porro cumque ut blanditiis quo.', 'Nihil molestiae illum illum harum quisquam et. Dolore assumenda rerum asperiores quidem sequi voluptate voluptatem ut. Doloribus asperiores aut quos id velit. Aut accusamus odio necessitatibus et suscipit non fugit. Blanditiis ut adipisci deleniti officiis voluptas id. Expedita recusandae numquam consequuntur. Aperiam sed voluptas quidem.', 'unread', '2021-08-21 01:52:15', '2021-08-21 01:52:15'),
(2, 'Ibrahim Beer I', 'bashirian.jacinthe@example.net', '(520) 297-3157', '1398 Jazmyne Prairie\nMelliemouth, ID 83723-3253', 'Voluptates labore voluptas quia fuga saepe.', 'Nisi debitis sunt sunt nemo sunt impedit perspiciatis. Aut a adipisci qui. Et et iste aut inventore possimus nemo ex deleniti. Deleniti laudantium quidem aut vero recusandae suscipit commodi aliquid. Exercitationem id et quidem sed. Dicta voluptates vel ad nihil doloribus vero alias. Aspernatur ab repudiandae sint quae neque nostrum quos veniam. Dolor corrupti tempore sed nemo molestias corrupti nostrum placeat.', 'unread', '2021-08-21 01:52:15', '2021-08-21 01:52:15'),
(3, 'Aliza Johnson IV', 'jeremie56@example.net', '+1 (804) 505-3331', '914 Jena Shore\nMcCluremouth, ME 25049', 'Earum aut vel libero illum ut neque.', 'Est laborum quod voluptas. Cumque aut ea sed et odit laudantium et excepturi. Est deleniti eius accusamus. Fugit laborum repellat labore laboriosam eos molestias. Error aut cupiditate accusamus quas dolor. Numquam ut est a voluptates earum. Ullam omnis similique quam omnis recusandae dolorum molestiae qui. Sit dolore consequatur minus perspiciatis culpa. Placeat delectus rerum unde repudiandae. Recusandae ad vel ipsa cupiditate alias consequatur. Modi soluta iste et eum.', 'unread', '2021-08-21 01:52:15', '2021-08-21 01:52:15'),
(4, 'Mr. Howard Ankunding I', 'caitlyn.abbott@example.org', '760-490-0871', '12669 Swift Divide Suite 010\nNorth Donnell, NE 73474-9741', 'Delectus quibusdam dolorem ea deserunt ut.', 'Dolore deleniti et eos id dolores. Impedit enim debitis nobis cupiditate dolores debitis totam. Sit atque numquam minus. Blanditiis sed dolorem sed quas ut est. Sequi impedit dignissimos aut laborum recusandae voluptatem. Harum eos quis sed quae earum. Numquam vel qui non quos voluptatem. Dolorem repellat facere culpa sint id. Eum iusto possimus doloribus tempora qui fugiat.', 'read', '2021-08-21 01:52:15', '2021-08-21 01:52:15'),
(5, 'Constantin Eichmann', 'harvey.jennie@example.com', '930-803-3328', '1101 Kris Way\nNorth Gabrielletown, VA 10828', 'At in adipisci consequatur fugit.', 'Nulla in recusandae voluptatem sapiente. Sit vel totam et mollitia est et incidunt. Deserunt officiis explicabo impedit animi quis dicta voluptatem. Aut fugit labore blanditiis voluptatem unde eos blanditiis. Magni iure exercitationem voluptatibus at sunt. Qui impedit rem dolores fugiat. Nemo quisquam consequuntur quia adipisci. Quia aliquid ut et dolor est dolorem. Rerum omnis qui eos. Dolor neque mollitia tempora et deserunt ipsa. Amet facilis voluptatum dicta sunt ipsum tenetur sunt unde.', 'unread', '2021-08-21 01:52:15', '2021-08-21 01:52:15'),
(6, 'Tate Satterfield', 'alice68@example.com', '+1.786.906.8858', '3140 Friesen Crossing Suite 394\nGrayceburgh, MA 71637-1179', 'Saepe et dolor velit.', 'Et aliquid quo repellendus autem. Est voluptatem est laborum porro reiciendis. Ea delectus vel deserunt similique. Aut est aperiam laboriosam. Quam distinctio nesciunt quas corrupti ullam consectetur. Nesciunt libero vel labore consequatur. Laudantium quae similique ut occaecati quod beatae. Et neque deleniti non voluptas officia ea. Debitis illo omnis dolor reprehenderit quibusdam omnis. Quo perspiciatis doloribus magni sed autem quia ut. Dolor eveniet perferendis reiciendis quidem.', 'read', '2021-08-21 01:52:15', '2021-08-21 01:52:15'),
(7, 'Ludie Streich', 'stiedemann.bulah@example.net', '1-323-756-9209', '3406 Shawn Junction Apt. 175\nLake Clarissaview, MT 60881-5677', 'Soluta iure odio nemo accusantium.', 'Nobis aut dolores animi voluptatibus et quam. Reiciendis iusto quibusdam asperiores officiis. Qui voluptatem ex quaerat corporis ea pariatur velit. Et quasi perspiciatis distinctio ut. Animi sunt consequatur qui voluptatibus at perferendis voluptatem. Repudiandae culpa maxime aspernatur esse voluptates. Amet pariatur quae vitae consectetur ut ipsa.', 'unread', '2021-08-21 01:52:15', '2021-08-21 01:52:15'),
(8, 'Garett Marks', 'hiram.torphy@example.net', '+1-928-526-8196', '438 Powlowski Coves Suite 699\nNolanside, MD 00195', 'Et et in beatae omnis suscipit accusamus.', 'Eaque et odio temporibus eos et magnam rem. Cumque itaque ipsam vel dolores qui architecto dolorem. Illum adipisci alias excepturi aperiam. Expedita id rerum aut rerum in aut architecto. Nihil voluptas aut dolorem tenetur quod molestias. Qui ratione unde perferendis consequatur nostrum adipisci. Deleniti ut beatae sequi consequuntur. Perspiciatis esse veniam rem ad id. Tempore culpa veritatis sequi ab.', 'unread', '2021-08-21 01:52:15', '2021-08-21 01:52:15'),
(9, 'Jed Hansen', 'orunolfsson@example.com', '424-245-0353', '14557 Torphy Point\nNorth Zenafort, HI 20647-2852', 'Neque magni quo et.', 'Aliquam dolorem aut officiis sunt asperiores molestiae non. Asperiores non hic voluptas. Et molestias tenetur alias ad dolores et. Minima optio nisi molestiae sed totam. Sunt quaerat debitis ea sunt incidunt ipsa sunt. Et ex et velit alias. Eius vel vitae accusamus. Officia velit veritatis fugiat. Animi velit error nesciunt praesentium id harum. Ipsam consequuntur quia in dolores earum.', 'read', '2021-08-21 01:52:15', '2021-08-21 01:52:15'),
(10, 'Manuela Moore', 'clare85@example.net', '(860) 563-7863', '9681 Skiles Via Apt. 803\nEast Willis, AL 07045-2641', 'Tempore quam voluptas aut quaerat.', 'Dolores enim expedita debitis laborum. Dolorum quia beatae consequuntur deleniti in maiores quia. Aperiam magni iure aperiam maiores voluptas. Commodi quibusdam ipsa iure quia est laudantium deleniti dolorem. Accusantium explicabo possimus tenetur voluptatem blanditiis ut et. Quasi aspernatur et qui sapiente dolorem repudiandae eos. Nisi occaecati dolorem totam qui ab. Veritatis voluptas ut ea earum consequuntur modi ut. Qui id commodi voluptas nesciunt porro.', 'read', '2021-08-21 01:52:15', '2021-08-21 01:52:15');

-- --------------------------------------------------------

--
-- Table structure for table `contact_replies`
--

CREATE TABLE `contact_replies` (
  `id` bigint(20) UNSIGNED NOT NULL,
  `message` longtext COLLATE utf8mb4_unicode_ci NOT NULL,
  `contact_id` int(11) NOT NULL,
  `created_at` timestamp NULL DEFAULT NULL,
  `updated_at` timestamp NULL DEFAULT NULL
) ENGINE=InnoDB DEFAULT CHARSET=utf8mb4 COLLATE=utf8mb4_unicode_ci;

-- --------------------------------------------------------

--
-- Table structure for table `dashboard_widgets`
--

CREATE TABLE `dashboard_widgets` (
  `id` bigint(20) UNSIGNED NOT NULL,
  `name` varchar(120) COLLATE utf8mb4_unicode_ci NOT NULL,
  `created_at` timestamp NULL DEFAULT NULL,
  `updated_at` timestamp NULL DEFAULT NULL
) ENGINE=InnoDB DEFAULT CHARSET=utf8mb4 COLLATE=utf8mb4_unicode_ci;

--
-- Dumping data for table `dashboard_widgets`
--

INSERT INTO `dashboard_widgets` (`id`, `name`, `created_at`, `updated_at`) VALUES
(1, 'widget_total_1', '2021-10-27 06:53:51', '2021-10-27 06:53:51'),
(2, 'widget_total_2', '2021-10-27 06:53:51', '2021-10-27 06:53:51'),
(3, 'widget_total_themes', '2021-10-27 06:53:52', '2021-10-27 06:53:52'),
(4, 'widget_total_3', '2021-10-27 06:53:52', '2021-10-27 06:53:52'),
(5, 'widget_total_4', '2021-10-27 06:53:52', '2021-10-27 06:53:52'),
(6, 'widget_total_users', '2021-10-27 06:53:52', '2021-10-27 06:53:52'),
(7, 'widget_total_pages', '2021-10-27 06:53:52', '2021-10-27 06:53:52'),
(8, 'widget_total_plugins', '2021-10-27 06:53:53', '2021-10-27 06:53:53'),
(9, 'widget_analytics_general', '2021-10-27 06:53:53', '2021-10-27 06:53:53'),
(10, 'widget_analytics_page', '2021-10-27 06:53:53', '2021-10-27 06:53:53'),
(11, 'widget_analytics_browser', '2021-10-27 06:53:53', '2021-10-27 06:53:53'),
(12, 'widget_posts_recent', '2021-10-27 06:53:53', '2021-10-27 06:53:53'),
(13, 'widget_analytics_referrer', '2021-10-27 06:53:53', '2021-10-27 06:53:53'),
(14, 'widget_audit_logs', '2021-10-27 06:53:53', '2021-10-27 06:53:53'),
(15, 'widget_ecommerce_report_general', '2021-10-27 06:53:54', '2021-10-27 06:53:54');

-- --------------------------------------------------------

--
-- Table structure for table `dashboard_widget_settings`
--

CREATE TABLE `dashboard_widget_settings` (
  `id` bigint(20) UNSIGNED NOT NULL,
  `settings` text COLLATE utf8mb4_unicode_ci DEFAULT NULL,
  `user_id` int(10) UNSIGNED NOT NULL,
  `widget_id` int(10) UNSIGNED NOT NULL,
  `order` tinyint(3) UNSIGNED NOT NULL DEFAULT 0,
  `status` tinyint(3) UNSIGNED NOT NULL DEFAULT 1,
  `created_at` timestamp NULL DEFAULT NULL,
  `updated_at` timestamp NULL DEFAULT NULL
) ENGINE=InnoDB DEFAULT CHARSET=utf8mb4 COLLATE=utf8mb4_unicode_ci;

--
-- Dumping data for table `dashboard_widget_settings`
--

INSERT INTO `dashboard_widget_settings` (`id`, `settings`, `user_id`, `widget_id`, `order`, `status`, `created_at`, `updated_at`) VALUES
(1, NULL, 1, 9, 100, 0, '2021-10-27 06:56:30', '2021-10-27 06:56:31'),
(2, NULL, 1, 10, 101, 0, '2021-10-27 06:56:36', '2021-10-27 06:56:36'),
(3, NULL, 1, 11, 102, 0, '2021-10-27 06:56:39', '2021-10-27 06:56:39'),
(4, NULL, 1, 14, 103, 0, '2021-10-27 06:56:47', '2021-10-27 06:56:47'),
(5, NULL, 1, 12, 104, 0, '2021-10-27 06:56:53', '2021-10-27 06:56:53'),
(6, NULL, 1, 13, 105, 0, '2021-10-27 06:56:58', '2021-10-27 06:56:58');

-- --------------------------------------------------------

--
-- Table structure for table `ec_brands`
--

CREATE TABLE `ec_brands` (
  `id` bigint(20) UNSIGNED NOT NULL,
  `name` varchar(191) COLLATE utf8mb4_unicode_ci NOT NULL,
  `description` mediumtext COLLATE utf8mb4_unicode_ci DEFAULT NULL,
  `website` varchar(255) COLLATE utf8mb4_unicode_ci DEFAULT NULL,
  `logo` varchar(255) COLLATE utf8mb4_unicode_ci DEFAULT NULL,
  `status` varchar(60) COLLATE utf8mb4_unicode_ci NOT NULL DEFAULT 'published',
  `order` tinyint(3) UNSIGNED NOT NULL DEFAULT 0,
  `is_featured` tinyint(3) UNSIGNED NOT NULL DEFAULT 0,
  `created_at` timestamp NULL DEFAULT NULL,
  `updated_at` timestamp NULL DEFAULT NULL
) ENGINE=InnoDB DEFAULT CHARSET=utf8mb4 COLLATE=utf8mb4_unicode_ci;

--
-- Dumping data for table `ec_brands`
--

INSERT INTO `ec_brands` (`id`, `name`, `description`, `website`, `logo`, `status`, `order`, `is_featured`, `created_at`, `updated_at`) VALUES
(1, 'Fashion live', NULL, NULL, 'brands/1.jpg', 'published', 0, 1, '2021-08-21 01:51:50', '2021-08-21 01:51:50'),
(2, 'Hand crafted', NULL, NULL, 'brands/2.jpg', 'published', 1, 1, '2021-08-21 01:51:50', '2021-08-21 01:51:50'),
(3, 'Mestonix', NULL, NULL, 'brands/3.jpg', 'published', 2, 1, '2021-08-21 01:51:50', '2021-08-21 01:51:50'),
(4, 'Sunshine', NULL, NULL, 'brands/4.jpg', 'published', 3, 1, '2021-08-21 01:51:50', '2021-08-21 01:51:50'),
(5, 'Pure', NULL, NULL, 'brands/5.jpg', 'published', 4, 1, '2021-08-21 01:51:50', '2021-08-21 01:51:50'),
(6, 'Anfold', NULL, NULL, 'brands/6.jpg', 'published', 5, 1, '2021-08-21 01:51:50', '2021-08-21 01:51:50'),
(7, 'Automotive', NULL, NULL, 'brands/7.jpg', 'published', 6, 1, '2021-08-21 01:51:50', '2021-08-21 01:51:50');

-- --------------------------------------------------------

--
-- Table structure for table `ec_brands_translations`
--

CREATE TABLE `ec_brands_translations` (
  `lang_code` varchar(191) COLLATE utf8mb4_unicode_ci NOT NULL,
  `ec_brands_id` int(11) NOT NULL,
  `name` varchar(191) COLLATE utf8mb4_unicode_ci DEFAULT NULL,
  `description` varchar(191) COLLATE utf8mb4_unicode_ci DEFAULT NULL
) ENGINE=InnoDB DEFAULT CHARSET=utf8mb4 COLLATE=utf8mb4_unicode_ci;

-- --------------------------------------------------------

--
-- Table structure for table `ec_cart`
--

CREATE TABLE `ec_cart` (
  `identifier` varchar(191) COLLATE utf8mb4_unicode_ci NOT NULL,
  `instance` varchar(191) COLLATE utf8mb4_unicode_ci NOT NULL,
  `content` longtext COLLATE utf8mb4_unicode_ci NOT NULL,
  `created_at` timestamp NULL DEFAULT NULL,
  `updated_at` timestamp NULL DEFAULT NULL
) ENGINE=InnoDB DEFAULT CHARSET=utf8mb4 COLLATE=utf8mb4_unicode_ci;

-- --------------------------------------------------------

--
-- Table structure for table `ec_currencies`
--

CREATE TABLE `ec_currencies` (
  `id` bigint(20) UNSIGNED NOT NULL,
  `title` varchar(191) COLLATE utf8mb4_unicode_ci NOT NULL,
  `symbol` varchar(10) COLLATE utf8mb4_unicode_ci NOT NULL,
  `is_prefix_symbol` tinyint(3) UNSIGNED NOT NULL DEFAULT 0,
  `decimals` tinyint(3) UNSIGNED DEFAULT 0,
  `order` int(10) UNSIGNED DEFAULT 0,
  `is_default` tinyint(4) NOT NULL DEFAULT 0,
  `exchange_rate` double NOT NULL DEFAULT 1,
  `created_at` timestamp NULL DEFAULT NULL,
  `updated_at` timestamp NULL DEFAULT NULL
) ENGINE=InnoDB DEFAULT CHARSET=utf8mb4 COLLATE=utf8mb4_unicode_ci;

--
-- Dumping data for table `ec_currencies`
--

INSERT INTO `ec_currencies` (`id`, `title`, `symbol`, `is_prefix_symbol`, `decimals`, `order`, `is_default`, `exchange_rate`, `created_at`, `updated_at`) VALUES
(1, 'USD', '$', 1, 2, 0, 1, 1, '2021-08-21 01:51:50', '2021-08-21 01:51:50'),
(2, 'EUR', '€', 0, 2, 1, 0, 0.84, '2021-08-21 01:51:50', '2021-08-21 01:51:50'),
(3, 'VND', '₫', 0, 0, 2, 0, 23203, '2021-08-21 01:51:50', '2021-08-21 01:51:50');

-- --------------------------------------------------------

--
-- Table structure for table `ec_customer_addresses`
--

CREATE TABLE `ec_customer_addresses` (
  `id` bigint(20) UNSIGNED NOT NULL,
  `name` varchar(191) COLLATE utf8mb4_unicode_ci NOT NULL,
  `email` varchar(60) COLLATE utf8mb4_unicode_ci DEFAULT NULL,
  `phone` varchar(191) COLLATE utf8mb4_unicode_ci NOT NULL,
  `country` varchar(120) COLLATE utf8mb4_unicode_ci DEFAULT NULL,
  `state` varchar(120) COLLATE utf8mb4_unicode_ci DEFAULT NULL,
  `city` varchar(120) COLLATE utf8mb4_unicode_ci DEFAULT NULL,
  `address` varchar(191) COLLATE utf8mb4_unicode_ci NOT NULL,
  `customer_id` int(10) UNSIGNED NOT NULL,
  `is_default` tinyint(3) UNSIGNED NOT NULL DEFAULT 0,
  `created_at` timestamp NULL DEFAULT NULL,
  `updated_at` timestamp NULL DEFAULT NULL,
  `zip_code` varchar(20) COLLATE utf8mb4_unicode_ci DEFAULT NULL
) ENGINE=InnoDB DEFAULT CHARSET=utf8mb4 COLLATE=utf8mb4_unicode_ci;

--
-- Dumping data for table `ec_customer_addresses`
--

INSERT INTO `ec_customer_addresses` (`id`, `name`, `email`, `phone`, `country`, `state`, `city`, `address`, `customer_id`, `is_default`, `created_at`, `updated_at`, `zip_code`) VALUES
(1, 'Ian Conroy', 'customer@botble.com', '+15032700992', 'GN', 'Kansas', 'Hayesmouth', '52718 Taylor Roads Suite 863', 1, 1, '2021-08-21 01:52:13', '2021-08-21 01:52:13', '52534-6724'),
(2, 'Ian Conroy', 'customer@botble.com', '+19376912016', 'PK', 'District of Columbia', 'West Justenhaven', '95273 Tromp Square Suite 744', 1, 0, '2021-08-21 01:52:13', '2021-08-21 01:52:13', '93652-7303'),
(3, 'Dr. Jordon Dare IV', 'vendor@botble.com', '+12405209160', 'FM', 'South Dakota', 'Hardyview', '52875 Katelynn Forks Apt. 414', 2, 1, '2021-08-21 01:52:13', '2021-08-21 01:52:13', '57533-1174'),
(4, 'Dr. Jordon Dare IV', 'vendor@botble.com', '+13863687474', 'FI', 'Kentucky', 'Cormierport', '6342 Heathcote Alley', 2, 0, '2021-08-21 01:52:13', '2021-08-21 01:52:13', '69884'),
(5, 'Arjun Rempel', 'arnulfo15@example.org', '+13079764932', 'PY', 'Connecticut', 'North Paxton', '293 Crooks Prairie', 3, 1, '2021-08-21 01:52:13', '2021-08-21 01:52:13', '57654'),
(6, 'Mia Lindgren', 'jaime89@example.net', '+16191138857', 'BT', 'Arkansas', 'New Dagmarchester', '899 Luettgen Brooks', 4, 1, '2021-08-21 01:52:14', '2021-08-21 01:52:14', '87882-2002'),
(7, 'Sabina Beatty', 'icarter@example.org', '+12626164118', 'BM', 'Iowa', 'Port Paigemouth', '4294 Dooley Court Apt. 670', 5, 1, '2021-08-21 01:52:14', '2021-08-21 01:52:14', '36128-9963'),
(8, 'Darby Wilderman', 'hester.muller@example.com', '+19864122462', 'TF', 'South Carolina', 'Altenwerthton', '2703 Esta Track', 6, 1, '2021-08-21 01:52:14', '2021-08-21 01:52:14', '83640-6702'),
(9, 'Dr. Keyshawn Heaney', 'violet64@example.net', '+13608514467', 'MU', 'Nebraska', 'Randalview', '12265 Stehr Forges', 7, 1, '2021-08-21 01:52:14', '2021-08-21 01:52:14', '65316-8855'),
(10, 'Kim Welch', 'ukerluke@example.net', '+15850500037', 'LK', 'Iowa', 'Ashleetown', '42403 Fidel Road', 8, 1, '2021-08-21 01:52:15', '2021-08-21 01:52:15', '99346-2735'),
(11, 'Sarina Corkery', 'rae.farrell@example.net', '+15801722005', 'RO', 'Vermont', 'Jaycebury', '94109 Maggio Wells Apt. 318', 9, 1, '2021-08-21 01:52:15', '2021-08-21 01:52:15', '67000-7533'),
(12, 'Alexanne Huels MD', 'stephania40@example.org', '+13611876475', 'MQ', 'New Jersey', 'Binsville', '4957 Wilkinson Lakes', 10, 1, '2021-08-21 01:52:15', '2021-08-21 01:52:15', '07785-0780');

-- --------------------------------------------------------

--
-- Table structure for table `ec_customer_password_resets`
--

CREATE TABLE `ec_customer_password_resets` (
  `email` varchar(191) COLLATE utf8mb4_unicode_ci NOT NULL,
  `token` varchar(191) COLLATE utf8mb4_unicode_ci NOT NULL,
  `created_at` timestamp NULL DEFAULT NULL
) ENGINE=InnoDB DEFAULT CHARSET=utf8mb4 COLLATE=utf8mb4_unicode_ci;

-- --------------------------------------------------------

--
-- Table structure for table `ec_discounts`
--

CREATE TABLE `ec_discounts` (
  `id` bigint(20) UNSIGNED NOT NULL,
  `title` varchar(120) COLLATE utf8mb4_unicode_ci DEFAULT NULL,
  `code` varchar(20) COLLATE utf8mb4_unicode_ci DEFAULT NULL,
  `start_date` datetime DEFAULT NULL,
  `end_date` datetime DEFAULT NULL,
  `quantity` int(11) DEFAULT NULL,
  `total_used` int(10) UNSIGNED NOT NULL DEFAULT 0,
  `value` double DEFAULT NULL,
  `type` varchar(60) COLLATE utf8mb4_unicode_ci DEFAULT 'coupon',
  `can_use_with_promotion` tinyint(1) NOT NULL DEFAULT 0,
  `discount_on` varchar(20) COLLATE utf8mb4_unicode_ci DEFAULT NULL,
  `product_quantity` int(10) UNSIGNED DEFAULT NULL,
  `type_option` varchar(100) COLLATE utf8mb4_unicode_ci NOT NULL DEFAULT 'amount',
  `target` varchar(100) COLLATE utf8mb4_unicode_ci NOT NULL DEFAULT 'all-orders',
  `min_order_price` decimal(15,2) DEFAULT NULL,
  `created_at` timestamp NULL DEFAULT NULL,
  `updated_at` timestamp NULL DEFAULT NULL,
  `store_id` int(10) UNSIGNED DEFAULT NULL
) ENGINE=InnoDB DEFAULT CHARSET=utf8mb4 COLLATE=utf8mb4_unicode_ci;

-- --------------------------------------------------------

--
-- Table structure for table `ec_discount_customers`
--

CREATE TABLE `ec_discount_customers` (
  `discount_id` int(10) UNSIGNED NOT NULL,
  `customer_id` int(10) UNSIGNED NOT NULL
) ENGINE=InnoDB DEFAULT CHARSET=utf8mb4 COLLATE=utf8mb4_unicode_ci;

-- --------------------------------------------------------

--
-- Table structure for table `ec_discount_products`
--

CREATE TABLE `ec_discount_products` (
  `discount_id` int(10) UNSIGNED NOT NULL,
  `product_id` int(10) UNSIGNED NOT NULL
) ENGINE=InnoDB DEFAULT CHARSET=utf8mb4 COLLATE=utf8mb4_unicode_ci;

-- --------------------------------------------------------

--
-- Table structure for table `ec_discount_product_collections`
--

CREATE TABLE `ec_discount_product_collections` (
  `discount_id` int(10) UNSIGNED NOT NULL,
  `product_collection_id` int(10) UNSIGNED NOT NULL
) ENGINE=InnoDB DEFAULT CHARSET=utf8mb4 COLLATE=utf8mb4_unicode_ci;

-- --------------------------------------------------------

--
-- Table structure for table `ec_flash_sales`
--

CREATE TABLE `ec_flash_sales` (
  `id` bigint(20) UNSIGNED NOT NULL,
  `name` varchar(255) COLLATE utf8mb4_unicode_ci NOT NULL,
  `end_date` datetime NOT NULL,
  `status` varchar(60) COLLATE utf8mb4_unicode_ci NOT NULL DEFAULT 'published',
  `created_at` timestamp NULL DEFAULT NULL,
  `updated_at` timestamp NULL DEFAULT NULL
) ENGINE=InnoDB DEFAULT CHARSET=utf8mb4 COLLATE=utf8mb4_unicode_ci;

--
-- Dumping data for table `ec_flash_sales`
--

INSERT INTO `ec_flash_sales` (`id`, `name`, `end_date`, `status`, `created_at`, `updated_at`) VALUES
(1, 'Winter Sale', '2021-09-20 00:00:00', 'published', '2021-08-21 01:52:15', '2021-08-21 01:52:15');

-- --------------------------------------------------------

--
-- Table structure for table `ec_flash_sales_translations`
--

CREATE TABLE `ec_flash_sales_translations` (
  `lang_code` varchar(191) COLLATE utf8mb4_unicode_ci NOT NULL,
  `ec_flash_sales_id` int(11) NOT NULL,
  `name` varchar(191) COLLATE utf8mb4_unicode_ci DEFAULT NULL
) ENGINE=InnoDB DEFAULT CHARSET=utf8mb4 COLLATE=utf8mb4_unicode_ci;

-- --------------------------------------------------------

--
-- Table structure for table `ec_flash_sale_products`
--

CREATE TABLE `ec_flash_sale_products` (
  `flash_sale_id` int(10) UNSIGNED NOT NULL,
  `product_id` int(10) UNSIGNED NOT NULL,
  `price` double UNSIGNED DEFAULT NULL,
  `quantity` int(10) UNSIGNED DEFAULT NULL,
  `sold` int(10) UNSIGNED NOT NULL DEFAULT 0
) ENGINE=InnoDB DEFAULT CHARSET=utf8mb4 COLLATE=utf8mb4_unicode_ci;

--
-- Dumping data for table `ec_flash_sale_products`
--

INSERT INTO `ec_flash_sale_products` (`flash_sale_id`, `product_id`, `price`, `quantity`, `sold`) VALUES
(1, 1, 36.915, 20, 5),
(1, 2, 18.225, 13, 2),
(1, 3, 10.8, 16, 5),
(1, 4, 231.6816, 11, 1),
(1, 5, 324.52, 7, 3),
(1, 6, 314.53, 11, 2),
(1, 7, 493.95, 15, 4),
(1, 8, 706.7592, 18, 4),
(1, 9, 477.9, 10, 3),
(1, 10, 806, 15, 5);

-- --------------------------------------------------------

--
-- Table structure for table `ec_grouped_products`
--

CREATE TABLE `ec_grouped_products` (
  `id` bigint(20) UNSIGNED NOT NULL,
  `parent_product_id` int(10) UNSIGNED NOT NULL,
  `product_id` int(10) UNSIGNED NOT NULL,
  `fixed_qty` int(11) NOT NULL DEFAULT 1
) ENGINE=InnoDB DEFAULT CHARSET=utf8mb4 COLLATE=utf8mb4_unicode_ci;

-- --------------------------------------------------------

--
-- Table structure for table `ec_order_addresses`
--

CREATE TABLE `ec_order_addresses` (
  `id` bigint(20) UNSIGNED NOT NULL,
  `name` varchar(191) COLLATE utf8mb4_unicode_ci NOT NULL,
  `phone` varchar(20) COLLATE utf8mb4_unicode_ci DEFAULT NULL,
  `email` varchar(191) COLLATE utf8mb4_unicode_ci DEFAULT NULL,
  `country` varchar(120) COLLATE utf8mb4_unicode_ci DEFAULT NULL,
  `state` varchar(120) COLLATE utf8mb4_unicode_ci DEFAULT NULL,
  `city` varchar(120) COLLATE utf8mb4_unicode_ci DEFAULT NULL,
  `address` varchar(255) COLLATE utf8mb4_unicode_ci DEFAULT NULL,
  `order_id` int(10) UNSIGNED NOT NULL,
  `zip_code` varchar(20) COLLATE utf8mb4_unicode_ci DEFAULT NULL
) ENGINE=InnoDB DEFAULT CHARSET=utf8mb4 COLLATE=utf8mb4_unicode_ci;

--
-- Dumping data for table `ec_order_addresses`
--

INSERT INTO `ec_order_addresses` (`id`, `name`, `phone`, `email`, `country`, `state`, `city`, `address`, `order_id`, `zip_code`) VALUES
(1, 'Dr. Keyshawn Heaney', '+13608514467', 'violet64@example.net', 'MU', 'Nebraska', 'Randalview', '12265 Stehr Forges', 1, '65316-8855'),
(2, 'Dr. Keyshawn Heaney', '+13608514467', 'violet64@example.net', 'MU', 'Nebraska', 'Randalview', '12265 Stehr Forges', 2, '65316-8855'),
(3, 'Sabina Beatty', '+12626164118', 'icarter@example.org', 'BM', 'Iowa', 'Port Paigemouth', '4294 Dooley Court Apt. 670', 3, '36128-9963'),
(4, 'Sabina Beatty', '+12626164118', 'icarter@example.org', 'BM', 'Iowa', 'Port Paigemouth', '4294 Dooley Court Apt. 670', 4, '36128-9963'),
(5, 'Sabina Beatty', '+12626164118', 'icarter@example.org', 'BM', 'Iowa', 'Port Paigemouth', '4294 Dooley Court Apt. 670', 5, '36128-9963'),
(6, 'Kim Welch', '+15850500037', 'ukerluke@example.net', 'LK', 'Iowa', 'Ashleetown', '42403 Fidel Road', 6, '99346-2735'),
(7, 'Kim Welch', '+15850500037', 'ukerluke@example.net', 'LK', 'Iowa', 'Ashleetown', '42403 Fidel Road', 7, '99346-2735'),
(8, 'Kim Welch', '+15850500037', 'ukerluke@example.net', 'LK', 'Iowa', 'Ashleetown', '42403 Fidel Road', 8, '99346-2735'),
(9, 'Kim Welch', '+15850500037', 'ukerluke@example.net', 'LK', 'Iowa', 'Ashleetown', '42403 Fidel Road', 9, '99346-2735'),
(10, 'Kim Welch', '+15850500037', 'ukerluke@example.net', 'LK', 'Iowa', 'Ashleetown', '42403 Fidel Road', 10, '99346-2735'),
(11, 'Kim Welch', '+15850500037', 'ukerluke@example.net', 'LK', 'Iowa', 'Ashleetown', '42403 Fidel Road', 11, '99346-2735'),
(12, 'Kim Welch', '+15850500037', 'ukerluke@example.net', 'LK', 'Iowa', 'Ashleetown', '42403 Fidel Road', 12, '99346-2735'),
(13, 'Ian Conroy', '+15032700992', 'customer@botble.com', 'GN', 'Kansas', 'Hayesmouth', '52718 Taylor Roads Suite 863', 13, '52534-6724'),
(14, 'Ian Conroy', '+15032700992', 'customer@botble.com', 'GN', 'Kansas', 'Hayesmouth', '52718 Taylor Roads Suite 863', 14, '52534-6724'),
(15, 'Sabina Beatty', '+12626164118', 'icarter@example.org', 'BM', 'Iowa', 'Port Paigemouth', '4294 Dooley Court Apt. 670', 15, '36128-9963'),
(16, 'Sabina Beatty', '+12626164118', 'icarter@example.org', 'BM', 'Iowa', 'Port Paigemouth', '4294 Dooley Court Apt. 670', 16, '36128-9963'),
(17, 'Ian Conroy', '+15032700992', 'customer@botble.com', 'GN', 'Kansas', 'Hayesmouth', '52718 Taylor Roads Suite 863', 17, '52534-6724'),
(18, 'Ian Conroy', '+15032700992', 'customer@botble.com', 'GN', 'Kansas', 'Hayesmouth', '52718 Taylor Roads Suite 863', 18, '52534-6724'),
(19, 'Ian Conroy', '+15032700992', 'customer@botble.com', 'GN', 'Kansas', 'Hayesmouth', '52718 Taylor Roads Suite 863', 19, '52534-6724'),
(20, 'Ian Conroy', '+15032700992', 'customer@botble.com', 'GN', 'Kansas', 'Hayesmouth', '52718 Taylor Roads Suite 863', 20, '52534-6724'),
(21, 'Ian Conroy', '+15032700992', 'customer@botble.com', 'GN', 'Kansas', 'Hayesmouth', '52718 Taylor Roads Suite 863', 21, '52534-6724'),
(22, 'Ian Conroy', '+15032700992', 'customer@botble.com', 'GN', 'Kansas', 'Hayesmouth', '52718 Taylor Roads Suite 863', 22, '52534-6724'),
(23, 'Ian Conroy', '+15032700992', 'customer@botble.com', 'GN', 'Kansas', 'Hayesmouth', '52718 Taylor Roads Suite 863', 23, '52534-6724'),
(24, 'Ian Conroy', '+15032700992', 'customer@botble.com', 'GN', 'Kansas', 'Hayesmouth', '52718 Taylor Roads Suite 863', 24, '52534-6724'),
(25, 'Ian Conroy', '+15032700992', 'customer@botble.com', 'GN', 'Kansas', 'Hayesmouth', '52718 Taylor Roads Suite 863', 25, '52534-6724'),
(26, 'Ian Conroy', '+15032700992', 'customer@botble.com', 'GN', 'Kansas', 'Hayesmouth', '52718 Taylor Roads Suite 863', 26, '52534-6724'),
(27, 'Ian Conroy', '+15032700992', 'customer@botble.com', 'GN', 'Kansas', 'Hayesmouth', '52718 Taylor Roads Suite 863', 27, '52534-6724'),
(28, 'Sabina Beatty', '+12626164118', 'icarter@example.org', 'BM', 'Iowa', 'Port Paigemouth', '4294 Dooley Court Apt. 670', 28, '36128-9963'),
(29, 'Sabina Beatty', '+12626164118', 'icarter@example.org', 'BM', 'Iowa', 'Port Paigemouth', '4294 Dooley Court Apt. 670', 29, '36128-9963'),
(30, 'Sabina Beatty', '+12626164118', 'icarter@example.org', 'BM', 'Iowa', 'Port Paigemouth', '4294 Dooley Court Apt. 670', 30, '36128-9963'),
(31, 'Ian Conroy', '+15032700992', 'customer@botble.com', 'GN', 'Kansas', 'Hayesmouth', '52718 Taylor Roads Suite 863', 31, '52534-6724'),
(32, 'Ian Conroy', '+15032700992', 'customer@botble.com', 'GN', 'Kansas', 'Hayesmouth', '52718 Taylor Roads Suite 863', 32, '52534-6724'),
(33, 'Ian Conroy', '+15032700992', 'customer@botble.com', 'GN', 'Kansas', 'Hayesmouth', '52718 Taylor Roads Suite 863', 33, '52534-6724'),
(34, 'Sabina Beatty', '+12626164118', 'icarter@example.org', 'BM', 'Iowa', 'Port Paigemouth', '4294 Dooley Court Apt. 670', 34, '36128-9963'),
(35, 'Sabina Beatty', '+12626164118', 'icarter@example.org', 'BM', 'Iowa', 'Port Paigemouth', '4294 Dooley Court Apt. 670', 35, '36128-9963'),
(36, 'Sabina Beatty', '+12626164118', 'icarter@example.org', 'BM', 'Iowa', 'Port Paigemouth', '4294 Dooley Court Apt. 670', 36, '36128-9963'),
(37, 'Sabina Beatty', '+12626164118', 'icarter@example.org', 'BM', 'Iowa', 'Port Paigemouth', '4294 Dooley Court Apt. 670', 37, '36128-9963'),
(38, 'Ian Conroy', '+15032700992', 'customer@botble.com', 'GN', 'Kansas', 'Hayesmouth', '52718 Taylor Roads Suite 863', 38, '52534-6724'),
(39, 'Ian Conroy', '+15032700992', 'customer@botble.com', 'GN', 'Kansas', 'Hayesmouth', '52718 Taylor Roads Suite 863', 39, '52534-6724'),
(40, 'Arjun Rempel', '+13079764932', 'arnulfo15@example.org', 'PY', 'Connecticut', 'North Paxton', '293 Crooks Prairie', 40, '57654'),
(41, 'Ian Conroy', '+15032700992', 'customer@botble.com', 'GN', 'Kansas', 'Hayesmouth', '52718 Taylor Roads Suite 863', 41, '52534-6724'),
(42, 'Ian Conroy', '+15032700992', 'customer@botble.com', 'GN', 'Kansas', 'Hayesmouth', '52718 Taylor Roads Suite 863', 42, '52534-6724'),
(43, 'Sabina Beatty', '+12626164118', 'icarter@example.org', 'BM', 'Iowa', 'Port Paigemouth', '4294 Dooley Court Apt. 670', 43, '36128-9963'),
(44, 'Sabina Beatty', '+12626164118', 'icarter@example.org', 'BM', 'Iowa', 'Port Paigemouth', '4294 Dooley Court Apt. 670', 44, '36128-9963'),
(45, 'Sabina Beatty', '+12626164118', 'icarter@example.org', 'BM', 'Iowa', 'Port Paigemouth', '4294 Dooley Court Apt. 670', 45, '36128-9963'),
(46, 'Sabina Beatty', '+12626164118', 'icarter@example.org', 'BM', 'Iowa', 'Port Paigemouth', '4294 Dooley Court Apt. 670', 46, '36128-9963'),
(47, 'Sabina Beatty', '+12626164118', 'icarter@example.org', 'BM', 'Iowa', 'Port Paigemouth', '4294 Dooley Court Apt. 670', 47, '36128-9963'),
(48, 'Sabina Beatty', '+12626164118', 'icarter@example.org', 'BM', 'Iowa', 'Port Paigemouth', '4294 Dooley Court Apt. 670', 48, '36128-9963'),
(49, 'Sabina Beatty', '+12626164118', 'icarter@example.org', 'BM', 'Iowa', 'Port Paigemouth', '4294 Dooley Court Apt. 670', 49, '36128-9963'),
(50, 'Sabina Beatty', '+12626164118', 'icarter@example.org', 'BM', 'Iowa', 'Port Paigemouth', '4294 Dooley Court Apt. 670', 50, '36128-9963');

-- --------------------------------------------------------

--
-- Table structure for table `ec_order_histories`
--

CREATE TABLE `ec_order_histories` (
  `id` bigint(20) UNSIGNED NOT NULL,
  `action` varchar(120) COLLATE utf8mb4_unicode_ci NOT NULL,
  `description` varchar(255) COLLATE utf8mb4_unicode_ci NOT NULL,
  `user_id` int(10) UNSIGNED DEFAULT NULL,
  `order_id` int(10) UNSIGNED NOT NULL,
  `extras` text COLLATE utf8mb4_unicode_ci DEFAULT NULL,
  `created_at` timestamp NULL DEFAULT NULL,
  `updated_at` timestamp NULL DEFAULT NULL
) ENGINE=InnoDB DEFAULT CHARSET=utf8mb4 COLLATE=utf8mb4_unicode_ci;

--
-- Dumping data for table `ec_order_histories`
--

INSERT INTO `ec_order_histories` (`id`, `action`, `description`, `user_id`, `order_id`, `extras`, `created_at`, `updated_at`) VALUES
(1, 'create_order_from_seeder', 'Order is created from the checkout page', NULL, 1, NULL, '2021-08-12 17:52:26', '2021-08-12 17:52:26'),
(2, 'confirm_order', 'Order was verified by %user_name%', 0, 1, NULL, '2021-08-12 17:52:26', '2021-08-12 17:52:26'),
(3, 'confirm_payment', 'Payment was confirmed (amount $1,754.60) by %user_name%', 0, 1, NULL, '2021-08-21 01:52:26', '2021-08-21 01:52:26'),
(4, 'create_shipment', 'Created shipment for order', 0, 1, NULL, '2021-08-21 01:52:26', '2021-08-21 01:52:26'),
(5, 'create_order_from_seeder', 'Order is created from the checkout page', NULL, 2, NULL, '2021-08-07 17:52:26', '2021-08-07 17:52:26'),
(6, 'confirm_order', 'Order was verified by %user_name%', 0, 2, NULL, '2021-08-07 17:52:26', '2021-08-07 17:52:26'),
(7, 'confirm_payment', 'Payment was confirmed (amount $2,483.10) by %user_name%', 0, 2, NULL, '2021-08-21 01:52:26', '2021-08-21 01:52:26'),
(8, 'create_shipment', 'Created shipment for order', 0, 2, NULL, '2021-08-21 01:52:26', '2021-08-21 01:52:26'),
(9, 'create_order_from_seeder', 'Order is created from the checkout page', NULL, 3, NULL, '2021-08-14 17:52:26', '2021-08-14 17:52:26'),
(10, 'confirm_order', 'Order was verified by %user_name%', 0, 3, NULL, '2021-08-14 17:52:26', '2021-08-14 17:52:26'),
(11, 'confirm_payment', 'Payment was confirmed (amount $248.78) by %user_name%', 0, 3, NULL, '2021-08-21 01:52:26', '2021-08-21 01:52:26'),
(12, 'create_shipment', 'Created shipment for order', 0, 3, NULL, '2021-08-21 01:52:26', '2021-08-21 01:52:26'),
(13, 'update_status', 'Changed status of shipping to : Delivered . Updated by: %user_name%', 0, 3, NULL, '2021-08-21 01:52:26', '2021-08-21 01:52:26'),
(14, 'create_order_from_seeder', 'Order is created from the checkout page', NULL, 4, NULL, '2021-08-08 09:52:26', '2021-08-08 09:52:26'),
(15, 'confirm_order', 'Order was verified by %user_name%', 0, 4, NULL, '2021-08-08 09:52:26', '2021-08-08 09:52:26'),
(16, 'create_shipment', 'Created shipment for order', 0, 4, NULL, '2021-08-21 01:52:26', '2021-08-21 01:52:26'),
(17, 'update_status', 'Changed status of shipping to : Delivered . Updated by: %user_name%', 0, 4, NULL, '2021-08-21 01:52:26', '2021-08-21 01:52:26'),
(18, 'create_order_from_seeder', 'Order is created from the checkout page', NULL, 5, NULL, '2021-08-11 13:52:26', '2021-08-11 13:52:26'),
(19, 'confirm_order', 'Order was verified by %user_name%', 0, 5, NULL, '2021-08-11 13:52:26', '2021-08-11 13:52:26'),
(20, 'confirm_payment', 'Payment was confirmed (amount $578.60) by %user_name%', 0, 5, NULL, '2021-08-21 01:52:26', '2021-08-21 01:52:26'),
(21, 'create_shipment', 'Created shipment for order', 0, 5, NULL, '2021-08-21 01:52:26', '2021-08-21 01:52:26'),
(22, 'create_order_from_seeder', 'Order is created from the checkout page', NULL, 6, NULL, '2021-08-19 13:52:26', '2021-08-19 13:52:26'),
(23, 'confirm_order', 'Order was verified by %user_name%', 0, 6, NULL, '2021-08-19 13:52:26', '2021-08-19 13:52:26'),
(24, 'create_shipment', 'Created shipment for order', 0, 6, NULL, '2021-08-21 01:52:26', '2021-08-21 01:52:26'),
(25, 'create_order_from_seeder', 'Order is created from the checkout page', NULL, 7, NULL, '2021-08-12 01:52:26', '2021-08-12 01:52:26'),
(26, 'confirm_order', 'Order was verified by %user_name%', 0, 7, NULL, '2021-08-12 01:52:26', '2021-08-12 01:52:26'),
(27, 'confirm_payment', 'Payment was confirmed (amount $622.60) by %user_name%', 0, 7, NULL, '2021-08-21 01:52:26', '2021-08-21 01:52:26'),
(28, 'create_shipment', 'Created shipment for order', 0, 7, NULL, '2021-08-21 01:52:26', '2021-08-21 01:52:26'),
(29, 'update_status', 'Changed status of shipping to : Delivered . Updated by: %user_name%', 0, 7, NULL, '2021-08-21 01:52:26', '2021-08-21 01:52:26'),
(30, 'create_order_from_seeder', 'Order is created from the checkout page', NULL, 8, NULL, '2021-08-19 13:52:26', '2021-08-19 13:52:26'),
(31, 'confirm_order', 'Order was verified by %user_name%', 0, 8, NULL, '2021-08-19 13:52:26', '2021-08-19 13:52:26'),
(32, 'confirm_payment', 'Payment was confirmed (amount $2,483.10) by %user_name%', 0, 8, NULL, '2021-08-21 01:52:26', '2021-08-21 01:52:26'),
(33, 'create_shipment', 'Created shipment for order', 0, 8, NULL, '2021-08-21 01:52:26', '2021-08-21 01:52:26'),
(34, 'create_order_from_seeder', 'Order is created from the checkout page', NULL, 9, NULL, '2021-08-09 17:52:26', '2021-08-09 17:52:26'),
(35, 'confirm_order', 'Order was verified by %user_name%', 0, 9, NULL, '2021-08-09 17:52:26', '2021-08-09 17:52:26'),
(36, 'confirm_payment', 'Payment was confirmed (amount $1,608.90) by %user_name%', 0, 9, NULL, '2021-08-21 01:52:26', '2021-08-21 01:52:26'),
(37, 'create_shipment', 'Created shipment for order', 0, 9, NULL, '2021-08-21 01:52:26', '2021-08-21 01:52:26'),
(38, 'create_order_from_seeder', 'Order is created from the checkout page', NULL, 10, NULL, '2021-08-18 05:52:26', '2021-08-18 05:52:26'),
(39, 'confirm_order', 'Order was verified by %user_name%', 0, 10, NULL, '2021-08-18 05:52:26', '2021-08-18 05:52:26'),
(40, 'confirm_payment', 'Payment was confirmed (amount $3,952.50) by %user_name%', 0, 10, NULL, '2021-08-21 01:52:26', '2021-08-21 01:52:26'),
(41, 'create_shipment', 'Created shipment for order', 0, 10, NULL, '2021-08-21 01:52:26', '2021-08-21 01:52:26'),
(42, 'update_status', 'Changed status of shipping to : Delivered . Updated by: %user_name%', 0, 10, NULL, '2021-08-21 01:52:26', '2021-08-21 01:52:26'),
(43, 'create_order_from_seeder', 'Order is created from the checkout page', NULL, 11, NULL, '2021-08-13 23:52:26', '2021-08-13 23:52:26'),
(44, 'confirm_order', 'Order was verified by %user_name%', 0, 11, NULL, '2021-08-13 23:52:26', '2021-08-13 23:52:26'),
(45, 'confirm_payment', 'Payment was confirmed (amount $1,173.90) by %user_name%', 0, 11, NULL, '2021-08-21 01:52:26', '2021-08-21 01:52:26'),
(46, 'create_shipment', 'Created shipment for order', 0, 11, NULL, '2021-08-21 01:52:26', '2021-08-21 01:52:26'),
(47, 'create_order_from_seeder', 'Order is created from the checkout page', NULL, 12, NULL, '2021-08-09 17:52:26', '2021-08-09 17:52:26'),
(48, 'confirm_order', 'Order was verified by %user_name%', 0, 12, NULL, '2021-08-09 17:52:26', '2021-08-09 17:52:26'),
(49, 'confirm_payment', 'Payment was confirmed (amount $1,639.90) by %user_name%', 0, 12, NULL, '2021-08-21 01:52:26', '2021-08-21 01:52:26'),
(50, 'create_shipment', 'Created shipment for order', 0, 12, NULL, '2021-08-21 01:52:26', '2021-08-21 01:52:26'),
(51, 'update_status', 'Changed status of shipping to : Delivered . Updated by: %user_name%', 0, 12, NULL, '2021-08-21 01:52:26', '2021-08-21 01:52:26'),
(52, 'create_order_from_seeder', 'Order is created from the checkout page', NULL, 13, NULL, '2021-08-14 09:52:26', '2021-08-14 09:52:26'),
(53, 'confirm_order', 'Order was verified by %user_name%', 0, 13, NULL, '2021-08-14 09:52:26', '2021-08-14 09:52:26'),
(54, 'confirm_payment', 'Payment was confirmed (amount $4,380.30) by %user_name%', 0, 13, NULL, '2021-08-21 01:52:26', '2021-08-21 01:52:26'),
(55, 'create_shipment', 'Created shipment for order', 0, 13, NULL, '2021-08-21 01:52:26', '2021-08-21 01:52:26'),
(56, 'update_status', 'Changed status of shipping to : Delivered . Updated by: %user_name%', 0, 13, NULL, '2021-08-21 01:52:26', '2021-08-21 01:52:26'),
(57, 'create_order_from_seeder', 'Order is created from the checkout page', NULL, 14, NULL, '2021-08-19 17:52:26', '2021-08-19 17:52:26'),
(58, 'confirm_order', 'Order was verified by %user_name%', 0, 14, NULL, '2021-08-19 17:52:26', '2021-08-19 17:52:26'),
(59, 'confirm_payment', 'Payment was confirmed (amount $1,630.60) by %user_name%', 0, 14, NULL, '2021-08-21 01:52:26', '2021-08-21 01:52:26'),
(60, 'create_shipment', 'Created shipment for order', 0, 14, NULL, '2021-08-21 01:52:26', '2021-08-21 01:52:26'),
(61, 'create_order_from_seeder', 'Order is created from the checkout page', NULL, 15, NULL, '2021-08-13 13:52:26', '2021-08-13 13:52:26'),
(62, 'confirm_order', 'Order was verified by %user_name%', 0, 15, NULL, '2021-08-13 13:52:26', '2021-08-13 13:52:26'),
(63, 'confirm_payment', 'Payment was confirmed (amount $1,793.40) by %user_name%', 0, 15, NULL, '2021-08-21 01:52:26', '2021-08-21 01:52:26'),
(64, 'create_shipment', 'Created shipment for order', 0, 15, NULL, '2021-08-21 01:52:26', '2021-08-21 01:52:26'),
(65, 'create_order_from_seeder', 'Order is created from the checkout page', NULL, 16, NULL, '2021-08-17 07:52:26', '2021-08-17 07:52:26'),
(66, 'confirm_order', 'Order was verified by %user_name%', 0, 16, NULL, '2021-08-17 07:52:26', '2021-08-17 07:52:26'),
(67, 'create_shipment', 'Created shipment for order', 0, 16, NULL, '2021-08-21 01:52:26', '2021-08-21 01:52:26'),
(68, 'update_status', 'Changed status of shipping to : Delivered . Updated by: %user_name%', 0, 16, NULL, '2021-08-21 01:52:26', '2021-08-21 01:52:26'),
(69, 'create_order_from_seeder', 'Order is created from the checkout page', NULL, 17, NULL, '2021-08-17 13:52:26', '2021-08-17 13:52:26'),
(70, 'confirm_order', 'Order was verified by %user_name%', 0, 17, NULL, '2021-08-17 13:52:26', '2021-08-17 13:52:26'),
(71, 'confirm_payment', 'Payment was confirmed (amount $614.90) by %user_name%', 0, 17, NULL, '2021-08-21 01:52:26', '2021-08-21 01:52:26'),
(72, 'create_shipment', 'Created shipment for order', 0, 17, NULL, '2021-08-21 01:52:26', '2021-08-21 01:52:26'),
(73, 'update_status', 'Changed status of shipping to : Delivered . Updated by: %user_name%', 0, 17, NULL, '2021-08-21 01:52:26', '2021-08-21 01:52:26'),
(74, 'create_order_from_seeder', 'Order is created from the checkout page', NULL, 18, NULL, '2021-08-14 01:52:26', '2021-08-14 01:52:26'),
(75, 'confirm_order', 'Order was verified by %user_name%', 0, 18, NULL, '2021-08-14 01:52:26', '2021-08-14 01:52:26'),
(76, 'create_shipment', 'Created shipment for order', 0, 18, NULL, '2021-08-21 01:52:26', '2021-08-21 01:52:26'),
(77, 'update_status', 'Changed status of shipping to : Delivered . Updated by: %user_name%', 0, 18, NULL, '2021-08-21 01:52:26', '2021-08-21 01:52:26'),
(78, 'create_order_from_seeder', 'Order is created from the checkout page', NULL, 19, NULL, '2021-08-11 07:52:26', '2021-08-11 07:52:26'),
(79, 'confirm_order', 'Order was verified by %user_name%', 0, 19, NULL, '2021-08-11 07:52:26', '2021-08-11 07:52:26'),
(80, 'confirm_payment', 'Payment was confirmed (amount $248.78) by %user_name%', 0, 19, NULL, '2021-08-21 01:52:26', '2021-08-21 01:52:26'),
(81, 'create_shipment', 'Created shipment for order', 0, 19, NULL, '2021-08-21 01:52:26', '2021-08-21 01:52:26'),
(82, 'create_order_from_seeder', 'Order is created from the checkout page', NULL, 20, NULL, '2021-08-10 05:52:26', '2021-08-10 05:52:26'),
(83, 'confirm_order', 'Order was verified by %user_name%', 0, 20, NULL, '2021-08-10 05:52:26', '2021-08-10 05:52:26'),
(84, 'confirm_payment', 'Payment was confirmed (amount $790.90) by %user_name%', 0, 20, NULL, '2021-08-21 01:52:26', '2021-08-21 01:52:26'),
(85, 'create_shipment', 'Created shipment for order', 0, 20, NULL, '2021-08-21 01:52:26', '2021-08-21 01:52:26'),
(86, 'create_order_from_seeder', 'Order is created from the checkout page', NULL, 21, NULL, '2021-08-11 01:52:26', '2021-08-11 01:52:26'),
(87, 'confirm_order', 'Order was verified by %user_name%', 0, 21, NULL, '2021-08-11 01:52:26', '2021-08-11 01:52:26'),
(88, 'confirm_payment', 'Payment was confirmed (amount $2,647.40) by %user_name%', 0, 21, NULL, '2021-08-21 01:52:26', '2021-08-21 01:52:26'),
(89, 'create_shipment', 'Created shipment for order', 0, 21, NULL, '2021-08-21 01:52:26', '2021-08-21 01:52:26'),
(90, 'create_order_from_seeder', 'Order is created from the checkout page', NULL, 22, NULL, '2021-08-20 01:52:26', '2021-08-20 01:52:26'),
(91, 'confirm_order', 'Order was verified by %user_name%', 0, 22, NULL, '2021-08-20 01:52:26', '2021-08-20 01:52:26'),
(92, 'confirm_payment', 'Payment was confirmed (amount $2,427.60) by %user_name%', 0, 22, NULL, '2021-08-21 01:52:26', '2021-08-21 01:52:26'),
(93, 'create_shipment', 'Created shipment for order', 0, 22, NULL, '2021-08-21 01:52:26', '2021-08-21 01:52:26'),
(94, 'create_order_from_seeder', 'Order is created from the checkout page', NULL, 23, NULL, '2021-08-15 01:52:26', '2021-08-15 01:52:26'),
(95, 'confirm_order', 'Order was verified by %user_name%', 0, 23, NULL, '2021-08-15 01:52:26', '2021-08-15 01:52:26'),
(96, 'confirm_payment', 'Payment was confirmed (amount $790.90) by %user_name%', 0, 23, NULL, '2021-08-21 01:52:26', '2021-08-21 01:52:26'),
(97, 'create_shipment', 'Created shipment for order', 0, 23, NULL, '2021-08-21 01:52:26', '2021-08-21 01:52:26'),
(98, 'update_status', 'Changed status of shipping to : Delivered . Updated by: %user_name%', 0, 23, NULL, '2021-08-21 01:52:26', '2021-08-21 01:52:26'),
(99, 'create_order_from_seeder', 'Order is created from the checkout page', NULL, 24, NULL, '2021-08-14 15:52:26', '2021-08-14 15:52:26'),
(100, 'confirm_order', 'Order was verified by %user_name%', 0, 24, NULL, '2021-08-14 15:52:26', '2021-08-14 15:52:26'),
(101, 'create_shipment', 'Created shipment for order', 0, 24, NULL, '2021-08-21 01:52:26', '2021-08-21 01:52:26'),
(102, 'update_status', 'Changed status of shipping to : Delivered . Updated by: %user_name%', 0, 24, NULL, '2021-08-21 01:52:26', '2021-08-21 01:52:26'),
(103, 'create_order_from_seeder', 'Order is created from the checkout page', NULL, 25, NULL, '2021-08-16 11:52:26', '2021-08-16 11:52:26'),
(104, 'confirm_order', 'Order was verified by %user_name%', 0, 25, NULL, '2021-08-16 11:52:26', '2021-08-16 11:52:26'),
(105, 'confirm_payment', 'Payment was confirmed (amount $1,188.60) by %user_name%', 0, 25, NULL, '2021-08-21 01:52:26', '2021-08-21 01:52:26'),
(106, 'create_shipment', 'Created shipment for order', 0, 25, NULL, '2021-08-21 01:52:26', '2021-08-21 01:52:26'),
(107, 'create_order_from_seeder', 'Order is created from the checkout page', NULL, 26, NULL, '2021-08-13 13:52:26', '2021-08-13 13:52:26'),
(108, 'confirm_order', 'Order was verified by %user_name%', 0, 26, NULL, '2021-08-13 13:52:26', '2021-08-13 13:52:26'),
(109, 'confirm_payment', 'Payment was confirmed (amount $4,216.00) by %user_name%', 0, 26, NULL, '2021-08-21 01:52:26', '2021-08-21 01:52:26'),
(110, 'create_shipment', 'Created shipment for order', 0, 26, NULL, '2021-08-21 01:52:26', '2021-08-21 01:52:26'),
(111, 'create_order_from_seeder', 'Order is created from the checkout page', NULL, 27, NULL, '2021-08-20 05:52:26', '2021-08-20 05:52:26'),
(112, 'confirm_order', 'Order was verified by %user_name%', 0, 27, NULL, '2021-08-20 05:52:26', '2021-08-20 05:52:26'),
(113, 'confirm_payment', 'Payment was confirmed (amount $511.50) by %user_name%', 0, 27, NULL, '2021-08-21 01:52:26', '2021-08-21 01:52:26'),
(114, 'create_shipment', 'Created shipment for order', 0, 27, NULL, '2021-08-21 01:52:26', '2021-08-21 01:52:26'),
(115, 'create_order_from_seeder', 'Order is created from the checkout page', NULL, 28, NULL, '2021-08-19 13:52:26', '2021-08-19 13:52:26'),
(116, 'confirm_order', 'Order was verified by %user_name%', 0, 28, NULL, '2021-08-19 13:52:26', '2021-08-19 13:52:26'),
(117, 'confirm_payment', 'Payment was confirmed (amount $42.00) by %user_name%', 0, 28, NULL, '2021-08-21 01:52:26', '2021-08-21 01:52:26'),
(118, 'create_shipment', 'Created shipment for order', 0, 28, NULL, '2021-08-21 01:52:26', '2021-08-21 01:52:26'),
(119, 'update_status', 'Changed status of shipping to : Delivered . Updated by: %user_name%', 0, 28, NULL, '2021-08-21 01:52:26', '2021-08-21 01:52:26'),
(120, 'create_order_from_seeder', 'Order is created from the checkout page', NULL, 29, NULL, '2021-08-17 07:52:26', '2021-08-17 07:52:26'),
(121, 'confirm_order', 'Order was verified by %user_name%', 0, 29, NULL, '2021-08-17 07:52:26', '2021-08-17 07:52:26'),
(122, 'confirm_payment', 'Payment was confirmed (amount $1,089.90) by %user_name%', 0, 29, NULL, '2021-08-21 01:52:26', '2021-08-21 01:52:26'),
(123, 'create_shipment', 'Created shipment for order', 0, 29, NULL, '2021-08-21 01:52:26', '2021-08-21 01:52:26'),
(124, 'update_status', 'Changed status of shipping to : Delivered . Updated by: %user_name%', 0, 29, NULL, '2021-08-21 01:52:26', '2021-08-21 01:52:26'),
(125, 'create_order_from_seeder', 'Order is created from the checkout page', NULL, 30, NULL, '2021-08-18 19:52:26', '2021-08-18 19:52:26'),
(126, 'confirm_order', 'Order was verified by %user_name%', 0, 30, NULL, '2021-08-18 19:52:26', '2021-08-18 19:52:26'),
(127, 'confirm_payment', 'Payment was confirmed (amount $1,720.50) by %user_name%', 0, 30, NULL, '2021-08-21 01:52:26', '2021-08-21 01:52:26'),
(128, 'create_shipment', 'Created shipment for order', 0, 30, NULL, '2021-08-21 01:52:26', '2021-08-21 01:52:26'),
(129, 'create_order_from_seeder', 'Order is created from the checkout page', NULL, 31, NULL, '2021-08-18 09:52:26', '2021-08-18 09:52:26'),
(130, 'confirm_order', 'Order was verified by %user_name%', 0, 31, NULL, '2021-08-18 09:52:26', '2021-08-18 09:52:26'),
(131, 'create_shipment', 'Created shipment for order', 0, 31, NULL, '2021-08-21 01:52:26', '2021-08-21 01:52:26'),
(132, 'create_order_from_seeder', 'Order is created from the checkout page', NULL, 32, NULL, '2021-08-18 09:52:26', '2021-08-18 09:52:26'),
(133, 'confirm_order', 'Order was verified by %user_name%', 0, 32, NULL, '2021-08-18 09:52:26', '2021-08-18 09:52:26'),
(134, 'confirm_payment', 'Payment was confirmed (amount $2,647.40) by %user_name%', 0, 32, NULL, '2021-08-21 01:52:26', '2021-08-21 01:52:26'),
(135, 'create_shipment', 'Created shipment for order', 0, 32, NULL, '2021-08-21 01:52:26', '2021-08-21 01:52:26'),
(136, 'create_order_from_seeder', 'Order is created from the checkout page', NULL, 33, NULL, '2021-08-16 09:52:26', '2021-08-16 09:52:26'),
(137, 'confirm_order', 'Order was verified by %user_name%', 0, 33, NULL, '2021-08-16 09:52:26', '2021-08-16 09:52:26'),
(138, 'create_shipment', 'Created shipment for order', 0, 33, NULL, '2021-08-21 01:52:26', '2021-08-21 01:52:26'),
(139, 'create_order_from_seeder', 'Order is created from the checkout page', NULL, 34, NULL, '2021-08-17 13:52:26', '2021-08-17 13:52:26'),
(140, 'confirm_order', 'Order was verified by %user_name%', 0, 34, NULL, '2021-08-17 13:52:26', '2021-08-17 13:52:26'),
(141, 'confirm_payment', 'Payment was confirmed (amount $487.30) by %user_name%', 0, 34, NULL, '2021-08-21 01:52:26', '2021-08-21 01:52:26'),
(142, 'create_shipment', 'Created shipment for order', 0, 34, NULL, '2021-08-21 01:52:26', '2021-08-21 01:52:26'),
(143, 'create_order_from_seeder', 'Order is created from the checkout page', NULL, 35, NULL, '2021-08-16 23:52:26', '2021-08-16 23:52:26'),
(144, 'confirm_order', 'Order was verified by %user_name%', 0, 35, NULL, '2021-08-16 23:52:26', '2021-08-16 23:52:26'),
(145, 'confirm_payment', 'Payment was confirmed (amount $633.60) by %user_name%', 0, 35, NULL, '2021-08-21 01:52:26', '2021-08-21 01:52:26'),
(146, 'create_shipment', 'Created shipment for order', 0, 35, NULL, '2021-08-21 01:52:26', '2021-08-21 01:52:26'),
(147, 'create_order_from_seeder', 'Order is created from the checkout page', NULL, 36, NULL, '2021-08-18 03:52:27', '2021-08-18 03:52:27'),
(148, 'confirm_order', 'Order was verified by %user_name%', 0, 36, NULL, '2021-08-18 03:52:27', '2021-08-18 03:52:27'),
(149, 'confirm_payment', 'Payment was confirmed (amount $1,247.40) by %user_name%', 0, 36, NULL, '2021-08-21 01:52:27', '2021-08-21 01:52:27'),
(150, 'create_shipment', 'Created shipment for order', 0, 36, NULL, '2021-08-21 01:52:27', '2021-08-21 01:52:27'),
(151, 'update_status', 'Changed status of shipping to : Delivered . Updated by: %user_name%', 0, 36, NULL, '2021-08-21 01:52:27', '2021-08-21 01:52:27'),
(152, 'create_order_from_seeder', 'Order is created from the checkout page', NULL, 37, NULL, '2021-08-15 05:52:27', '2021-08-15 05:52:27'),
(153, 'confirm_order', 'Order was verified by %user_name%', 0, 37, NULL, '2021-08-15 05:52:27', '2021-08-15 05:52:27'),
(154, 'confirm_payment', 'Payment was confirmed (amount $622.60) by %user_name%', 0, 37, NULL, '2021-08-21 01:52:27', '2021-08-21 01:52:27'),
(155, 'create_shipment', 'Created shipment for order', 0, 37, NULL, '2021-08-21 01:52:27', '2021-08-21 01:52:27'),
(156, 'create_order_from_seeder', 'Order is created from the checkout page', NULL, 38, NULL, '2021-08-18 01:52:27', '2021-08-18 01:52:27'),
(157, 'confirm_order', 'Order was verified by %user_name%', 0, 38, NULL, '2021-08-18 01:52:27', '2021-08-18 01:52:27'),
(158, 'confirm_payment', 'Payment was confirmed (amount $2,293.20) by %user_name%', 0, 38, NULL, '2021-08-21 01:52:27', '2021-08-21 01:52:27'),
(159, 'create_shipment', 'Created shipment for order', 0, 38, NULL, '2021-08-21 01:52:27', '2021-08-21 01:52:27'),
(160, 'create_order_from_seeder', 'Order is created from the checkout page', NULL, 39, NULL, '2021-08-19 13:52:27', '2021-08-19 13:52:27'),
(161, 'confirm_order', 'Order was verified by %user_name%', 0, 39, NULL, '2021-08-19 13:52:27', '2021-08-19 13:52:27'),
(162, 'create_shipment', 'Created shipment for order', 0, 39, NULL, '2021-08-21 01:52:27', '2021-08-21 01:52:27'),
(163, 'update_status', 'Changed status of shipping to : Delivered . Updated by: %user_name%', 0, 39, NULL, '2021-08-21 01:52:27', '2021-08-21 01:52:27'),
(164, 'create_order_from_seeder', 'Order is created from the checkout page', NULL, 40, NULL, '2021-08-19 19:52:27', '2021-08-19 19:52:27'),
(165, 'confirm_order', 'Order was verified by %user_name%', 0, 40, NULL, '2021-08-19 19:52:27', '2021-08-19 19:52:27'),
(166, 'confirm_payment', 'Payment was confirmed (amount $1,592.80) by %user_name%', 0, 40, NULL, '2021-08-21 01:52:27', '2021-08-21 01:52:27'),
(167, 'create_shipment', 'Created shipment for order', 0, 40, NULL, '2021-08-21 01:52:27', '2021-08-21 01:52:27'),
(168, 'create_order_from_seeder', 'Order is created from the checkout page', NULL, 41, NULL, '2021-08-20 01:52:27', '2021-08-20 01:52:27'),
(169, 'confirm_order', 'Order was verified by %user_name%', 0, 41, NULL, '2021-08-20 01:52:27', '2021-08-20 01:52:27'),
(170, 'create_shipment', 'Created shipment for order', 0, 41, NULL, '2021-08-21 01:52:27', '2021-08-21 01:52:27'),
(171, 'update_status', 'Changed status of shipping to : Delivered . Updated by: %user_name%', 0, 41, NULL, '2021-08-21 01:52:27', '2021-08-21 01:52:27'),
(172, 'create_order_from_seeder', 'Order is created from the checkout page', NULL, 42, NULL, '2021-08-19 17:52:27', '2021-08-19 17:52:27'),
(173, 'confirm_order', 'Order was verified by %user_name%', 0, 42, NULL, '2021-08-19 17:52:27', '2021-08-19 17:52:27'),
(174, 'confirm_payment', 'Payment was confirmed (amount $1,327.70) by %user_name%', 0, 42, NULL, '2021-08-21 01:52:27', '2021-08-21 01:52:27'),
(175, 'create_shipment', 'Created shipment for order', 0, 42, NULL, '2021-08-21 01:52:27', '2021-08-21 01:52:27'),
(176, 'update_status', 'Changed status of shipping to : Delivered . Updated by: %user_name%', 0, 42, NULL, '2021-08-21 01:52:27', '2021-08-21 01:52:27'),
(177, 'create_order_from_seeder', 'Order is created from the checkout page', NULL, 43, NULL, '2021-08-19 07:52:27', '2021-08-19 07:52:27'),
(178, 'confirm_order', 'Order was verified by %user_name%', 0, 43, NULL, '2021-08-19 07:52:27', '2021-08-19 07:52:27'),
(179, 'confirm_payment', 'Payment was confirmed (amount $248.78) by %user_name%', 0, 43, NULL, '2021-08-21 01:52:27', '2021-08-21 01:52:27'),
(180, 'create_shipment', 'Created shipment for order', 0, 43, NULL, '2021-08-21 01:52:27', '2021-08-21 01:52:27'),
(181, 'create_order_from_seeder', 'Order is created from the checkout page', NULL, 44, NULL, '2021-08-20 19:52:27', '2021-08-20 19:52:27'),
(182, 'confirm_order', 'Order was verified by %user_name%', 0, 44, NULL, '2021-08-20 19:52:27', '2021-08-20 19:52:27'),
(183, 'confirm_payment', 'Payment was confirmed (amount $3,730.50) by %user_name%', 0, 44, NULL, '2021-08-21 01:52:27', '2021-08-21 01:52:27'),
(184, 'create_shipment', 'Created shipment for order', 0, 44, NULL, '2021-08-21 01:52:27', '2021-08-21 01:52:27'),
(185, 'create_order_from_seeder', 'Order is created from the checkout page', NULL, 45, NULL, '2021-08-19 13:52:27', '2021-08-19 13:52:27'),
(186, 'confirm_order', 'Order was verified by %user_name%', 0, 45, NULL, '2021-08-19 13:52:27', '2021-08-19 13:52:27'),
(187, 'create_shipment', 'Created shipment for order', 0, 45, NULL, '2021-08-21 01:52:27', '2021-08-21 01:52:27'),
(188, 'create_order_from_seeder', 'Order is created from the checkout page', NULL, 46, NULL, '2021-08-20 13:52:27', '2021-08-20 13:52:27'),
(189, 'confirm_order', 'Order was verified by %user_name%', 0, 46, NULL, '2021-08-20 13:52:27', '2021-08-20 13:52:27'),
(190, 'create_shipment', 'Created shipment for order', 0, 46, NULL, '2021-08-21 01:52:27', '2021-08-21 01:52:27'),
(191, 'update_status', 'Changed status of shipping to : Delivered . Updated by: %user_name%', 0, 46, NULL, '2021-08-21 01:52:27', '2021-08-21 01:52:27'),
(192, 'create_order_from_seeder', 'Order is created from the checkout page', NULL, 47, NULL, '2021-08-20 15:52:27', '2021-08-20 15:52:27'),
(193, 'confirm_order', 'Order was verified by %user_name%', 0, 47, NULL, '2021-08-20 15:52:27', '2021-08-20 15:52:27'),
(194, 'confirm_payment', 'Payment was confirmed (amount $1,247.40) by %user_name%', 0, 47, NULL, '2021-08-21 01:52:27', '2021-08-21 01:52:27'),
(195, 'create_shipment', 'Created shipment for order', 0, 47, NULL, '2021-08-21 01:52:27', '2021-08-21 01:52:27'),
(196, 'create_order_from_seeder', 'Order is created from the checkout page', NULL, 48, NULL, '2021-08-20 17:52:27', '2021-08-20 17:52:27'),
(197, 'confirm_order', 'Order was verified by %user_name%', 0, 48, NULL, '2021-08-20 17:52:27', '2021-08-20 17:52:27'),
(198, 'confirm_payment', 'Payment was confirmed (amount $1,188.60) by %user_name%', 0, 48, NULL, '2021-08-21 01:52:27', '2021-08-21 01:52:27'),
(199, 'create_shipment', 'Created shipment for order', 0, 48, NULL, '2021-08-21 01:52:27', '2021-08-21 01:52:27'),
(200, 'update_status', 'Changed status of shipping to : Delivered . Updated by: %user_name%', 0, 48, NULL, '2021-08-21 01:52:27', '2021-08-21 01:52:27'),
(201, 'create_order_from_seeder', 'Order is created from the checkout page', NULL, 49, NULL, '2021-08-20 13:52:27', '2021-08-20 13:52:27'),
(202, 'confirm_order', 'Order was verified by %user_name%', 0, 49, NULL, '2021-08-20 13:52:27', '2021-08-20 13:52:27'),
(203, 'confirm_payment', 'Payment was confirmed (amount $3,741.70) by %user_name%', 0, 49, NULL, '2021-08-21 01:52:27', '2021-08-21 01:52:27'),
(204, 'create_shipment', 'Created shipment for order', 0, 49, NULL, '2021-08-21 01:52:27', '2021-08-21 01:52:27'),
(205, 'update_status', 'Changed status of shipping to : Delivered . Updated by: %user_name%', 0, 49, NULL, '2021-08-21 01:52:27', '2021-08-21 01:52:27'),
(206, 'create_order_from_seeder', 'Order is created from the checkout page', NULL, 50, NULL, '2021-08-20 15:52:27', '2021-08-20 15:52:27'),
(207, 'confirm_order', 'Order was verified by %user_name%', 0, 50, NULL, '2021-08-20 15:52:27', '2021-08-20 15:52:27'),
(208, 'create_shipment', 'Created shipment for order', 0, 50, NULL, '2021-08-21 01:52:27', '2021-08-21 01:52:27'),
(209, 'update_status', 'Changed status of shipping to : Delivered . Updated by: %user_name%', 0, 50, NULL, '2021-08-21 01:52:27', '2021-08-21 01:52:27'),
(210, 'update_status', 'Order confirmed by %user_name%', 0, 3, NULL, '2021-08-21 01:52:27', '2021-08-21 01:52:27'),
(211, 'update_status', 'Order confirmed by %user_name%', 0, 7, NULL, '2021-08-21 01:52:27', '2021-08-21 01:52:27'),
(212, 'update_status', 'Order confirmed by %user_name%', 0, 10, NULL, '2021-08-21 01:52:28', '2021-08-21 01:52:28'),
(213, 'update_status', 'Order confirmed by %user_name%', 0, 12, NULL, '2021-08-21 01:52:29', '2021-08-21 01:52:29'),
(214, 'update_status', 'Order confirmed by %user_name%', 0, 13, NULL, '2021-08-21 01:52:29', '2021-08-21 01:52:29'),
(215, 'update_status', 'Order confirmed by %user_name%', 0, 17, NULL, '2021-08-21 01:52:30', '2021-08-21 01:52:30'),
(216, 'update_status', 'Order confirmed by %user_name%', 0, 23, NULL, '2021-08-21 01:52:30', '2021-08-21 01:52:30'),
(217, 'update_status', 'Order confirmed by %user_name%', 0, 28, NULL, '2021-08-21 01:52:31', '2021-08-21 01:52:31'),
(218, 'update_status', 'Order confirmed by %user_name%', 0, 29, NULL, '2021-08-21 01:52:32', '2021-08-21 01:52:32'),
(219, 'update_status', 'Order confirmed by %user_name%', 0, 36, NULL, '2021-08-21 01:52:32', '2021-08-21 01:52:32'),
(220, 'update_status', 'Order confirmed by %user_name%', 0, 42, NULL, '2021-08-21 01:52:33', '2021-08-21 01:52:33'),
(221, 'update_status', 'Order confirmed by %user_name%', 0, 48, NULL, '2021-08-21 01:52:33', '2021-08-21 01:52:33'),
(222, 'update_status', 'Order confirmed by %user_name%', 0, 49, NULL, '2021-08-21 01:52:34', '2021-08-21 01:52:34');

-- --------------------------------------------------------

--
-- Table structure for table `ec_order_product`
--

CREATE TABLE `ec_order_product` (
  `id` bigint(20) UNSIGNED NOT NULL,
  `order_id` int(10) UNSIGNED NOT NULL,
  `qty` int(11) NOT NULL,
  `price` decimal(15,2) NOT NULL,
  `tax_amount` decimal(15,2) NOT NULL,
  `options` text COLLATE utf8mb4_unicode_ci DEFAULT NULL,
  `product_id` int(10) UNSIGNED DEFAULT NULL,
  `product_name` varchar(191) COLLATE utf8mb4_unicode_ci NOT NULL,
  `weight` double(8,2) DEFAULT 0.00,
  `restock_quantity` int(10) UNSIGNED DEFAULT 0,
  `created_at` timestamp NULL DEFAULT NULL,
  `updated_at` timestamp NULL DEFAULT NULL
) ENGINE=InnoDB DEFAULT CHARSET=utf8mb4 COLLATE=utf8mb4_unicode_ci;

--
-- Dumping data for table `ec_order_product`
--

INSERT INTO `ec_order_product` (`id`, `order_id`, `qty`, `price`, `tax_amount`, `options`, `product_id`, `product_name`, `weight`, `restock_quantity`, `created_at`, `updated_at`) VALUES
(1, 1, 3, '566.00', '56.60', '[]', 69, 'Samsung Gear VR Virtual Reality Headset', 2316.00, 0, '2021-08-21 01:52:26', '2021-08-21 01:52:26'),
(2, 2, 3, '801.00', '80.10', '[]', 82, 'MVMTH Classical Leather Watch In Black', 1563.00, 0, '2021-08-21 01:52:26', '2021-08-21 01:52:26'),
(3, 3, 3, '80.25', '8.03', '[]', 28, 'Dual Camera 20MP', 2679.00, 0, '2021-08-21 01:52:26', '2021-08-21 01:52:26'),
(4, 4, 2, '854.00', '85.40', '[]', 39, 'Smart Watch External', 1586.00, 0, '2021-08-21 01:52:26', '2021-08-21 01:52:26'),
(5, 4, 2, '559.00', '55.90', '[]', 60, 'B&O Play Mini Bluetooth Speaker', 1404.00, 0, '2021-08-21 01:52:26', '2021-08-21 01:52:26'),
(6, 5, 1, '526.00', '52.60', '[]', 68, 'Apple MacBook Air Retina 12-Inch Laptop', 603.00, 0, '2021-08-21 01:52:26', '2021-08-21 01:52:26'),
(7, 6, 2, '519.00', '51.90', '[]', 34, 'Red & Black Headphone', 1616.00, 0, '2021-08-21 01:52:26', '2021-08-21 01:52:26'),
(8, 6, 3, '526.00', '52.60', '[]', 67, 'Apple MacBook Air Retina 12-Inch Laptop', 1809.00, 0, '2021-08-21 01:52:26', '2021-08-21 01:52:26'),
(9, 7, 1, '566.00', '56.60', '[]', 69, 'Samsung Gear VR Virtual Reality Headset', 772.00, 0, '2021-08-21 01:52:26', '2021-08-21 01:52:26'),
(10, 8, 3, '801.00', '80.10', '[]', 82, 'MVMTH Classical Leather Watch In Black', 1563.00, 0, '2021-08-21 01:52:26', '2021-08-21 01:52:26'),
(11, 9, 3, '519.00', '51.90', '[]', 34, 'Red & Black Headphone', 2424.00, 0, '2021-08-21 01:52:26', '2021-08-21 01:52:26'),
(12, 10, 3, '1275.00', '127.50', '[]', 56, 'Xbox One Wireless Controller Black Color', 2226.00, 0, '2021-08-21 01:52:26', '2021-08-21 01:52:26'),
(13, 11, 2, '559.00', '55.90', '[]', 62, 'B&O Play Mini Bluetooth Speaker', 1404.00, 0, '2021-08-21 01:52:26', '2021-08-21 01:52:26'),
(14, 12, 3, '529.00', '52.90', '[]', 63, 'Apple MacBook Air Retina 13.3-Inch Laptop', 2367.00, 0, '2021-08-21 01:52:26', '2021-08-21 01:52:26'),
(15, 13, 3, '854.00', '85.40', '[]', 38, 'Smart Watch External', 2379.00, 0, '2021-08-21 01:52:26', '2021-08-21 01:52:26'),
(16, 13, 3, '559.00', '55.90', '[]', 60, 'B&O Play Mini Bluetooth Speaker', 2106.00, 0, '2021-08-21 01:52:26', '2021-08-21 01:52:26'),
(17, 14, 3, '526.00', '52.60', '[]', 68, 'Apple MacBook Air Retina 12-Inch Laptop', 1809.00, 0, '2021-08-21 01:52:26', '2021-08-21 01:52:26'),
(18, 15, 2, '854.00', '85.40', '[]', 38, 'Smart Watch External', 1586.00, 0, '2021-08-21 01:52:26', '2021-08-21 01:52:26'),
(19, 16, 2, '1275.00', '127.50', '[]', 56, 'Xbox One Wireless Controller Black Color', 1484.00, 0, '2021-08-21 01:52:26', '2021-08-21 01:52:26'),
(20, 17, 1, '559.00', '55.90', '[]', 62, 'B&O Play Mini Bluetooth Speaker', 702.00, 0, '2021-08-21 01:52:26', '2021-08-21 01:52:26'),
(21, 18, 3, '1207.00', '120.70', '[]', 73, 'Aveeno Moisturizing Body Shower 450ml', 1602.00, 0, '2021-08-21 01:52:26', '2021-08-21 01:52:26'),
(22, 19, 3, '80.25', '8.03', '[]', 26, 'Dual Camera 20MP', 2679.00, 0, '2021-08-21 01:52:26', '2021-08-21 01:52:26'),
(23, 20, 1, '719.00', '71.90', '[]', 77, 'NYX Beauty Couton Pallete Makeup 12', 663.00, 0, '2021-08-21 01:52:26', '2021-08-21 01:52:26'),
(24, 21, 3, '854.00', '85.40', '[]', 39, 'Smart Watch External', 2379.00, 0, '2021-08-21 01:52:26', '2021-08-21 01:52:26'),
(25, 22, 2, '590.00', '59.00', '[]', 50, 'Samsung Smart Phone', 1436.00, 0, '2021-08-21 01:52:26', '2021-08-21 01:52:26'),
(26, 22, 2, '566.00', '56.60', '[]', 70, 'Samsung Gear VR Virtual Reality Headset', 1544.00, 0, '2021-08-21 01:52:26', '2021-08-21 01:52:26'),
(27, 23, 1, '719.00', '71.90', '[]', 76, 'NYX Beauty Couton Pallete Makeup 12', 663.00, 0, '2021-08-21 01:52:26', '2021-08-21 01:52:26'),
(28, 24, 1, '40.50', '4.05', '[]', 29, 'Smart Watches', 847.00, 0, '2021-08-21 01:52:26', '2021-08-21 01:52:26'),
(29, 25, 2, '566.00', '56.60', '[]', 69, 'Samsung Gear VR Virtual Reality Headset', 1544.00, 0, '2021-08-21 01:52:26', '2021-08-21 01:52:26'),
(30, 26, 3, '559.00', '55.90', '[]', 60, 'B&O Play Mini Bluetooth Speaker', 2106.00, 0, '2021-08-21 01:52:26', '2021-08-21 01:52:26'),
(31, 26, 3, '801.00', '80.10', '[]', 80, 'MVMTH Classical Leather Watch In Black', 1563.00, 0, '2021-08-21 01:52:26', '2021-08-21 01:52:26'),
(32, 27, 1, '465.00', '46.50', '[]', 83, 'Baxter Care Hair Kit For Bearded Mens', 533.00, 0, '2021-08-21 01:52:26', '2021-08-21 01:52:26'),
(33, 28, 2, '20.00', '2.00', '[]', 32, 'Beat Headphone', 1066.00, 0, '2021-08-21 01:52:26', '2021-08-21 01:52:26'),
(34, 29, 2, '519.00', '51.90', '[]', 34, 'Red & Black Headphone', 1616.00, 0, '2021-08-21 01:52:26', '2021-08-21 01:52:26'),
(35, 30, 3, '555.00', '55.50', '[]', 44, 'Audio Equipment', 2355.00, 0, '2021-08-21 01:52:26', '2021-08-21 01:52:26'),
(36, 31, 2, '40.50', '4.05', '[]', 29, 'Smart Watches', 1694.00, 0, '2021-08-21 01:52:26', '2021-08-21 01:52:26'),
(37, 31, 2, '40.50', '4.05', '[]', 30, 'Smart Watches', 1694.00, 0, '2021-08-21 01:52:26', '2021-08-21 01:52:26'),
(38, 32, 3, '854.00', '85.40', '[]', 38, 'Smart Watch External', 2379.00, 0, '2021-08-21 01:52:26', '2021-08-21 01:52:26'),
(39, 33, 1, '590.00', '59.00', '[]', 49, 'Samsung Smart Phone', 718.00, 0, '2021-08-21 01:52:26', '2021-08-21 01:52:26'),
(40, 34, 1, '443.00', '44.30', '[]', 42, 'Nikon HD camera', 567.00, 0, '2021-08-21 01:52:26', '2021-08-21 01:52:26'),
(41, 35, 1, '576.00', '57.60', '[]', 57, 'EPSION Plaster Printer', 590.00, 0, '2021-08-21 01:52:26', '2021-08-21 01:52:26'),
(42, 36, 2, '594.00', '59.40', '[]', 59, 'Sound Intone I65 Earphone White Version', 1044.00, 0, '2021-08-21 01:52:27', '2021-08-21 01:52:27'),
(43, 37, 1, '566.00', '56.60', '[]', 71, 'Samsung Gear VR Virtual Reality Headset', 772.00, 0, '2021-08-21 01:52:27', '2021-08-21 01:52:27'),
(44, 38, 2, '443.00', '44.30', '[]', 42, 'Nikon HD camera', 1134.00, 0, '2021-08-21 01:52:27', '2021-08-21 01:52:27'),
(45, 38, 1, '1239.00', '123.90', '[]', 85, 'Ciate Palemore Lipstick Bold Red Color', 567.00, 0, '2021-08-21 01:52:27', '2021-08-21 01:52:27'),
(46, 39, 2, '566.00', '56.60', '[]', 69, 'Samsung Gear VR Virtual Reality Headset', 1544.00, 0, '2021-08-21 01:52:27', '2021-08-21 01:52:27'),
(47, 40, 1, '854.00', '85.40', '[]', 39, 'Smart Watch External', 793.00, 0, '2021-08-21 01:52:27', '2021-08-21 01:52:27'),
(48, 40, 1, '594.00', '59.40', '[]', 58, 'Sound Intone I65 Earphone White Version', 522.00, 0, '2021-08-21 01:52:27', '2021-08-21 01:52:27'),
(49, 41, 2, '854.00', '85.40', '[]', 38, 'Smart Watch External', 1586.00, 0, '2021-08-21 01:52:27', '2021-08-21 01:52:27'),
(50, 42, 1, '1207.00', '120.70', '[]', 73, 'Aveeno Moisturizing Body Shower 450ml', 534.00, 0, '2021-08-21 01:52:27', '2021-08-21 01:52:27'),
(51, 43, 3, '80.25', '8.03', '[]', 26, 'Dual Camera 20MP', 2679.00, 0, '2021-08-21 01:52:27', '2021-08-21 01:52:27'),
(52, 44, 2, '594.00', '59.40', '[]', 59, 'Sound Intone I65 Earphone White Version', 1044.00, 0, '2021-08-21 01:52:27', '2021-08-21 01:52:27'),
(53, 44, 3, '801.00', '80.10', '[]', 82, 'MVMTH Classical Leather Watch In Black', 1563.00, 0, '2021-08-21 01:52:27', '2021-08-21 01:52:27'),
(54, 45, 2, '80.25', '8.03', '[]', 26, 'Dual Camera 20MP', 1786.00, 0, '2021-08-21 01:52:27', '2021-08-21 01:52:27'),
(55, 46, 2, '1275.00', '127.50', '[]', 56, 'Xbox One Wireless Controller Black Color', 1484.00, 0, '2021-08-21 01:52:27', '2021-08-21 01:52:27'),
(56, 47, 2, '594.00', '59.40', '[]', 59, 'Sound Intone I65 Earphone White Version', 1044.00, 0, '2021-08-21 01:52:27', '2021-08-21 01:52:27'),
(57, 48, 2, '566.00', '56.60', '[]', 70, 'Samsung Gear VR Virtual Reality Headset', 1544.00, 0, '2021-08-21 01:52:27', '2021-08-21 01:52:27'),
(58, 49, 3, '1207.00', '120.70', '[]', 72, 'Aveeno Moisturizing Body Shower 450ml', 1602.00, 0, '2021-08-21 01:52:27', '2021-08-21 01:52:27'),
(59, 50, 2, '719.00', '71.90', '[]', 78, 'NYX Beauty Couton Pallete Makeup 12', 1326.00, 0, '2021-08-21 01:52:27', '2021-08-21 01:52:27');

-- --------------------------------------------------------

--
-- Table structure for table `ec_products`
--

CREATE TABLE `ec_products` (
  `id` bigint(20) UNSIGNED NOT NULL,
  `name` varchar(191) COLLATE utf8mb4_unicode_ci NOT NULL,
  `description` text COLLATE utf8mb4_unicode_ci DEFAULT NULL,
  `content` longtext COLLATE utf8mb4_unicode_ci DEFAULT NULL,
  `status` varchar(60) COLLATE utf8mb4_unicode_ci NOT NULL DEFAULT 'published',
  `images` text COLLATE utf8mb4_unicode_ci DEFAULT NULL,
  `sku` varchar(191) COLLATE utf8mb4_unicode_ci DEFAULT NULL,
  `order` int(10) UNSIGNED NOT NULL DEFAULT 0,
  `quantity` int(10) UNSIGNED DEFAULT NULL,
  `allow_checkout_when_out_of_stock` tinyint(3) UNSIGNED NOT NULL DEFAULT 0,
  `with_storehouse_management` tinyint(3) UNSIGNED NOT NULL DEFAULT 0,
  `is_featured` tinyint(3) UNSIGNED NOT NULL DEFAULT 0,
  `options` text COLLATE utf8mb4_unicode_ci DEFAULT NULL,
  `category_id` int(10) UNSIGNED DEFAULT NULL,
  `brand_id` int(10) UNSIGNED DEFAULT NULL,
  `is_variation` tinyint(4) NOT NULL DEFAULT 0,
  `is_searchable` tinyint(4) NOT NULL DEFAULT 0,
  `is_show_on_list` tinyint(4) NOT NULL DEFAULT 0,
  `sale_type` tinyint(4) NOT NULL DEFAULT 0,
  `price` double UNSIGNED DEFAULT NULL,
  `sale_price` double UNSIGNED DEFAULT NULL,
  `start_date` timestamp NULL DEFAULT NULL,
  `end_date` timestamp NULL DEFAULT NULL,
  `length` double(8,2) DEFAULT NULL,
  `wide` double(8,2) DEFAULT NULL,
  `height` double(8,2) DEFAULT NULL,
  `weight` double(8,2) DEFAULT NULL,
  `barcode` varchar(191) COLLATE utf8mb4_unicode_ci DEFAULT NULL,
  `length_unit` varchar(20) COLLATE utf8mb4_unicode_ci DEFAULT NULL,
  `wide_unit` varchar(20) COLLATE utf8mb4_unicode_ci DEFAULT NULL,
  `height_unit` varchar(20) COLLATE utf8mb4_unicode_ci DEFAULT NULL,
  `weight_unit` varchar(20) COLLATE utf8mb4_unicode_ci DEFAULT NULL,
  `created_at` timestamp NULL DEFAULT NULL,
  `updated_at` timestamp NULL DEFAULT NULL,
  `tax_id` int(10) UNSIGNED DEFAULT NULL,
  `views` bigint(20) NOT NULL DEFAULT 0,
  `stock_status` varchar(191) COLLATE utf8mb4_unicode_ci DEFAULT 'in_stock',
  `store_id` int(10) UNSIGNED DEFAULT NULL
) ENGINE=InnoDB DEFAULT CHARSET=utf8mb4 COLLATE=utf8mb4_unicode_ci;

--
-- Dumping data for table `ec_products`
--

INSERT INTO `ec_products` (`id`, `name`, `description`, `content`, `status`, `images`, `sku`, `order`, `quantity`, `allow_checkout_when_out_of_stock`, `with_storehouse_management`, `is_featured`, `options`, `category_id`, `brand_id`, `is_variation`, `is_searchable`, `is_show_on_list`, `sale_type`, `price`, `sale_price`, `start_date`, `end_date`, `length`, `wide`, `height`, `weight`, `barcode`, `length_unit`, `wide_unit`, `height_unit`, `weight_unit`, `created_at`, `updated_at`, `tax_id`, `views`, `stock_status`, `store_id`) VALUES
(1, 'Dual Camera 20MP', '<ul><li> Unrestrained and portable active stereo speaker</li>\n            <li> Free from the confines of wires and chords</li>\n            <li> 20 hours of portable capabilities</li>\n            <li> Double-ended Coil Cord with 3.5mm Stereo Plugs Included</li>\n            <li> 3/4″ Dome Tweeters: 2X and 4″ Woofer: 1X</li></ul>', '<p>Short Hooded Coat features a straight body, large pockets with button flaps, ventilation air holes, and a string detail along the hemline. The style is completed with a drawstring hood, featuring Rains&rsquo; signature built-in cap. Made from waterproof, matte PU, this lightweight unisex rain jacket is an ode to nostalgia through its classic silhouette and utilitarian design details.</p>\n                                <p>- Casual unisex fit</p>\n\n                                <p>- 64% polyester, 36% polyurethane</p>\n\n                                <p>- Water column pressure: 4000 mm</p>\n\n                                <p>- Model is 187cm tall and wearing a size S / M</p>\n\n                                <p>- Unisex fit</p>\n\n                                <p>- Drawstring hood with built-in cap</p>\n\n                                <p>- Front placket with snap buttons</p>\n\n                                <p>- Ventilation under armpit</p>\n\n                                <p>- Adjustable cuffs</p>\n\n                                <p>- Double welted front pockets</p>\n\n                                <p>- Adjustable elastic string at hempen</p>\n\n                                <p>- Ultrasonically welded seams</p>\n\n                                <p>This is a unisex item, please check our clothing &amp; footwear sizing guide for specific Rains jacket sizing information. RAINS comes from the rainy nation of Denmark at the edge of the European continent, close to the ocean and with prevailing westerly winds; all factors that contribute to an average of 121 rain days each year. Arising from these rainy weather conditions comes the attitude that a quick rain shower may be beautiful, as well as moody- but first and foremost requires the right outfit. Rains focus on the whole experience of going outside on rainy days, issuing an invitation to explore even in the most mercurial weather.</p>', 'published', '[\"products\\/1.jpg\"]', 'SW-148-A0', 0, 12, 0, 1, 1, NULL, NULL, 4, 0, 0, 0, 0, 80.25, NULL, NULL, NULL, 16.00, 13.00, 11.00, 893.00, NULL, NULL, NULL, NULL, NULL, '2021-08-21 01:52:11', '2021-08-21 01:52:25', 1, 81779, 'in_stock', 1),
(2, 'Smart Watches', '<ul><li> Unrestrained and portable active stereo speaker</li>\n            <li> Free from the confines of wires and chords</li>\n            <li> 20 hours of portable capabilities</li>\n            <li> Double-ended Coil Cord with 3.5mm Stereo Plugs Included</li>\n            <li> 3/4″ Dome Tweeters: 2X and 4″ Woofer: 1X</li></ul>', '<p>Short Hooded Coat features a straight body, large pockets with button flaps, ventilation air holes, and a string detail along the hemline. The style is completed with a drawstring hood, featuring Rains&rsquo; signature built-in cap. Made from waterproof, matte PU, this lightweight unisex rain jacket is an ode to nostalgia through its classic silhouette and utilitarian design details.</p>\n                                <p>- Casual unisex fit</p>\n\n                                <p>- 64% polyester, 36% polyurethane</p>\n\n                                <p>- Water column pressure: 4000 mm</p>\n\n                                <p>- Model is 187cm tall and wearing a size S / M</p>\n\n                                <p>- Unisex fit</p>\n\n                                <p>- Drawstring hood with built-in cap</p>\n\n                                <p>- Front placket with snap buttons</p>\n\n                                <p>- Ventilation under armpit</p>\n\n                                <p>- Adjustable cuffs</p>\n\n                                <p>- Double welted front pockets</p>\n\n                                <p>- Adjustable elastic string at hempen</p>\n\n                                <p>- Ultrasonically welded seams</p>\n\n                                <p>This is a unisex item, please check our clothing &amp; footwear sizing guide for specific Rains jacket sizing information. RAINS comes from the rainy nation of Denmark at the edge of the European continent, close to the ocean and with prevailing westerly winds; all factors that contribute to an average of 121 rain days each year. Arising from these rainy weather conditions comes the attitude that a quick rain shower may be beautiful, as well as moody- but first and foremost requires the right outfit. Rains focus on the whole experience of going outside on rainy days, issuing an invitation to explore even in the most mercurial weather.</p>', 'published', '[\"products\\/2.jpg\",\"products\\/2-1.jpg\",\"products\\/2-2.jpg\",\"products\\/2-3.jpg\"]', 'SW-164-A0', 0, 14, 0, 1, 1, NULL, NULL, 5, 0, 0, 0, 0, 40.5, NULL, NULL, NULL, 16.00, 11.00, 13.00, 847.00, NULL, NULL, NULL, NULL, NULL, '2021-08-21 01:52:11', '2021-08-21 01:52:25', 1, 195341, 'in_stock', 1),
(3, 'Beat Headphone', '<ul><li> Unrestrained and portable active stereo speaker</li>\n            <li> Free from the confines of wires and chords</li>\n            <li> 20 hours of portable capabilities</li>\n            <li> Double-ended Coil Cord with 3.5mm Stereo Plugs Included</li>\n            <li> 3/4″ Dome Tweeters: 2X and 4″ Woofer: 1X</li></ul>', '<p>Short Hooded Coat features a straight body, large pockets with button flaps, ventilation air holes, and a string detail along the hemline. The style is completed with a drawstring hood, featuring Rains&rsquo; signature built-in cap. Made from waterproof, matte PU, this lightweight unisex rain jacket is an ode to nostalgia through its classic silhouette and utilitarian design details.</p>\n                                <p>- Casual unisex fit</p>\n\n                                <p>- 64% polyester, 36% polyurethane</p>\n\n                                <p>- Water column pressure: 4000 mm</p>\n\n                                <p>- Model is 187cm tall and wearing a size S / M</p>\n\n                                <p>- Unisex fit</p>\n\n                                <p>- Drawstring hood with built-in cap</p>\n\n                                <p>- Front placket with snap buttons</p>\n\n                                <p>- Ventilation under armpit</p>\n\n                                <p>- Adjustable cuffs</p>\n\n                                <p>- Double welted front pockets</p>\n\n                                <p>- Adjustable elastic string at hempen</p>\n\n                                <p>- Ultrasonically welded seams</p>\n\n                                <p>This is a unisex item, please check our clothing &amp; footwear sizing guide for specific Rains jacket sizing information. RAINS comes from the rainy nation of Denmark at the edge of the European continent, close to the ocean and with prevailing westerly winds; all factors that contribute to an average of 121 rain days each year. Arising from these rainy weather conditions comes the attitude that a quick rain shower may be beautiful, as well as moody- but first and foremost requires the right outfit. Rains focus on the whole experience of going outside on rainy days, issuing an invitation to explore even in the most mercurial weather.</p>', 'published', '[\"products\\/3.jpg\"]', 'SW-110-A0', 0, 19, 0, 1, 1, NULL, NULL, 7, 0, 0, 0, 0, 20, NULL, NULL, NULL, 16.00, 15.00, 15.00, 533.00, NULL, NULL, NULL, NULL, NULL, '2021-08-21 01:52:11', '2021-08-21 01:52:25', 1, 113073, 'in_stock', 1),
(4, 'Red & Black Headphone', '<ul><li> Unrestrained and portable active stereo speaker</li>\n            <li> Free from the confines of wires and chords</li>\n            <li> 20 hours of portable capabilities</li>\n            <li> Double-ended Coil Cord with 3.5mm Stereo Plugs Included</li>\n            <li> 3/4″ Dome Tweeters: 2X and 4″ Woofer: 1X</li></ul>', '<p>Short Hooded Coat features a straight body, large pockets with button flaps, ventilation air holes, and a string detail along the hemline. The style is completed with a drawstring hood, featuring Rains&rsquo; signature built-in cap. Made from waterproof, matte PU, this lightweight unisex rain jacket is an ode to nostalgia through its classic silhouette and utilitarian design details.</p>\n                                <p>- Casual unisex fit</p>\n\n                                <p>- 64% polyester, 36% polyurethane</p>\n\n                                <p>- Water column pressure: 4000 mm</p>\n\n                                <p>- Model is 187cm tall and wearing a size S / M</p>\n\n                                <p>- Unisex fit</p>\n\n                                <p>- Drawstring hood with built-in cap</p>\n\n                                <p>- Front placket with snap buttons</p>\n\n                                <p>- Ventilation under armpit</p>\n\n                                <p>- Adjustable cuffs</p>\n\n                                <p>- Double welted front pockets</p>\n\n                                <p>- Adjustable elastic string at hempen</p>\n\n                                <p>- Ultrasonically welded seams</p>\n\n                                <p>This is a unisex item, please check our clothing &amp; footwear sizing guide for specific Rains jacket sizing information. RAINS comes from the rainy nation of Denmark at the edge of the European continent, close to the ocean and with prevailing westerly winds; all factors that contribute to an average of 121 rain days each year. Arising from these rainy weather conditions comes the attitude that a quick rain shower may be beautiful, as well as moody- but first and foremost requires the right outfit. Rains focus on the whole experience of going outside on rainy days, issuing an invitation to explore even in the most mercurial weather.</p>', 'published', '[\"products\\/4.jpg\",\"products\\/4-1.jpg\",\"products\\/4-2.jpg\",\"products\\/4-3.jpg\"]', 'SW-113-A0', 0, 17, 0, 1, 1, NULL, NULL, 2, 0, 0, 0, 0, 519, 373.68, NULL, NULL, 10.00, 15.00, 19.00, 808.00, NULL, NULL, NULL, NULL, NULL, '2021-08-21 01:52:11', '2021-08-21 01:52:25', 1, 5817, 'in_stock', 4),
(5, 'Smart Watch External', '<ul><li> Unrestrained and portable active stereo speaker</li>\n            <li> Free from the confines of wires and chords</li>\n            <li> 20 hours of portable capabilities</li>\n            <li> Double-ended Coil Cord with 3.5mm Stereo Plugs Included</li>\n            <li> 3/4″ Dome Tweeters: 2X and 4″ Woofer: 1X</li></ul>', '<p>Short Hooded Coat features a straight body, large pockets with button flaps, ventilation air holes, and a string detail along the hemline. The style is completed with a drawstring hood, featuring Rains&rsquo; signature built-in cap. Made from waterproof, matte PU, this lightweight unisex rain jacket is an ode to nostalgia through its classic silhouette and utilitarian design details.</p>\n                                <p>- Casual unisex fit</p>\n\n                                <p>- 64% polyester, 36% polyurethane</p>\n\n                                <p>- Water column pressure: 4000 mm</p>\n\n                                <p>- Model is 187cm tall and wearing a size S / M</p>\n\n                                <p>- Unisex fit</p>\n\n                                <p>- Drawstring hood with built-in cap</p>\n\n                                <p>- Front placket with snap buttons</p>\n\n                                <p>- Ventilation under armpit</p>\n\n                                <p>- Adjustable cuffs</p>\n\n                                <p>- Double welted front pockets</p>\n\n                                <p>- Adjustable elastic string at hempen</p>\n\n                                <p>- Ultrasonically welded seams</p>\n\n                                <p>This is a unisex item, please check our clothing &amp; footwear sizing guide for specific Rains jacket sizing information. RAINS comes from the rainy nation of Denmark at the edge of the European continent, close to the ocean and with prevailing westerly winds; all factors that contribute to an average of 121 rain days each year. Arising from these rainy weather conditions comes the attitude that a quick rain shower may be beautiful, as well as moody- but first and foremost requires the right outfit. Rains focus on the whole experience of going outside on rainy days, issuing an invitation to explore even in the most mercurial weather.</p>', 'published', '[\"products\\/5.jpg\",\"products\\/5-1.jpg\",\"products\\/5-2.jpg\",\"products\\/5-3.jpg\"]', 'SW-145-A0', 0, 19, 0, 1, 1, NULL, NULL, 7, 0, 0, 0, 0, 854, NULL, NULL, NULL, 12.00, 10.00, 13.00, 793.00, NULL, NULL, NULL, NULL, NULL, '2021-08-21 01:52:11', '2021-08-21 01:52:25', 1, 105021, 'in_stock', 2),
(6, 'Nikon HD camera', '<ul><li> Unrestrained and portable active stereo speaker</li>\n            <li> Free from the confines of wires and chords</li>\n            <li> 20 hours of portable capabilities</li>\n            <li> Double-ended Coil Cord with 3.5mm Stereo Plugs Included</li>\n            <li> 3/4″ Dome Tweeters: 2X and 4″ Woofer: 1X</li></ul>', '<p>Short Hooded Coat features a straight body, large pockets with button flaps, ventilation air holes, and a string detail along the hemline. The style is completed with a drawstring hood, featuring Rains&rsquo; signature built-in cap. Made from waterproof, matte PU, this lightweight unisex rain jacket is an ode to nostalgia through its classic silhouette and utilitarian design details.</p>\n                                <p>- Casual unisex fit</p>\n\n                                <p>- 64% polyester, 36% polyurethane</p>\n\n                                <p>- Water column pressure: 4000 mm</p>\n\n                                <p>- Model is 187cm tall and wearing a size S / M</p>\n\n                                <p>- Unisex fit</p>\n\n                                <p>- Drawstring hood with built-in cap</p>\n\n                                <p>- Front placket with snap buttons</p>\n\n                                <p>- Ventilation under armpit</p>\n\n                                <p>- Adjustable cuffs</p>\n\n                                <p>- Double welted front pockets</p>\n\n                                <p>- Adjustable elastic string at hempen</p>\n\n                                <p>- Ultrasonically welded seams</p>\n\n                                <p>This is a unisex item, please check our clothing &amp; footwear sizing guide for specific Rains jacket sizing information. RAINS comes from the rainy nation of Denmark at the edge of the European continent, close to the ocean and with prevailing westerly winds; all factors that contribute to an average of 121 rain days each year. Arising from these rainy weather conditions comes the attitude that a quick rain shower may be beautiful, as well as moody- but first and foremost requires the right outfit. Rains focus on the whole experience of going outside on rainy days, issuing an invitation to explore even in the most mercurial weather.</p>', 'published', '[\"products\\/6.jpg\"]', 'SW-153-A0', 0, 12, 0, 1, 1, NULL, NULL, 6, 0, 0, 0, 0, 443, NULL, NULL, NULL, 12.00, 11.00, 13.00, 567.00, NULL, NULL, NULL, NULL, NULL, '2021-08-21 01:52:11', '2021-08-21 01:52:25', 1, 182335, 'in_stock', 3),
(7, 'Audio Equipment', '<ul><li> Unrestrained and portable active stereo speaker</li>\n            <li> Free from the confines of wires and chords</li>\n            <li> 20 hours of portable capabilities</li>\n            <li> Double-ended Coil Cord with 3.5mm Stereo Plugs Included</li>\n            <li> 3/4″ Dome Tweeters: 2X and 4″ Woofer: 1X</li></ul>', '<p>Short Hooded Coat features a straight body, large pockets with button flaps, ventilation air holes, and a string detail along the hemline. The style is completed with a drawstring hood, featuring Rains&rsquo; signature built-in cap. Made from waterproof, matte PU, this lightweight unisex rain jacket is an ode to nostalgia through its classic silhouette and utilitarian design details.</p>\n                                <p>- Casual unisex fit</p>\n\n                                <p>- 64% polyester, 36% polyurethane</p>\n\n                                <p>- Water column pressure: 4000 mm</p>\n\n                                <p>- Model is 187cm tall and wearing a size S / M</p>\n\n                                <p>- Unisex fit</p>\n\n                                <p>- Drawstring hood with built-in cap</p>\n\n                                <p>- Front placket with snap buttons</p>\n\n                                <p>- Ventilation under armpit</p>\n\n                                <p>- Adjustable cuffs</p>\n\n                                <p>- Double welted front pockets</p>\n\n                                <p>- Adjustable elastic string at hempen</p>\n\n                                <p>- Ultrasonically welded seams</p>\n\n                                <p>This is a unisex item, please check our clothing &amp; footwear sizing guide for specific Rains jacket sizing information. RAINS comes from the rainy nation of Denmark at the edge of the European continent, close to the ocean and with prevailing westerly winds; all factors that contribute to an average of 121 rain days each year. Arising from these rainy weather conditions comes the attitude that a quick rain shower may be beautiful, as well as moody- but first and foremost requires the right outfit. Rains focus on the whole experience of going outside on rainy days, issuing an invitation to explore even in the most mercurial weather.</p>', 'published', '[\"products\\/7.jpg\"]', 'SW-153-A0', 0, 12, 0, 1, 1, NULL, NULL, 5, 0, 0, 0, 0, 555, NULL, NULL, NULL, 20.00, 19.00, 11.00, 785.00, NULL, NULL, NULL, NULL, NULL, '2021-08-21 01:52:11', '2021-08-21 01:52:25', 1, 65710, 'in_stock', 2),
(8, 'Smart Televisions', '<ul><li> Unrestrained and portable active stereo speaker</li>\n            <li> Free from the confines of wires and chords</li>\n            <li> 20 hours of portable capabilities</li>\n            <li> Double-ended Coil Cord with 3.5mm Stereo Plugs Included</li>\n            <li> 3/4″ Dome Tweeters: 2X and 4″ Woofer: 1X</li></ul>', '<p>Short Hooded Coat features a straight body, large pockets with button flaps, ventilation air holes, and a string detail along the hemline. The style is completed with a drawstring hood, featuring Rains&rsquo; signature built-in cap. Made from waterproof, matte PU, this lightweight unisex rain jacket is an ode to nostalgia through its classic silhouette and utilitarian design details.</p>\n                                <p>- Casual unisex fit</p>\n\n                                <p>- 64% polyester, 36% polyurethane</p>\n\n                                <p>- Water column pressure: 4000 mm</p>\n\n                                <p>- Model is 187cm tall and wearing a size S / M</p>\n\n                                <p>- Unisex fit</p>\n\n                                <p>- Drawstring hood with built-in cap</p>\n\n                                <p>- Front placket with snap buttons</p>\n\n                                <p>- Ventilation under armpit</p>\n\n                                <p>- Adjustable cuffs</p>\n\n                                <p>- Double welted front pockets</p>\n\n                                <p>- Adjustable elastic string at hempen</p>\n\n                                <p>- Ultrasonically welded seams</p>\n\n                                <p>This is a unisex item, please check our clothing &amp; footwear sizing guide for specific Rains jacket sizing information. RAINS comes from the rainy nation of Denmark at the edge of the European continent, close to the ocean and with prevailing westerly winds; all factors that contribute to an average of 121 rain days each year. Arising from these rainy weather conditions comes the attitude that a quick rain shower may be beautiful, as well as moody- but first and foremost requires the right outfit. Rains focus on the whole experience of going outside on rainy days, issuing an invitation to explore even in the most mercurial weather.</p>', 'published', '[\"products\\/8.jpg\",\"products\\/8-1.jpg\",\"products\\/8-2.jpg\",\"products\\/8-3.jpg\"]', 'SW-144-A0', 0, 17, 0, 1, 1, NULL, NULL, 7, 0, 0, 0, 0, 1137, 955.08, NULL, NULL, 15.00, 16.00, 17.00, 852.00, NULL, NULL, NULL, NULL, NULL, '2021-08-21 01:52:11', '2021-08-21 01:52:25', 1, 101241, 'in_stock', 4),
(9, 'Samsung Smart Phone', '<ul><li> Unrestrained and portable active stereo speaker</li>\n            <li> Free from the confines of wires and chords</li>\n            <li> 20 hours of portable capabilities</li>\n            <li> Double-ended Coil Cord with 3.5mm Stereo Plugs Included</li>\n            <li> 3/4″ Dome Tweeters: 2X and 4″ Woofer: 1X</li></ul>', '<p>Short Hooded Coat features a straight body, large pockets with button flaps, ventilation air holes, and a string detail along the hemline. The style is completed with a drawstring hood, featuring Rains&rsquo; signature built-in cap. Made from waterproof, matte PU, this lightweight unisex rain jacket is an ode to nostalgia through its classic silhouette and utilitarian design details.</p>\n                                <p>- Casual unisex fit</p>\n\n                                <p>- 64% polyester, 36% polyurethane</p>\n\n                                <p>- Water column pressure: 4000 mm</p>\n\n                                <p>- Model is 187cm tall and wearing a size S / M</p>\n\n                                <p>- Unisex fit</p>\n\n                                <p>- Drawstring hood with built-in cap</p>\n\n                                <p>- Front placket with snap buttons</p>\n\n                                <p>- Ventilation under armpit</p>\n\n                                <p>- Adjustable cuffs</p>\n\n                                <p>- Double welted front pockets</p>\n\n                                <p>- Adjustable elastic string at hempen</p>\n\n                                <p>- Ultrasonically welded seams</p>\n\n                                <p>This is a unisex item, please check our clothing &amp; footwear sizing guide for specific Rains jacket sizing information. RAINS comes from the rainy nation of Denmark at the edge of the European continent, close to the ocean and with prevailing westerly winds; all factors that contribute to an average of 121 rain days each year. Arising from these rainy weather conditions comes the attitude that a quick rain shower may be beautiful, as well as moody- but first and foremost requires the right outfit. Rains focus on the whole experience of going outside on rainy days, issuing an invitation to explore even in the most mercurial weather.</p>', 'published', '[\"products\\/9.jpg\",\"products\\/9-1.jpg\",\"products\\/9-2.jpg\"]', 'SW-137-A0', 0, 18, 0, 1, 1, NULL, NULL, 1, 0, 0, 0, 0, 590, NULL, NULL, NULL, 10.00, 13.00, 18.00, 718.00, NULL, NULL, NULL, NULL, NULL, '2021-08-21 01:52:11', '2021-08-21 01:52:25', 1, 140874, 'in_stock', 5),
(10, 'Herschel Leather Duffle Bag In Brown Color', '<ul><li> Unrestrained and portable active stereo speaker</li>\n            <li> Free from the confines of wires and chords</li>\n            <li> 20 hours of portable capabilities</li>\n            <li> Double-ended Coil Cord with 3.5mm Stereo Plugs Included</li>\n            <li> 3/4″ Dome Tweeters: 2X and 4″ Woofer: 1X</li></ul>', '<p>Short Hooded Coat features a straight body, large pockets with button flaps, ventilation air holes, and a string detail along the hemline. The style is completed with a drawstring hood, featuring Rains&rsquo; signature built-in cap. Made from waterproof, matte PU, this lightweight unisex rain jacket is an ode to nostalgia through its classic silhouette and utilitarian design details.</p>\n                                <p>- Casual unisex fit</p>\n\n                                <p>- 64% polyester, 36% polyurethane</p>\n\n                                <p>- Water column pressure: 4000 mm</p>\n\n                                <p>- Model is 187cm tall and wearing a size S / M</p>\n\n                                <p>- Unisex fit</p>\n\n                                <p>- Drawstring hood with built-in cap</p>\n\n                                <p>- Front placket with snap buttons</p>\n\n                                <p>- Ventilation under armpit</p>\n\n                                <p>- Adjustable cuffs</p>\n\n                                <p>- Double welted front pockets</p>\n\n                                <p>- Adjustable elastic string at hempen</p>\n\n                                <p>- Ultrasonically welded seams</p>\n\n                                <p>This is a unisex item, please check our clothing &amp; footwear sizing guide for specific Rains jacket sizing information. RAINS comes from the rainy nation of Denmark at the edge of the European continent, close to the ocean and with prevailing westerly winds; all factors that contribute to an average of 121 rain days each year. Arising from these rainy weather conditions comes the attitude that a quick rain shower may be beautiful, as well as moody- but first and foremost requires the right outfit. Rains focus on the whole experience of going outside on rainy days, issuing an invitation to explore even in the most mercurial weather.</p>', 'published', '[\"products\\/10.jpg\",\"products\\/10-1.jpg\",\"products\\/10-2.jpg\"]', 'SW-131-A0', 0, 17, 0, 1, 0, NULL, NULL, 5, 0, 0, 0, 0, 1300, NULL, NULL, NULL, 15.00, 19.00, 10.00, 625.00, NULL, NULL, NULL, NULL, NULL, '2021-08-21 01:52:11', '2021-08-21 01:52:25', 1, 186443, 'in_stock', 5),
(11, 'Xbox One Wireless Controller Black Color', '<ul><li> Unrestrained and portable active stereo speaker</li>\n            <li> Free from the confines of wires and chords</li>\n            <li> 20 hours of portable capabilities</li>\n            <li> Double-ended Coil Cord with 3.5mm Stereo Plugs Included</li>\n            <li> 3/4″ Dome Tweeters: 2X and 4″ Woofer: 1X</li></ul>', '<p>Short Hooded Coat features a straight body, large pockets with button flaps, ventilation air holes, and a string detail along the hemline. The style is completed with a drawstring hood, featuring Rains&rsquo; signature built-in cap. Made from waterproof, matte PU, this lightweight unisex rain jacket is an ode to nostalgia through its classic silhouette and utilitarian design details.</p>\n                                <p>- Casual unisex fit</p>\n\n                                <p>- 64% polyester, 36% polyurethane</p>\n\n                                <p>- Water column pressure: 4000 mm</p>\n\n                                <p>- Model is 187cm tall and wearing a size S / M</p>\n\n                                <p>- Unisex fit</p>\n\n                                <p>- Drawstring hood with built-in cap</p>\n\n                                <p>- Front placket with snap buttons</p>\n\n                                <p>- Ventilation under armpit</p>\n\n                                <p>- Adjustable cuffs</p>\n\n                                <p>- Double welted front pockets</p>\n\n                                <p>- Adjustable elastic string at hempen</p>\n\n                                <p>- Ultrasonically welded seams</p>\n\n                                <p>This is a unisex item, please check our clothing &amp; footwear sizing guide for specific Rains jacket sizing information. RAINS comes from the rainy nation of Denmark at the edge of the European continent, close to the ocean and with prevailing westerly winds; all factors that contribute to an average of 121 rain days each year. Arising from these rainy weather conditions comes the attitude that a quick rain shower may be beautiful, as well as moody- but first and foremost requires the right outfit. Rains focus on the whole experience of going outside on rainy days, issuing an invitation to explore even in the most mercurial weather.</p>', 'published', '[\"products\\/11.jpg\",\"products\\/11-1.jpg\",\"products\\/11-2.jpg\",\"products\\/11-3.jpg\"]', 'SW-153-A0', 0, 17, 0, 1, 0, NULL, NULL, 1, 0, 0, 0, 0, 1275, NULL, NULL, NULL, 17.00, 18.00, 19.00, 742.00, NULL, NULL, NULL, NULL, NULL, '2021-08-21 01:52:11', '2021-08-21 01:52:25', 1, 191835, 'in_stock', 5),
(12, 'EPSION Plaster Printer', '<ul><li> Unrestrained and portable active stereo speaker</li>\n            <li> Free from the confines of wires and chords</li>\n            <li> 20 hours of portable capabilities</li>\n            <li> Double-ended Coil Cord with 3.5mm Stereo Plugs Included</li>\n            <li> 3/4″ Dome Tweeters: 2X and 4″ Woofer: 1X</li></ul>', '<p>Short Hooded Coat features a straight body, large pockets with button flaps, ventilation air holes, and a string detail along the hemline. The style is completed with a drawstring hood, featuring Rains&rsquo; signature built-in cap. Made from waterproof, matte PU, this lightweight unisex rain jacket is an ode to nostalgia through its classic silhouette and utilitarian design details.</p>\n                                <p>- Casual unisex fit</p>\n\n                                <p>- 64% polyester, 36% polyurethane</p>\n\n                                <p>- Water column pressure: 4000 mm</p>\n\n                                <p>- Model is 187cm tall and wearing a size S / M</p>\n\n                                <p>- Unisex fit</p>\n\n                                <p>- Drawstring hood with built-in cap</p>\n\n                                <p>- Front placket with snap buttons</p>\n\n                                <p>- Ventilation under armpit</p>\n\n                                <p>- Adjustable cuffs</p>\n\n                                <p>- Double welted front pockets</p>\n\n                                <p>- Adjustable elastic string at hempen</p>\n\n                                <p>- Ultrasonically welded seams</p>\n\n                                <p>This is a unisex item, please check our clothing &amp; footwear sizing guide for specific Rains jacket sizing information. RAINS comes from the rainy nation of Denmark at the edge of the European continent, close to the ocean and with prevailing westerly winds; all factors that contribute to an average of 121 rain days each year. Arising from these rainy weather conditions comes the attitude that a quick rain shower may be beautiful, as well as moody- but first and foremost requires the right outfit. Rains focus on the whole experience of going outside on rainy days, issuing an invitation to explore even in the most mercurial weather.</p>', 'published', '[\"products\\/12.jpg\",\"products\\/12-1.jpg\",\"products\\/12-2.jpg\",\"products\\/12-3.jpg\"]', 'SW-149-A0', 0, 15, 0, 1, 0, NULL, NULL, 7, 0, 0, 0, 0, 576, 432, NULL, NULL, 19.00, 18.00, 20.00, 590.00, NULL, NULL, NULL, NULL, NULL, '2021-08-21 01:52:11', '2021-08-21 01:52:25', 1, 71746, 'in_stock', 1),
(13, 'Sound Intone I65 Earphone White Version', '<ul><li> Unrestrained and portable active stereo speaker</li>\n            <li> Free from the confines of wires and chords</li>\n            <li> 20 hours of portable capabilities</li>\n            <li> Double-ended Coil Cord with 3.5mm Stereo Plugs Included</li>\n            <li> 3/4″ Dome Tweeters: 2X and 4″ Woofer: 1X</li></ul>', '<p>Short Hooded Coat features a straight body, large pockets with button flaps, ventilation air holes, and a string detail along the hemline. The style is completed with a drawstring hood, featuring Rains&rsquo; signature built-in cap. Made from waterproof, matte PU, this lightweight unisex rain jacket is an ode to nostalgia through its classic silhouette and utilitarian design details.</p>\n                                <p>- Casual unisex fit</p>\n\n                                <p>- 64% polyester, 36% polyurethane</p>\n\n                                <p>- Water column pressure: 4000 mm</p>\n\n                                <p>- Model is 187cm tall and wearing a size S / M</p>\n\n                                <p>- Unisex fit</p>\n\n                                <p>- Drawstring hood with built-in cap</p>\n\n                                <p>- Front placket with snap buttons</p>\n\n                                <p>- Ventilation under armpit</p>\n\n                                <p>- Adjustable cuffs</p>\n\n                                <p>- Double welted front pockets</p>\n\n                                <p>- Adjustable elastic string at hempen</p>\n\n                                <p>- Ultrasonically welded seams</p>\n\n                                <p>This is a unisex item, please check our clothing &amp; footwear sizing guide for specific Rains jacket sizing information. RAINS comes from the rainy nation of Denmark at the edge of the European continent, close to the ocean and with prevailing westerly winds; all factors that contribute to an average of 121 rain days each year. Arising from these rainy weather conditions comes the attitude that a quick rain shower may be beautiful, as well as moody- but first and foremost requires the right outfit. Rains focus on the whole experience of going outside on rainy days, issuing an invitation to explore even in the most mercurial weather.</p>', 'published', '[\"products\\/13.jpg\",\"products\\/13-1.jpg\"]', 'SW-168-A0', 0, 17, 0, 1, 0, NULL, NULL, 2, 0, 0, 0, 0, 594, NULL, NULL, NULL, 20.00, 14.00, 15.00, 522.00, NULL, NULL, NULL, NULL, NULL, '2021-08-21 01:52:11', '2021-08-21 01:52:25', 1, 153396, 'in_stock', 2),
(14, 'B&O Play Mini Bluetooth Speaker', '<ul><li> Unrestrained and portable active stereo speaker</li>\n            <li> Free from the confines of wires and chords</li>\n            <li> 20 hours of portable capabilities</li>\n            <li> Double-ended Coil Cord with 3.5mm Stereo Plugs Included</li>\n            <li> 3/4″ Dome Tweeters: 2X and 4″ Woofer: 1X</li></ul>', '<p>Short Hooded Coat features a straight body, large pockets with button flaps, ventilation air holes, and a string detail along the hemline. The style is completed with a drawstring hood, featuring Rains&rsquo; signature built-in cap. Made from waterproof, matte PU, this lightweight unisex rain jacket is an ode to nostalgia through its classic silhouette and utilitarian design details.</p>\n                                <p>- Casual unisex fit</p>\n\n                                <p>- 64% polyester, 36% polyurethane</p>\n\n                                <p>- Water column pressure: 4000 mm</p>\n\n                                <p>- Model is 187cm tall and wearing a size S / M</p>\n\n                                <p>- Unisex fit</p>\n\n                                <p>- Drawstring hood with built-in cap</p>\n\n                                <p>- Front placket with snap buttons</p>\n\n                                <p>- Ventilation under armpit</p>\n\n                                <p>- Adjustable cuffs</p>\n\n                                <p>- Double welted front pockets</p>\n\n                                <p>- Adjustable elastic string at hempen</p>\n\n                                <p>- Ultrasonically welded seams</p>\n\n                                <p>This is a unisex item, please check our clothing &amp; footwear sizing guide for specific Rains jacket sizing information. RAINS comes from the rainy nation of Denmark at the edge of the European continent, close to the ocean and with prevailing westerly winds; all factors that contribute to an average of 121 rain days each year. Arising from these rainy weather conditions comes the attitude that a quick rain shower may be beautiful, as well as moody- but first and foremost requires the right outfit. Rains focus on the whole experience of going outside on rainy days, issuing an invitation to explore even in the most mercurial weather.</p>', 'published', '[\"products\\/14.jpg\"]', 'SW-152-A0', 0, 10, 0, 1, 0, NULL, NULL, 2, 0, 0, 0, 0, 559, NULL, NULL, NULL, 14.00, 18.00, 17.00, 702.00, NULL, NULL, NULL, NULL, NULL, '2021-08-21 01:52:11', '2021-08-21 01:52:26', 1, 18914, 'in_stock', 2),
(15, 'Apple MacBook Air Retina 13.3-Inch Laptop', '<ul><li> Unrestrained and portable active stereo speaker</li>\n            <li> Free from the confines of wires and chords</li>\n            <li> 20 hours of portable capabilities</li>\n            <li> Double-ended Coil Cord with 3.5mm Stereo Plugs Included</li>\n            <li> 3/4″ Dome Tweeters: 2X and 4″ Woofer: 1X</li></ul>', '<p>Short Hooded Coat features a straight body, large pockets with button flaps, ventilation air holes, and a string detail along the hemline. The style is completed with a drawstring hood, featuring Rains&rsquo; signature built-in cap. Made from waterproof, matte PU, this lightweight unisex rain jacket is an ode to nostalgia through its classic silhouette and utilitarian design details.</p>\n                                <p>- Casual unisex fit</p>\n\n                                <p>- 64% polyester, 36% polyurethane</p>\n\n                                <p>- Water column pressure: 4000 mm</p>\n\n                                <p>- Model is 187cm tall and wearing a size S / M</p>\n\n                                <p>- Unisex fit</p>\n\n                                <p>- Drawstring hood with built-in cap</p>\n\n                                <p>- Front placket with snap buttons</p>\n\n                                <p>- Ventilation under armpit</p>\n\n                                <p>- Adjustable cuffs</p>\n\n                                <p>- Double welted front pockets</p>\n\n                                <p>- Adjustable elastic string at hempen</p>\n\n                                <p>- Ultrasonically welded seams</p>\n\n                                <p>This is a unisex item, please check our clothing &amp; footwear sizing guide for specific Rains jacket sizing information. RAINS comes from the rainy nation of Denmark at the edge of the European continent, close to the ocean and with prevailing westerly winds; all factors that contribute to an average of 121 rain days each year. Arising from these rainy weather conditions comes the attitude that a quick rain shower may be beautiful, as well as moody- but first and foremost requires the right outfit. Rains focus on the whole experience of going outside on rainy days, issuing an invitation to explore even in the most mercurial weather.</p>', 'published', '[\"products\\/15.jpg\",\"products\\/15-1.jpg\"]', 'SW-183-A0', 0, 13, 0, 1, 0, NULL, NULL, 3, 0, 0, 0, 0, 529, NULL, NULL, NULL, 14.00, 11.00, 11.00, 789.00, NULL, NULL, NULL, NULL, NULL, '2021-08-21 01:52:11', '2021-08-21 01:52:26', 1, 94622, 'in_stock', 3),
(16, 'Apple MacBook Air Retina 12-Inch Laptop', '<ul><li> Unrestrained and portable active stereo speaker</li>\n            <li> Free from the confines of wires and chords</li>\n            <li> 20 hours of portable capabilities</li>\n            <li> Double-ended Coil Cord with 3.5mm Stereo Plugs Included</li>\n            <li> 3/4″ Dome Tweeters: 2X and 4″ Woofer: 1X</li></ul>', '<p>Short Hooded Coat features a straight body, large pockets with button flaps, ventilation air holes, and a string detail along the hemline. The style is completed with a drawstring hood, featuring Rains&rsquo; signature built-in cap. Made from waterproof, matte PU, this lightweight unisex rain jacket is an ode to nostalgia through its classic silhouette and utilitarian design details.</p>\n                                <p>- Casual unisex fit</p>\n\n                                <p>- 64% polyester, 36% polyurethane</p>\n\n                                <p>- Water column pressure: 4000 mm</p>\n\n                                <p>- Model is 187cm tall and wearing a size S / M</p>\n\n                                <p>- Unisex fit</p>\n\n                                <p>- Drawstring hood with built-in cap</p>\n\n                                <p>- Front placket with snap buttons</p>\n\n                                <p>- Ventilation under armpit</p>\n\n                                <p>- Adjustable cuffs</p>\n\n                                <p>- Double welted front pockets</p>\n\n                                <p>- Adjustable elastic string at hempen</p>\n\n                                <p>- Ultrasonically welded seams</p>\n\n                                <p>This is a unisex item, please check our clothing &amp; footwear sizing guide for specific Rains jacket sizing information. RAINS comes from the rainy nation of Denmark at the edge of the European continent, close to the ocean and with prevailing westerly winds; all factors that contribute to an average of 121 rain days each year. Arising from these rainy weather conditions comes the attitude that a quick rain shower may be beautiful, as well as moody- but first and foremost requires the right outfit. Rains focus on the whole experience of going outside on rainy days, issuing an invitation to explore even in the most mercurial weather.</p>', 'published', '[\"products\\/16.jpg\"]', 'SW-141-A0', 0, 14, 0, 1, 0, NULL, NULL, 4, 0, 0, 0, 0, 526, 426.06, NULL, NULL, 19.00, 13.00, 11.00, 603.00, NULL, NULL, NULL, NULL, NULL, '2021-08-21 01:52:11', '2021-08-21 01:52:26', 1, 95823, 'in_stock', 4),
(17, 'Samsung Gear VR Virtual Reality Headset', '<ul><li> Unrestrained and portable active stereo speaker</li>\n            <li> Free from the confines of wires and chords</li>\n            <li> 20 hours of portable capabilities</li>\n            <li> Double-ended Coil Cord with 3.5mm Stereo Plugs Included</li>\n            <li> 3/4″ Dome Tweeters: 2X and 4″ Woofer: 1X</li></ul>', '<p>Short Hooded Coat features a straight body, large pockets with button flaps, ventilation air holes, and a string detail along the hemline. The style is completed with a drawstring hood, featuring Rains&rsquo; signature built-in cap. Made from waterproof, matte PU, this lightweight unisex rain jacket is an ode to nostalgia through its classic silhouette and utilitarian design details.</p>\n                                <p>- Casual unisex fit</p>\n\n                                <p>- 64% polyester, 36% polyurethane</p>\n\n                                <p>- Water column pressure: 4000 mm</p>\n\n                                <p>- Model is 187cm tall and wearing a size S / M</p>\n\n                                <p>- Unisex fit</p>\n\n                                <p>- Drawstring hood with built-in cap</p>\n\n                                <p>- Front placket with snap buttons</p>\n\n                                <p>- Ventilation under armpit</p>\n\n                                <p>- Adjustable cuffs</p>\n\n                                <p>- Double welted front pockets</p>\n\n                                <p>- Adjustable elastic string at hempen</p>\n\n                                <p>- Ultrasonically welded seams</p>\n\n                                <p>This is a unisex item, please check our clothing &amp; footwear sizing guide for specific Rains jacket sizing information. RAINS comes from the rainy nation of Denmark at the edge of the European continent, close to the ocean and with prevailing westerly winds; all factors that contribute to an average of 121 rain days each year. Arising from these rainy weather conditions comes the attitude that a quick rain shower may be beautiful, as well as moody- but first and foremost requires the right outfit. Rains focus on the whole experience of going outside on rainy days, issuing an invitation to explore even in the most mercurial weather.</p>', 'published', '[\"products\\/17.jpg\",\"products\\/17-1.jpg\",\"products\\/17-2.jpg\",\"products\\/17-3.jpg\"]', 'SW-174-A0', 0, 20, 0, 1, 0, NULL, NULL, 3, 0, 0, 0, 0, 566, NULL, NULL, NULL, 12.00, 19.00, 14.00, 772.00, NULL, NULL, NULL, NULL, NULL, '2021-08-21 01:52:11', '2021-08-21 01:52:26', 1, 181251, 'in_stock', 5),
(18, 'Aveeno Moisturizing Body Shower 450ml', '<ul><li> Unrestrained and portable active stereo speaker</li>\n            <li> Free from the confines of wires and chords</li>\n            <li> 20 hours of portable capabilities</li>\n            <li> Double-ended Coil Cord with 3.5mm Stereo Plugs Included</li>\n            <li> 3/4″ Dome Tweeters: 2X and 4″ Woofer: 1X</li></ul>', '<p>Short Hooded Coat features a straight body, large pockets with button flaps, ventilation air holes, and a string detail along the hemline. The style is completed with a drawstring hood, featuring Rains&rsquo; signature built-in cap. Made from waterproof, matte PU, this lightweight unisex rain jacket is an ode to nostalgia through its classic silhouette and utilitarian design details.</p>\n                                <p>- Casual unisex fit</p>\n\n                                <p>- 64% polyester, 36% polyurethane</p>\n\n                                <p>- Water column pressure: 4000 mm</p>\n\n                                <p>- Model is 187cm tall and wearing a size S / M</p>\n\n                                <p>- Unisex fit</p>\n\n                                <p>- Drawstring hood with built-in cap</p>\n\n                                <p>- Front placket with snap buttons</p>\n\n                                <p>- Ventilation under armpit</p>\n\n                                <p>- Adjustable cuffs</p>\n\n                                <p>- Double welted front pockets</p>\n\n                                <p>- Adjustable elastic string at hempen</p>\n\n                                <p>- Ultrasonically welded seams</p>\n\n                                <p>This is a unisex item, please check our clothing &amp; footwear sizing guide for specific Rains jacket sizing information. RAINS comes from the rainy nation of Denmark at the edge of the European continent, close to the ocean and with prevailing westerly winds; all factors that contribute to an average of 121 rain days each year. Arising from these rainy weather conditions comes the attitude that a quick rain shower may be beautiful, as well as moody- but first and foremost requires the right outfit. Rains focus on the whole experience of going outside on rainy days, issuing an invitation to explore even in the most mercurial weather.</p>', 'published', '[\"products\\/18.jpg\",\"products\\/18-1.jpg\",\"products\\/18-2.jpg\",\"products\\/18-3.jpg\"]', 'SW-134-A0', 0, 16, 0, 1, 0, NULL, NULL, 1, 0, 0, 0, 0, 1207, NULL, NULL, NULL, 15.00, 15.00, 10.00, 534.00, NULL, NULL, NULL, NULL, NULL, '2021-08-21 01:52:11', '2021-08-21 01:52:26', 1, 166600, 'in_stock', 1);
INSERT INTO `ec_products` (`id`, `name`, `description`, `content`, `status`, `images`, `sku`, `order`, `quantity`, `allow_checkout_when_out_of_stock`, `with_storehouse_management`, `is_featured`, `options`, `category_id`, `brand_id`, `is_variation`, `is_searchable`, `is_show_on_list`, `sale_type`, `price`, `sale_price`, `start_date`, `end_date`, `length`, `wide`, `height`, `weight`, `barcode`, `length_unit`, `wide_unit`, `height_unit`, `weight_unit`, `created_at`, `updated_at`, `tax_id`, `views`, `stock_status`, `store_id`) VALUES
(19, 'NYX Beauty Couton Pallete Makeup 12', '<ul><li> Unrestrained and portable active stereo speaker</li>\n            <li> Free from the confines of wires and chords</li>\n            <li> 20 hours of portable capabilities</li>\n            <li> Double-ended Coil Cord with 3.5mm Stereo Plugs Included</li>\n            <li> 3/4″ Dome Tweeters: 2X and 4″ Woofer: 1X</li></ul>', '<p>Short Hooded Coat features a straight body, large pockets with button flaps, ventilation air holes, and a string detail along the hemline. The style is completed with a drawstring hood, featuring Rains&rsquo; signature built-in cap. Made from waterproof, matte PU, this lightweight unisex rain jacket is an ode to nostalgia through its classic silhouette and utilitarian design details.</p>\n                                <p>- Casual unisex fit</p>\n\n                                <p>- 64% polyester, 36% polyurethane</p>\n\n                                <p>- Water column pressure: 4000 mm</p>\n\n                                <p>- Model is 187cm tall and wearing a size S / M</p>\n\n                                <p>- Unisex fit</p>\n\n                                <p>- Drawstring hood with built-in cap</p>\n\n                                <p>- Front placket with snap buttons</p>\n\n                                <p>- Ventilation under armpit</p>\n\n                                <p>- Adjustable cuffs</p>\n\n                                <p>- Double welted front pockets</p>\n\n                                <p>- Adjustable elastic string at hempen</p>\n\n                                <p>- Ultrasonically welded seams</p>\n\n                                <p>This is a unisex item, please check our clothing &amp; footwear sizing guide for specific Rains jacket sizing information. RAINS comes from the rainy nation of Denmark at the edge of the European continent, close to the ocean and with prevailing westerly winds; all factors that contribute to an average of 121 rain days each year. Arising from these rainy weather conditions comes the attitude that a quick rain shower may be beautiful, as well as moody- but first and foremost requires the right outfit. Rains focus on the whole experience of going outside on rainy days, issuing an invitation to explore even in the most mercurial weather.</p>', 'published', '[\"products\\/19.jpg\",\"products\\/19-1.jpg\",\"products\\/19-2.jpg\",\"products\\/19-3.jpg\"]', 'SW-180-A0', 0, 18, 0, 1, 0, NULL, NULL, 5, 0, 0, 0, 0, 1192, NULL, NULL, NULL, 12.00, 12.00, 19.00, 889.00, NULL, NULL, NULL, NULL, NULL, '2021-08-21 01:52:11', '2021-08-21 01:52:26', 1, 28785, 'in_stock', 3),
(20, 'NYX Beauty Couton Pallete Makeup 12', '<ul><li> Unrestrained and portable active stereo speaker</li>\n            <li> Free from the confines of wires and chords</li>\n            <li> 20 hours of portable capabilities</li>\n            <li> Double-ended Coil Cord with 3.5mm Stereo Plugs Included</li>\n            <li> 3/4″ Dome Tweeters: 2X and 4″ Woofer: 1X</li></ul>', '<p>Short Hooded Coat features a straight body, large pockets with button flaps, ventilation air holes, and a string detail along the hemline. The style is completed with a drawstring hood, featuring Rains&rsquo; signature built-in cap. Made from waterproof, matte PU, this lightweight unisex rain jacket is an ode to nostalgia through its classic silhouette and utilitarian design details.</p>\n                                <p>- Casual unisex fit</p>\n\n                                <p>- 64% polyester, 36% polyurethane</p>\n\n                                <p>- Water column pressure: 4000 mm</p>\n\n                                <p>- Model is 187cm tall and wearing a size S / M</p>\n\n                                <p>- Unisex fit</p>\n\n                                <p>- Drawstring hood with built-in cap</p>\n\n                                <p>- Front placket with snap buttons</p>\n\n                                <p>- Ventilation under armpit</p>\n\n                                <p>- Adjustable cuffs</p>\n\n                                <p>- Double welted front pockets</p>\n\n                                <p>- Adjustable elastic string at hempen</p>\n\n                                <p>- Ultrasonically welded seams</p>\n\n                                <p>This is a unisex item, please check our clothing &amp; footwear sizing guide for specific Rains jacket sizing information. RAINS comes from the rainy nation of Denmark at the edge of the European continent, close to the ocean and with prevailing westerly winds; all factors that contribute to an average of 121 rain days each year. Arising from these rainy weather conditions comes the attitude that a quick rain shower may be beautiful, as well as moody- but first and foremost requires the right outfit. Rains focus on the whole experience of going outside on rainy days, issuing an invitation to explore even in the most mercurial weather.</p>', 'published', '[\"products\\/20.jpg\",\"products\\/20-1.jpg\",\"products\\/20-2.jpg\",\"products\\/20-3.jpg\"]', 'SW-194-A0', 0, 16, 0, 1, 0, NULL, NULL, 6, 0, 0, 0, 0, 719, 503.3, NULL, NULL, 18.00, 20.00, 17.00, 663.00, NULL, NULL, NULL, NULL, NULL, '2021-08-21 01:52:11', '2021-08-21 01:52:26', 1, 198403, 'in_stock', 3),
(21, 'MVMTH Classical Leather Watch In Black', '<ul><li> Unrestrained and portable active stereo speaker</li>\n            <li> Free from the confines of wires and chords</li>\n            <li> 20 hours of portable capabilities</li>\n            <li> Double-ended Coil Cord with 3.5mm Stereo Plugs Included</li>\n            <li> 3/4″ Dome Tweeters: 2X and 4″ Woofer: 1X</li></ul>', '<p>Short Hooded Coat features a straight body, large pockets with button flaps, ventilation air holes, and a string detail along the hemline. The style is completed with a drawstring hood, featuring Rains&rsquo; signature built-in cap. Made from waterproof, matte PU, this lightweight unisex rain jacket is an ode to nostalgia through its classic silhouette and utilitarian design details.</p>\n                                <p>- Casual unisex fit</p>\n\n                                <p>- 64% polyester, 36% polyurethane</p>\n\n                                <p>- Water column pressure: 4000 mm</p>\n\n                                <p>- Model is 187cm tall and wearing a size S / M</p>\n\n                                <p>- Unisex fit</p>\n\n                                <p>- Drawstring hood with built-in cap</p>\n\n                                <p>- Front placket with snap buttons</p>\n\n                                <p>- Ventilation under armpit</p>\n\n                                <p>- Adjustable cuffs</p>\n\n                                <p>- Double welted front pockets</p>\n\n                                <p>- Adjustable elastic string at hempen</p>\n\n                                <p>- Ultrasonically welded seams</p>\n\n                                <p>This is a unisex item, please check our clothing &amp; footwear sizing guide for specific Rains jacket sizing information. RAINS comes from the rainy nation of Denmark at the edge of the European continent, close to the ocean and with prevailing westerly winds; all factors that contribute to an average of 121 rain days each year. Arising from these rainy weather conditions comes the attitude that a quick rain shower may be beautiful, as well as moody- but first and foremost requires the right outfit. Rains focus on the whole experience of going outside on rainy days, issuing an invitation to explore even in the most mercurial weather.</p>', 'published', '[\"products\\/21.jpg\",\"products\\/21-1.jpg\",\"products\\/21-2.jpg\"]', 'SW-134-A0', 0, 17, 0, 1, 0, NULL, NULL, 5, 0, 0, 0, 0, 801, NULL, NULL, NULL, 16.00, 20.00, 20.00, 521.00, NULL, NULL, NULL, NULL, NULL, '2021-08-21 01:52:11', '2021-08-21 01:52:26', 1, 62866, 'in_stock', 2),
(22, 'Baxter Care Hair Kit For Bearded Mens', '<ul><li> Unrestrained and portable active stereo speaker</li>\n            <li> Free from the confines of wires and chords</li>\n            <li> 20 hours of portable capabilities</li>\n            <li> Double-ended Coil Cord with 3.5mm Stereo Plugs Included</li>\n            <li> 3/4″ Dome Tweeters: 2X and 4″ Woofer: 1X</li></ul>', '<p>Short Hooded Coat features a straight body, large pockets with button flaps, ventilation air holes, and a string detail along the hemline. The style is completed with a drawstring hood, featuring Rains&rsquo; signature built-in cap. Made from waterproof, matte PU, this lightweight unisex rain jacket is an ode to nostalgia through its classic silhouette and utilitarian design details.</p>\n                                <p>- Casual unisex fit</p>\n\n                                <p>- 64% polyester, 36% polyurethane</p>\n\n                                <p>- Water column pressure: 4000 mm</p>\n\n                                <p>- Model is 187cm tall and wearing a size S / M</p>\n\n                                <p>- Unisex fit</p>\n\n                                <p>- Drawstring hood with built-in cap</p>\n\n                                <p>- Front placket with snap buttons</p>\n\n                                <p>- Ventilation under armpit</p>\n\n                                <p>- Adjustable cuffs</p>\n\n                                <p>- Double welted front pockets</p>\n\n                                <p>- Adjustable elastic string at hempen</p>\n\n                                <p>- Ultrasonically welded seams</p>\n\n                                <p>This is a unisex item, please check our clothing &amp; footwear sizing guide for specific Rains jacket sizing information. RAINS comes from the rainy nation of Denmark at the edge of the European continent, close to the ocean and with prevailing westerly winds; all factors that contribute to an average of 121 rain days each year. Arising from these rainy weather conditions comes the attitude that a quick rain shower may be beautiful, as well as moody- but first and foremost requires the right outfit. Rains focus on the whole experience of going outside on rainy days, issuing an invitation to explore even in the most mercurial weather.</p>', 'published', '[\"products\\/22.jpg\",\"products\\/22-1.jpg\",\"products\\/22-2.jpg\",\"products\\/22-3.jpg\"]', 'SW-167-A0', 0, 18, 0, 1, 0, NULL, NULL, 3, 0, 0, 0, 0, 465, NULL, NULL, NULL, 19.00, 18.00, 14.00, 533.00, NULL, NULL, NULL, NULL, NULL, '2021-08-21 01:52:11', '2021-08-21 01:52:26', 1, 195908, 'in_stock', 4),
(23, 'Ciate Palemore Lipstick Bold Red Color', '<ul><li> Unrestrained and portable active stereo speaker</li>\n            <li> Free from the confines of wires and chords</li>\n            <li> 20 hours of portable capabilities</li>\n            <li> Double-ended Coil Cord with 3.5mm Stereo Plugs Included</li>\n            <li> 3/4″ Dome Tweeters: 2X and 4″ Woofer: 1X</li></ul>', '<p>Short Hooded Coat features a straight body, large pockets with button flaps, ventilation air holes, and a string detail along the hemline. The style is completed with a drawstring hood, featuring Rains&rsquo; signature built-in cap. Made from waterproof, matte PU, this lightweight unisex rain jacket is an ode to nostalgia through its classic silhouette and utilitarian design details.</p>\n                                <p>- Casual unisex fit</p>\n\n                                <p>- 64% polyester, 36% polyurethane</p>\n\n                                <p>- Water column pressure: 4000 mm</p>\n\n                                <p>- Model is 187cm tall and wearing a size S / M</p>\n\n                                <p>- Unisex fit</p>\n\n                                <p>- Drawstring hood with built-in cap</p>\n\n                                <p>- Front placket with snap buttons</p>\n\n                                <p>- Ventilation under armpit</p>\n\n                                <p>- Adjustable cuffs</p>\n\n                                <p>- Double welted front pockets</p>\n\n                                <p>- Adjustable elastic string at hempen</p>\n\n                                <p>- Ultrasonically welded seams</p>\n\n                                <p>This is a unisex item, please check our clothing &amp; footwear sizing guide for specific Rains jacket sizing information. RAINS comes from the rainy nation of Denmark at the edge of the European continent, close to the ocean and with prevailing westerly winds; all factors that contribute to an average of 121 rain days each year. Arising from these rainy weather conditions comes the attitude that a quick rain shower may be beautiful, as well as moody- but first and foremost requires the right outfit. Rains focus on the whole experience of going outside on rainy days, issuing an invitation to explore even in the most mercurial weather.</p>', 'published', '[\"products\\/23.jpg\",\"products\\/23-1.jpg\",\"products\\/23-2.jpg\",\"products\\/23-3.jpg\"]', 'SW-113-A0', 0, 15, 0, 1, 0, NULL, NULL, 1, 0, 0, 0, 0, 1239, NULL, NULL, NULL, 11.00, 19.00, 11.00, 567.00, NULL, NULL, NULL, NULL, NULL, '2021-08-21 01:52:11', '2021-08-21 01:52:26', 1, 31789, 'in_stock', 3),
(24, 'Dual Camera 20MP', NULL, NULL, 'published', '[\"products\\/1.jpg\"]', 'SW-148-A0', 0, 12, 0, 1, 0, NULL, NULL, 4, 1, 0, 0, 0, 80.25, NULL, NULL, NULL, 16.00, 13.00, 11.00, 893.00, NULL, NULL, NULL, NULL, NULL, '2021-08-21 01:52:11', '2021-08-21 01:52:11', NULL, 0, 'in_stock', NULL),
(25, 'Dual Camera 20MP', NULL, NULL, 'published', '[\"products\\/1.jpg\"]', 'SW-148-A0-A1', 0, 12, 0, 1, 0, NULL, NULL, 4, 1, 0, 0, 0, 80.25, NULL, NULL, NULL, 16.00, 13.00, 11.00, 893.00, NULL, NULL, NULL, NULL, NULL, '2021-08-21 01:52:11', '2021-08-21 01:52:11', NULL, 0, 'in_stock', NULL),
(26, 'Dual Camera 20MP', NULL, NULL, 'published', '[\"products\\/1.jpg\"]', 'SW-148-A0-A2', 0, 12, 0, 1, 0, NULL, NULL, 4, 1, 0, 0, 0, 80.25, NULL, NULL, NULL, 16.00, 13.00, 11.00, 893.00, NULL, NULL, NULL, NULL, NULL, '2021-08-21 01:52:11', '2021-08-21 01:52:11', NULL, 0, 'in_stock', NULL),
(27, 'Dual Camera 20MP', NULL, NULL, 'published', '[\"products\\/1.jpg\"]', 'SW-148-A0-A3', 0, 12, 0, 1, 0, NULL, NULL, 4, 1, 0, 0, 0, 80.25, NULL, NULL, NULL, 16.00, 13.00, 11.00, 893.00, NULL, NULL, NULL, NULL, NULL, '2021-08-21 01:52:11', '2021-08-21 01:52:11', NULL, 0, 'in_stock', NULL),
(28, 'Dual Camera 20MP', NULL, NULL, 'published', '[\"products\\/1.jpg\"]', 'SW-148-A0-A4', 0, 12, 0, 1, 0, NULL, NULL, 4, 1, 0, 0, 0, 80.25, NULL, NULL, NULL, 16.00, 13.00, 11.00, 893.00, NULL, NULL, NULL, NULL, NULL, '2021-08-21 01:52:11', '2021-08-21 01:52:11', NULL, 0, 'in_stock', NULL),
(29, 'Smart Watches', NULL, NULL, 'published', '[\"products\\/2.jpg\"]', 'SW-164-A0', 0, 14, 0, 1, 0, NULL, NULL, 5, 1, 0, 0, 0, 40.5, NULL, NULL, NULL, 16.00, 11.00, 13.00, 847.00, NULL, NULL, NULL, NULL, NULL, '2021-08-21 01:52:11', '2021-08-21 01:52:11', NULL, 0, 'in_stock', NULL),
(30, 'Smart Watches', NULL, NULL, 'published', '[\"products\\/2-1.jpg\"]', 'SW-164-A0-A1', 0, 14, 0, 1, 0, NULL, NULL, 5, 1, 0, 0, 0, 40.5, NULL, NULL, NULL, 16.00, 11.00, 13.00, 847.00, NULL, NULL, NULL, NULL, NULL, '2021-08-21 01:52:11', '2021-08-21 01:52:11', NULL, 0, 'in_stock', NULL),
(31, 'Smart Watches', NULL, NULL, 'published', '[\"products\\/2-2.jpg\"]', 'SW-164-A0-A2', 0, 14, 0, 1, 0, NULL, NULL, 5, 1, 0, 0, 0, 40.5, NULL, NULL, NULL, 16.00, 11.00, 13.00, 847.00, NULL, NULL, NULL, NULL, NULL, '2021-08-21 01:52:11', '2021-08-21 01:52:11', NULL, 0, 'in_stock', NULL),
(32, 'Beat Headphone', NULL, NULL, 'published', '[\"products\\/3.jpg\"]', 'SW-110-A0', 0, 19, 0, 1, 0, NULL, NULL, 7, 1, 0, 0, 0, 20, NULL, NULL, NULL, 16.00, 15.00, 15.00, 533.00, NULL, NULL, NULL, NULL, NULL, '2021-08-21 01:52:11', '2021-08-21 01:52:11', NULL, 0, 'in_stock', NULL),
(33, 'Beat Headphone', NULL, NULL, 'published', '[\"products\\/3.jpg\"]', 'SW-110-A0-A1', 0, 19, 0, 1, 0, NULL, NULL, 7, 1, 0, 0, 0, 20, NULL, NULL, NULL, 16.00, 15.00, 15.00, 533.00, NULL, NULL, NULL, NULL, NULL, '2021-08-21 01:52:11', '2021-08-21 01:52:11', NULL, 0, 'in_stock', NULL),
(34, 'Red & Black Headphone', NULL, NULL, 'published', '[\"products\\/4.jpg\"]', 'SW-113-A0', 0, 17, 0, 1, 0, NULL, NULL, 2, 1, 0, 0, 0, 519, 373.68, NULL, NULL, 10.00, 15.00, 19.00, 808.00, NULL, NULL, NULL, NULL, NULL, '2021-08-21 01:52:11', '2021-08-21 01:52:11', NULL, 0, 'in_stock', NULL),
(35, 'Red & Black Headphone', NULL, NULL, 'published', '[\"products\\/4-1.jpg\"]', 'SW-113-A0-A1', 0, 17, 0, 1, 0, NULL, NULL, 2, 1, 0, 0, 0, 519, 410.01, NULL, NULL, 10.00, 15.00, 19.00, 808.00, NULL, NULL, NULL, NULL, NULL, '2021-08-21 01:52:11', '2021-08-21 01:52:11', NULL, 0, 'in_stock', NULL),
(36, 'Smart Watch External', NULL, NULL, 'published', '[\"products\\/5.jpg\"]', 'SW-145-A0', 0, 19, 0, 1, 0, NULL, NULL, 7, 1, 0, 0, 0, 854, NULL, NULL, NULL, 12.00, 10.00, 13.00, 793.00, NULL, NULL, NULL, NULL, NULL, '2021-08-21 01:52:11', '2021-08-21 01:52:11', NULL, 0, 'in_stock', NULL),
(37, 'Smart Watch External', NULL, NULL, 'published', '[\"products\\/5-1.jpg\"]', 'SW-145-A0-A1', 0, 19, 0, 1, 0, NULL, NULL, 7, 1, 0, 0, 0, 854, NULL, NULL, NULL, 12.00, 10.00, 13.00, 793.00, NULL, NULL, NULL, NULL, NULL, '2021-08-21 01:52:11', '2021-08-21 01:52:11', NULL, 0, 'in_stock', NULL),
(38, 'Smart Watch External', NULL, NULL, 'published', '[\"products\\/5-2.jpg\"]', 'SW-145-A0-A2', 0, 19, 0, 1, 0, NULL, NULL, 7, 1, 0, 0, 0, 854, NULL, NULL, NULL, 12.00, 10.00, 13.00, 793.00, NULL, NULL, NULL, NULL, NULL, '2021-08-21 01:52:11', '2021-08-21 01:52:11', NULL, 0, 'in_stock', NULL),
(39, 'Smart Watch External', NULL, NULL, 'published', '[\"products\\/5-3.jpg\"]', 'SW-145-A0-A3', 0, 19, 0, 1, 0, NULL, NULL, 7, 1, 0, 0, 0, 854, NULL, NULL, NULL, 12.00, 10.00, 13.00, 793.00, NULL, NULL, NULL, NULL, NULL, '2021-08-21 01:52:11', '2021-08-21 01:52:11', NULL, 0, 'in_stock', NULL),
(40, 'Nikon HD camera', NULL, NULL, 'published', '[\"products\\/6.jpg\"]', 'SW-153-A0', 0, 12, 0, 1, 0, NULL, NULL, 6, 1, 0, 0, 0, 443, NULL, NULL, NULL, 12.00, 11.00, 13.00, 567.00, NULL, NULL, NULL, NULL, NULL, '2021-08-21 01:52:11', '2021-08-21 01:52:11', NULL, 0, 'in_stock', NULL),
(41, 'Nikon HD camera', NULL, NULL, 'published', '[\"products\\/6.jpg\"]', 'SW-153-A0-A1', 0, 12, 0, 1, 0, NULL, NULL, 6, 1, 0, 0, 0, 443, NULL, NULL, NULL, 12.00, 11.00, 13.00, 567.00, NULL, NULL, NULL, NULL, NULL, '2021-08-21 01:52:11', '2021-08-21 01:52:11', NULL, 0, 'in_stock', NULL),
(42, 'Nikon HD camera', NULL, NULL, 'published', '[\"products\\/6.jpg\"]', 'SW-153-A0-A2', 0, 12, 0, 1, 0, NULL, NULL, 6, 1, 0, 0, 0, 443, NULL, NULL, NULL, 12.00, 11.00, 13.00, 567.00, NULL, NULL, NULL, NULL, NULL, '2021-08-21 01:52:11', '2021-08-21 01:52:11', NULL, 0, 'in_stock', NULL),
(43, 'Audio Equipment', NULL, NULL, 'published', '[\"products\\/7.jpg\"]', 'SW-153-A0', 0, 12, 0, 1, 0, NULL, NULL, 5, 1, 0, 0, 0, 555, NULL, NULL, NULL, 20.00, 19.00, 11.00, 785.00, NULL, NULL, NULL, NULL, NULL, '2021-08-21 01:52:11', '2021-08-21 01:52:11', NULL, 0, 'in_stock', NULL),
(44, 'Audio Equipment', NULL, NULL, 'published', '[\"products\\/7.jpg\"]', 'SW-153-A0-A1', 0, 12, 0, 1, 0, NULL, NULL, 5, 1, 0, 0, 0, 555, NULL, NULL, NULL, 20.00, 19.00, 11.00, 785.00, NULL, NULL, NULL, NULL, NULL, '2021-08-21 01:52:11', '2021-08-21 01:52:11', NULL, 0, 'in_stock', NULL),
(45, 'Smart Televisions', NULL, NULL, 'published', '[\"products\\/8.jpg\"]', 'SW-144-A0', 0, 17, 0, 1, 0, NULL, NULL, 7, 1, 0, 0, 0, 1137, 955.08, NULL, NULL, 15.00, 16.00, 17.00, 852.00, NULL, NULL, NULL, NULL, NULL, '2021-08-21 01:52:11', '2021-08-21 01:52:11', NULL, 0, 'in_stock', NULL),
(46, 'Smart Televisions', NULL, NULL, 'published', '[\"products\\/8-1.jpg\"]', 'SW-144-A0-A1', 0, 17, 0, 1, 0, NULL, NULL, 7, 1, 0, 0, 0, 1137, 955.08, NULL, NULL, 15.00, 16.00, 17.00, 852.00, NULL, NULL, NULL, NULL, NULL, '2021-08-21 01:52:11', '2021-08-21 01:52:11', NULL, 0, 'in_stock', NULL),
(47, 'Samsung Smart Phone', NULL, NULL, 'published', '[\"products\\/9.jpg\"]', 'SW-137-A0', 0, 18, 0, 1, 0, NULL, NULL, 1, 1, 0, 0, 0, 590, NULL, NULL, NULL, 10.00, 13.00, 18.00, 718.00, NULL, NULL, NULL, NULL, NULL, '2021-08-21 01:52:11', '2021-08-21 01:52:11', NULL, 0, 'in_stock', NULL),
(48, 'Samsung Smart Phone', NULL, NULL, 'published', '[\"products\\/9-1.jpg\"]', 'SW-137-A0-A1', 0, 18, 0, 1, 0, NULL, NULL, 1, 1, 0, 0, 0, 590, NULL, NULL, NULL, 10.00, 13.00, 18.00, 718.00, NULL, NULL, NULL, NULL, NULL, '2021-08-21 01:52:11', '2021-08-21 01:52:11', NULL, 0, 'in_stock', NULL),
(49, 'Samsung Smart Phone', NULL, NULL, 'published', '[\"products\\/9-2.jpg\"]', 'SW-137-A0-A2', 0, 18, 0, 1, 0, NULL, NULL, 1, 1, 0, 0, 0, 590, NULL, NULL, NULL, 10.00, 13.00, 18.00, 718.00, NULL, NULL, NULL, NULL, NULL, '2021-08-21 01:52:11', '2021-08-21 01:52:11', NULL, 0, 'in_stock', NULL),
(50, 'Samsung Smart Phone', NULL, NULL, 'published', '[\"products\\/9.jpg\"]', 'SW-137-A0-A3', 0, 18, 0, 1, 0, NULL, NULL, 1, 1, 0, 0, 0, 590, NULL, NULL, NULL, 10.00, 13.00, 18.00, 718.00, NULL, NULL, NULL, NULL, NULL, '2021-08-21 01:52:11', '2021-08-21 01:52:11', NULL, 0, 'in_stock', NULL),
(51, 'Herschel Leather Duffle Bag In Brown Color', NULL, NULL, 'published', '[\"products\\/10.jpg\"]', 'SW-131-A0', 0, 17, 0, 1, 0, NULL, NULL, 5, 1, 0, 0, 0, 1300, NULL, NULL, NULL, 15.00, 19.00, 10.00, 625.00, NULL, NULL, NULL, NULL, NULL, '2021-08-21 01:52:11', '2021-08-21 01:52:11', NULL, 0, 'in_stock', NULL),
(52, 'Herschel Leather Duffle Bag In Brown Color', NULL, NULL, 'published', '[\"products\\/10-1.jpg\"]', 'SW-131-A0-A1', 0, 17, 0, 1, 0, NULL, NULL, 5, 1, 0, 0, 0, 1300, NULL, NULL, NULL, 15.00, 19.00, 10.00, 625.00, NULL, NULL, NULL, NULL, NULL, '2021-08-21 01:52:11', '2021-08-21 01:52:11', NULL, 0, 'in_stock', NULL),
(53, 'Herschel Leather Duffle Bag In Brown Color', NULL, NULL, 'published', '[\"products\\/10-2.jpg\"]', 'SW-131-A0-A2', 0, 17, 0, 1, 0, NULL, NULL, 5, 1, 0, 0, 0, 1300, NULL, NULL, NULL, 15.00, 19.00, 10.00, 625.00, NULL, NULL, NULL, NULL, NULL, '2021-08-21 01:52:11', '2021-08-21 01:52:11', NULL, 0, 'in_stock', NULL),
(54, 'Xbox One Wireless Controller Black Color', NULL, NULL, 'published', '[\"products\\/11.jpg\"]', 'SW-153-A0', 0, 17, 0, 1, 0, NULL, NULL, 1, 1, 0, 0, 0, 1275, NULL, NULL, NULL, 17.00, 18.00, 19.00, 742.00, NULL, NULL, NULL, NULL, NULL, '2021-08-21 01:52:11', '2021-08-21 01:52:11', NULL, 0, 'in_stock', NULL),
(55, 'Xbox One Wireless Controller Black Color', NULL, NULL, 'published', '[\"products\\/11-1.jpg\"]', 'SW-153-A0-A1', 0, 17, 0, 1, 0, NULL, NULL, 1, 1, 0, 0, 0, 1275, NULL, NULL, NULL, 17.00, 18.00, 19.00, 742.00, NULL, NULL, NULL, NULL, NULL, '2021-08-21 01:52:11', '2021-08-21 01:52:11', NULL, 0, 'in_stock', NULL),
(56, 'Xbox One Wireless Controller Black Color', NULL, NULL, 'published', '[\"products\\/11-2.jpg\"]', 'SW-153-A0-A2', 0, 17, 0, 1, 0, NULL, NULL, 1, 1, 0, 0, 0, 1275, NULL, NULL, NULL, 17.00, 18.00, 19.00, 742.00, NULL, NULL, NULL, NULL, NULL, '2021-08-21 01:52:11', '2021-08-21 01:52:11', NULL, 0, 'in_stock', NULL),
(57, 'EPSION Plaster Printer', NULL, NULL, 'published', '[\"products\\/12.jpg\"]', 'SW-149-A0', 0, 15, 0, 1, 0, NULL, NULL, 7, 1, 0, 0, 0, 576, 432, NULL, NULL, 19.00, 18.00, 20.00, 590.00, NULL, NULL, NULL, NULL, NULL, '2021-08-21 01:52:11', '2021-08-21 01:52:11', NULL, 0, 'in_stock', NULL),
(58, 'Sound Intone I65 Earphone White Version', NULL, NULL, 'published', '[\"products\\/13.jpg\"]', 'SW-168-A0', 0, 17, 0, 1, 0, NULL, NULL, 2, 1, 0, 0, 0, 594, NULL, NULL, NULL, 20.00, 14.00, 15.00, 522.00, NULL, NULL, NULL, NULL, NULL, '2021-08-21 01:52:11', '2021-08-21 01:52:11', NULL, 0, 'in_stock', NULL),
(59, 'Sound Intone I65 Earphone White Version', NULL, NULL, 'published', '[\"products\\/13-1.jpg\"]', 'SW-168-A0-A1', 0, 17, 0, 1, 0, NULL, NULL, 2, 1, 0, 0, 0, 594, NULL, NULL, NULL, 20.00, 14.00, 15.00, 522.00, NULL, NULL, NULL, NULL, NULL, '2021-08-21 01:52:11', '2021-08-21 01:52:11', NULL, 0, 'in_stock', NULL),
(60, 'B&O Play Mini Bluetooth Speaker', NULL, NULL, 'published', '[\"products\\/14.jpg\"]', 'SW-152-A0', 0, 10, 0, 1, 0, NULL, NULL, 2, 1, 0, 0, 0, 559, NULL, NULL, NULL, 14.00, 18.00, 17.00, 702.00, NULL, NULL, NULL, NULL, NULL, '2021-08-21 01:52:11', '2021-08-21 01:52:11', NULL, 0, 'in_stock', NULL),
(61, 'B&O Play Mini Bluetooth Speaker', NULL, NULL, 'published', '[\"products\\/14.jpg\"]', 'SW-152-A0-A1', 0, 10, 0, 1, 0, NULL, NULL, 2, 1, 0, 0, 0, 559, NULL, NULL, NULL, 14.00, 18.00, 17.00, 702.00, NULL, NULL, NULL, NULL, NULL, '2021-08-21 01:52:11', '2021-08-21 01:52:11', NULL, 0, 'in_stock', NULL),
(62, 'B&O Play Mini Bluetooth Speaker', NULL, NULL, 'published', '[\"products\\/14.jpg\"]', 'SW-152-A0-A2', 0, 10, 0, 1, 0, NULL, NULL, 2, 1, 0, 0, 0, 559, NULL, NULL, NULL, 14.00, 18.00, 17.00, 702.00, NULL, NULL, NULL, NULL, NULL, '2021-08-21 01:52:11', '2021-08-21 01:52:11', NULL, 0, 'in_stock', NULL),
(63, 'Apple MacBook Air Retina 13.3-Inch Laptop', NULL, NULL, 'published', '[\"products\\/15.jpg\"]', 'SW-183-A0', 0, 13, 0, 1, 0, NULL, NULL, 3, 1, 0, 0, 0, 529, NULL, NULL, NULL, 14.00, 11.00, 11.00, 789.00, NULL, NULL, NULL, NULL, NULL, '2021-08-21 01:52:11', '2021-08-21 01:52:11', NULL, 0, 'in_stock', NULL),
(64, 'Apple MacBook Air Retina 13.3-Inch Laptop', NULL, NULL, 'published', '[\"products\\/15-1.jpg\"]', 'SW-183-A0-A1', 0, 13, 0, 1, 0, NULL, NULL, 3, 1, 0, 0, 0, 529, NULL, NULL, NULL, 14.00, 11.00, 11.00, 789.00, NULL, NULL, NULL, NULL, NULL, '2021-08-21 01:52:11', '2021-08-21 01:52:11', NULL, 0, 'in_stock', NULL),
(65, 'Apple MacBook Air Retina 13.3-Inch Laptop', NULL, NULL, 'published', '[\"products\\/15.jpg\"]', 'SW-183-A0-A2', 0, 13, 0, 1, 0, NULL, NULL, 3, 1, 0, 0, 0, 529, NULL, NULL, NULL, 14.00, 11.00, 11.00, 789.00, NULL, NULL, NULL, NULL, NULL, '2021-08-21 01:52:11', '2021-08-21 01:52:11', NULL, 0, 'in_stock', NULL),
(66, 'Apple MacBook Air Retina 12-Inch Laptop', NULL, NULL, 'published', '[\"products\\/16.jpg\"]', 'SW-141-A0', 0, 14, 0, 1, 0, NULL, NULL, 4, 1, 0, 0, 0, 526, 426.06, NULL, NULL, 19.00, 13.00, 11.00, 603.00, NULL, NULL, NULL, NULL, NULL, '2021-08-21 01:52:11', '2021-08-21 01:52:11', NULL, 0, 'in_stock', NULL),
(67, 'Apple MacBook Air Retina 12-Inch Laptop', NULL, NULL, 'published', '[\"products\\/16.jpg\"]', 'SW-141-A0-A1', 0, 14, 0, 1, 0, NULL, NULL, 4, 1, 0, 0, 0, 526, 473.4, NULL, NULL, 19.00, 13.00, 11.00, 603.00, NULL, NULL, NULL, NULL, NULL, '2021-08-21 01:52:11', '2021-08-21 01:52:11', NULL, 0, 'in_stock', NULL),
(68, 'Apple MacBook Air Retina 12-Inch Laptop', NULL, NULL, 'published', '[\"products\\/16.jpg\"]', 'SW-141-A0-A2', 0, 14, 0, 1, 0, NULL, NULL, 4, 1, 0, 0, 0, 526, 405.02, NULL, NULL, 19.00, 13.00, 11.00, 603.00, NULL, NULL, NULL, NULL, NULL, '2021-08-21 01:52:11', '2021-08-21 01:52:11', NULL, 0, 'in_stock', NULL),
(69, 'Samsung Gear VR Virtual Reality Headset', NULL, NULL, 'published', '[\"products\\/17.jpg\"]', 'SW-174-A0', 0, 20, 0, 1, 0, NULL, NULL, 3, 1, 0, 0, 0, 566, NULL, NULL, NULL, 12.00, 19.00, 14.00, 772.00, NULL, NULL, NULL, NULL, NULL, '2021-08-21 01:52:11', '2021-08-21 01:52:11', NULL, 0, 'in_stock', NULL),
(70, 'Samsung Gear VR Virtual Reality Headset', NULL, NULL, 'published', '[\"products\\/17-1.jpg\"]', 'SW-174-A0-A1', 0, 20, 0, 1, 0, NULL, NULL, 3, 1, 0, 0, 0, 566, NULL, NULL, NULL, 12.00, 19.00, 14.00, 772.00, NULL, NULL, NULL, NULL, NULL, '2021-08-21 01:52:11', '2021-08-21 01:52:11', NULL, 0, 'in_stock', NULL),
(71, 'Samsung Gear VR Virtual Reality Headset', NULL, NULL, 'published', '[\"products\\/17-2.jpg\"]', 'SW-174-A0-A2', 0, 20, 0, 1, 0, NULL, NULL, 3, 1, 0, 0, 0, 566, NULL, NULL, NULL, 12.00, 19.00, 14.00, 772.00, NULL, NULL, NULL, NULL, NULL, '2021-08-21 01:52:11', '2021-08-21 01:52:11', NULL, 0, 'in_stock', NULL),
(72, 'Aveeno Moisturizing Body Shower 450ml', NULL, NULL, 'published', '[\"products\\/18.jpg\"]', 'SW-134-A0', 0, 16, 0, 1, 0, NULL, NULL, 1, 1, 0, 0, 0, 1207, NULL, NULL, NULL, 15.00, 15.00, 10.00, 534.00, NULL, NULL, NULL, NULL, NULL, '2021-08-21 01:52:11', '2021-08-21 01:52:11', NULL, 0, 'in_stock', NULL),
(73, 'Aveeno Moisturizing Body Shower 450ml', NULL, NULL, 'published', '[\"products\\/18-1.jpg\"]', 'SW-134-A0-A1', 0, 16, 0, 1, 0, NULL, NULL, 1, 1, 0, 0, 0, 1207, NULL, NULL, NULL, 15.00, 15.00, 10.00, 534.00, NULL, NULL, NULL, NULL, NULL, '2021-08-21 01:52:11', '2021-08-21 01:52:11', NULL, 0, 'in_stock', NULL),
(74, 'Aveeno Moisturizing Body Shower 450ml', NULL, NULL, 'published', '[\"products\\/18-2.jpg\"]', 'SW-134-A0-A2', 0, 16, 0, 1, 0, NULL, NULL, 1, 1, 0, 0, 0, 1207, NULL, NULL, NULL, 15.00, 15.00, 10.00, 534.00, NULL, NULL, NULL, NULL, NULL, '2021-08-21 01:52:11', '2021-08-21 01:52:11', NULL, 0, 'in_stock', NULL),
(75, 'NYX Beauty Couton Pallete Makeup 12', NULL, NULL, 'published', '[\"products\\/19.jpg\"]', 'SW-180-A0', 0, 18, 0, 1, 0, NULL, NULL, 5, 1, 0, 0, 0, 1192, NULL, NULL, NULL, 12.00, 12.00, 19.00, 889.00, NULL, NULL, NULL, NULL, NULL, '2021-08-21 01:52:11', '2021-08-21 01:52:11', NULL, 0, 'in_stock', NULL),
(76, 'NYX Beauty Couton Pallete Makeup 12', NULL, NULL, 'published', '[\"products\\/20.jpg\"]', 'SW-194-A0', 0, 16, 0, 1, 0, NULL, NULL, 6, 1, 0, 0, 0, 719, 503.3, NULL, NULL, 18.00, 20.00, 17.00, 663.00, NULL, NULL, NULL, NULL, NULL, '2021-08-21 01:52:11', '2021-08-21 01:52:11', NULL, 0, 'in_stock', NULL),
(77, 'NYX Beauty Couton Pallete Makeup 12', NULL, NULL, 'published', '[\"products\\/20-1.jpg\"]', 'SW-194-A0-A1', 0, 16, 0, 1, 0, NULL, NULL, 6, 1, 0, 0, 0, 719, 524.87, NULL, NULL, 18.00, 20.00, 17.00, 663.00, NULL, NULL, NULL, NULL, NULL, '2021-08-21 01:52:11', '2021-08-21 01:52:11', NULL, 0, 'in_stock', NULL),
(78, 'NYX Beauty Couton Pallete Makeup 12', NULL, NULL, 'published', '[\"products\\/20-2.jpg\"]', 'SW-194-A0-A2', 0, 16, 0, 1, 0, NULL, NULL, 6, 1, 0, 0, 0, 719, 632.72, NULL, NULL, 18.00, 20.00, 17.00, 663.00, NULL, NULL, NULL, NULL, NULL, '2021-08-21 01:52:11', '2021-08-21 01:52:11', NULL, 0, 'in_stock', NULL),
(79, 'MVMTH Classical Leather Watch In Black', NULL, NULL, 'published', '[\"products\\/21.jpg\"]', 'SW-134-A0', 0, 17, 0, 1, 0, NULL, NULL, 5, 1, 0, 0, 0, 801, NULL, NULL, NULL, 16.00, 20.00, 20.00, 521.00, NULL, NULL, NULL, NULL, NULL, '2021-08-21 01:52:11', '2021-08-21 01:52:11', NULL, 0, 'in_stock', NULL),
(80, 'MVMTH Classical Leather Watch In Black', NULL, NULL, 'published', '[\"products\\/21-1.jpg\"]', 'SW-134-A0-A1', 0, 17, 0, 1, 0, NULL, NULL, 5, 1, 0, 0, 0, 801, NULL, NULL, NULL, 16.00, 20.00, 20.00, 521.00, NULL, NULL, NULL, NULL, NULL, '2021-08-21 01:52:11', '2021-08-21 01:52:11', NULL, 0, 'in_stock', NULL),
(81, 'MVMTH Classical Leather Watch In Black', NULL, NULL, 'published', '[\"products\\/21-2.jpg\"]', 'SW-134-A0-A2', 0, 17, 0, 1, 0, NULL, NULL, 5, 1, 0, 0, 0, 801, NULL, NULL, NULL, 16.00, 20.00, 20.00, 521.00, NULL, NULL, NULL, NULL, NULL, '2021-08-21 01:52:11', '2021-08-21 01:52:11', NULL, 0, 'in_stock', NULL),
(82, 'MVMTH Classical Leather Watch In Black', NULL, NULL, 'published', '[\"products\\/21.jpg\"]', 'SW-134-A0-A3', 0, 17, 0, 1, 0, NULL, NULL, 5, 1, 0, 0, 0, 801, NULL, NULL, NULL, 16.00, 20.00, 20.00, 521.00, NULL, NULL, NULL, NULL, NULL, '2021-08-21 01:52:11', '2021-08-21 01:52:11', NULL, 0, 'in_stock', NULL),
(83, 'Baxter Care Hair Kit For Bearded Mens', NULL, NULL, 'published', '[\"products\\/22.jpg\"]', 'SW-167-A0', 0, 18, 0, 1, 0, NULL, NULL, 3, 1, 0, 0, 0, 465, NULL, NULL, NULL, 19.00, 18.00, 14.00, 533.00, NULL, NULL, NULL, NULL, NULL, '2021-08-21 01:52:11', '2021-08-21 01:52:11', NULL, 0, 'in_stock', NULL),
(84, 'Ciate Palemore Lipstick Bold Red Color', NULL, NULL, 'published', '[\"products\\/23.jpg\"]', 'SW-113-A0', 0, 15, 0, 1, 0, NULL, NULL, 1, 1, 0, 0, 0, 1239, NULL, NULL, NULL, 11.00, 19.00, 11.00, 567.00, NULL, NULL, NULL, NULL, NULL, '2021-08-21 01:52:11', '2021-08-21 01:52:11', NULL, 0, 'in_stock', NULL),
(85, 'Ciate Palemore Lipstick Bold Red Color', NULL, NULL, 'published', '[\"products\\/23-1.jpg\"]', 'SW-113-A0-A1', 0, 15, 0, 1, 0, NULL, NULL, 1, 1, 0, 0, 0, 1239, NULL, NULL, NULL, 11.00, 19.00, 11.00, 567.00, NULL, NULL, NULL, NULL, NULL, '2021-08-21 01:52:11', '2021-08-21 01:52:11', NULL, 0, 'in_stock', NULL);

-- --------------------------------------------------------

--
-- Table structure for table `ec_products_translations`
--

CREATE TABLE `ec_products_translations` (
  `lang_code` varchar(191) COLLATE utf8mb4_unicode_ci NOT NULL,
  `ec_products_id` int(11) NOT NULL,
  `name` varchar(191) COLLATE utf8mb4_unicode_ci DEFAULT NULL,
  `description` text COLLATE utf8mb4_unicode_ci DEFAULT NULL,
  `content` text COLLATE utf8mb4_unicode_ci DEFAULT NULL
) ENGINE=InnoDB DEFAULT CHARSET=utf8mb4 COLLATE=utf8mb4_unicode_ci;

-- --------------------------------------------------------

--
-- Table structure for table `ec_product_attributes`
--

CREATE TABLE `ec_product_attributes` (
  `id` bigint(20) UNSIGNED NOT NULL,
  `attribute_set_id` int(10) UNSIGNED NOT NULL,
  `title` varchar(120) COLLATE utf8mb4_unicode_ci NOT NULL,
  `slug` varchar(120) COLLATE utf8mb4_unicode_ci DEFAULT NULL,
  `color` varchar(50) COLLATE utf8mb4_unicode_ci DEFAULT NULL,
  `image` varchar(191) COLLATE utf8mb4_unicode_ci DEFAULT NULL,
  `is_default` tinyint(3) UNSIGNED NOT NULL DEFAULT 0,
  `order` tinyint(3) UNSIGNED NOT NULL DEFAULT 0,
  `status` varchar(60) COLLATE utf8mb4_unicode_ci NOT NULL DEFAULT 'published',
  `created_at` timestamp NULL DEFAULT NULL,
  `updated_at` timestamp NULL DEFAULT NULL
) ENGINE=InnoDB DEFAULT CHARSET=utf8mb4 COLLATE=utf8mb4_unicode_ci;

--
-- Dumping data for table `ec_product_attributes`
--

INSERT INTO `ec_product_attributes` (`id`, `attribute_set_id`, `title`, `slug`, `color`, `image`, `is_default`, `order`, `status`, `created_at`, `updated_at`) VALUES
(1, 1, 'Green', 'green', '#5FB7D4', NULL, 1, 1, 'published', '2021-08-21 01:52:11', '2021-08-21 01:52:11'),
(2, 1, 'Blue', 'blue', '#333333', NULL, 0, 2, 'published', '2021-08-21 01:52:11', '2021-08-21 01:52:11'),
(3, 1, 'Red', 'red', '#DA323F', NULL, 0, 3, 'published', '2021-08-21 01:52:11', '2021-08-21 01:52:11'),
(4, 1, 'Black', 'back', '#2F366C', NULL, 0, 4, 'published', '2021-08-21 01:52:11', '2021-08-21 01:52:11'),
(5, 1, 'Brown', 'brown', '#87554B', NULL, 0, 5, 'published', '2021-08-21 01:52:11', '2021-08-21 01:52:11'),
(6, 2, 'S', 's', NULL, NULL, 1, 1, 'published', '2021-08-21 01:52:11', '2021-08-21 01:52:11'),
(7, 2, 'M', 'm', NULL, NULL, 1, 2, 'published', '2021-08-21 01:52:11', '2021-08-21 01:52:11'),
(8, 2, 'L', 'l', NULL, NULL, 1, 3, 'published', '2021-08-21 01:52:11', '2021-08-21 01:52:11'),
(9, 2, 'XL', 'xl', NULL, NULL, 1, 4, 'published', '2021-08-21 01:52:11', '2021-08-21 01:52:11'),
(10, 2, 'XXL', 'xxl', NULL, NULL, 1, 5, 'published', '2021-08-21 01:52:11', '2021-08-21 01:52:11');

-- --------------------------------------------------------

--
-- Table structure for table `ec_product_attributes_translations`
--

CREATE TABLE `ec_product_attributes_translations` (
  `lang_code` varchar(191) COLLATE utf8mb4_unicode_ci NOT NULL,
  `ec_product_attributes_id` int(11) NOT NULL,
  `title` varchar(191) COLLATE utf8mb4_unicode_ci DEFAULT NULL
) ENGINE=InnoDB DEFAULT CHARSET=utf8mb4 COLLATE=utf8mb4_unicode_ci;

-- --------------------------------------------------------

--
-- Table structure for table `ec_product_attribute_sets`
--

CREATE TABLE `ec_product_attribute_sets` (
  `id` bigint(20) UNSIGNED NOT NULL,
  `title` varchar(120) COLLATE utf8mb4_unicode_ci NOT NULL,
  `slug` varchar(120) COLLATE utf8mb4_unicode_ci DEFAULT NULL,
  `display_layout` varchar(191) COLLATE utf8mb4_unicode_ci NOT NULL DEFAULT 'swatch_dropdown',
  `is_searchable` tinyint(3) UNSIGNED NOT NULL DEFAULT 1,
  `is_comparable` tinyint(3) UNSIGNED NOT NULL DEFAULT 1,
  `is_use_in_product_listing` tinyint(3) UNSIGNED NOT NULL DEFAULT 0,
  `status` varchar(60) COLLATE utf8mb4_unicode_ci NOT NULL DEFAULT 'published',
  `order` tinyint(3) UNSIGNED NOT NULL DEFAULT 0,
  `created_at` timestamp NULL DEFAULT NULL,
  `updated_at` timestamp NULL DEFAULT NULL
) ENGINE=InnoDB DEFAULT CHARSET=utf8mb4 COLLATE=utf8mb4_unicode_ci;

--
-- Dumping data for table `ec_product_attribute_sets`
--

INSERT INTO `ec_product_attribute_sets` (`id`, `title`, `slug`, `display_layout`, `is_searchable`, `is_comparable`, `is_use_in_product_listing`, `status`, `order`, `created_at`, `updated_at`) VALUES
(1, 'Color', 'color', 'visual', 1, 1, 1, 'published', 0, '2021-08-21 01:52:11', '2021-08-21 01:52:11'),
(2, 'Size', 'size', 'text', 1, 1, 1, 'published', 1, '2021-08-21 01:52:11', '2021-08-21 01:52:11');

-- --------------------------------------------------------

--
-- Table structure for table `ec_product_attribute_sets_translations`
--

CREATE TABLE `ec_product_attribute_sets_translations` (
  `lang_code` varchar(191) COLLATE utf8mb4_unicode_ci NOT NULL,
  `ec_product_attribute_sets_id` int(11) NOT NULL,
  `title` varchar(191) COLLATE utf8mb4_unicode_ci DEFAULT NULL
) ENGINE=InnoDB DEFAULT CHARSET=utf8mb4 COLLATE=utf8mb4_unicode_ci;

-- --------------------------------------------------------

--
-- Table structure for table `ec_product_categories`
--

CREATE TABLE `ec_product_categories` (
  `id` bigint(20) UNSIGNED NOT NULL,
  `name` varchar(191) COLLATE utf8mb4_unicode_ci NOT NULL,
  `parent_id` int(10) UNSIGNED DEFAULT 0,
  `description` mediumtext COLLATE utf8mb4_unicode_ci DEFAULT NULL,
  `status` varchar(60) COLLATE utf8mb4_unicode_ci NOT NULL DEFAULT 'published',
  `order` int(10) UNSIGNED NOT NULL DEFAULT 0,
  `image` varchar(255) COLLATE utf8mb4_unicode_ci DEFAULT NULL,
  `is_featured` tinyint(3) UNSIGNED NOT NULL DEFAULT 0,
  `created_at` timestamp NULL DEFAULT NULL,
  `updated_at` timestamp NULL DEFAULT NULL
) ENGINE=InnoDB DEFAULT CHARSET=utf8mb4 COLLATE=utf8mb4_unicode_ci;

--
-- Dumping data for table `ec_product_categories`
--

INSERT INTO `ec_product_categories` (`id`, `name`, `parent_id`, `description`, `status`, `order`, `image`, `is_featured`, `created_at`, `updated_at`) VALUES
(1, 'Hot Promotions', 0, NULL, 'published', 0, NULL, 0, '2021-08-21 01:51:51', '2021-08-21 01:51:51'),
(2, 'Electronics', 0, NULL, 'published', 1, 'product-categories/1.jpg', 1, '2021-08-21 01:51:51', '2021-08-21 01:51:51'),
(3, 'Clothing', 0, NULL, 'published', 2, 'product-categories/2.jpg', 1, '2021-08-21 01:51:51', '2021-08-21 01:51:51'),
(4, 'Computers', 0, NULL, 'published', 3, 'product-categories/3.jpg', 1, '2021-08-21 01:51:51', '2021-08-21 01:51:51'),
(5, 'Home & Kitchen', 0, NULL, 'published', 4, 'product-categories/4.jpg', 1, '2021-08-21 01:51:51', '2021-08-21 01:51:51'),
(6, 'Health & Beauty', 0, NULL, 'published', 5, 'product-categories/5.jpg', 1, '2021-08-21 01:51:51', '2021-08-21 01:51:51'),
(7, 'Jewelry & Watch', 0, NULL, 'published', 6, 'product-categories/6.jpg', 1, '2021-08-21 01:51:51', '2021-08-21 01:51:51'),
(8, 'Technology Toys', 0, NULL, 'published', 7, 'product-categories/7.jpg', 1, '2021-08-21 01:51:51', '2021-08-21 01:51:51'),
(9, 'Phones', 0, NULL, 'published', 8, 'product-categories/8.jpg', 1, '2021-08-21 01:51:51', '2021-08-21 01:51:51'),
(10, 'Babies & Moms', 0, NULL, 'published', 9, NULL, 0, '2021-08-21 01:51:51', '2021-08-21 01:51:51'),
(11, 'Sport & Outdoor', 0, NULL, 'published', 10, NULL, 0, '2021-08-21 01:51:51', '2021-08-21 01:51:51'),
(12, 'Books & Office', 0, NULL, 'published', 11, NULL, 0, '2021-08-21 01:51:51', '2021-08-21 01:51:51'),
(13, 'Cars & Motorcycles', 0, NULL, 'published', 12, NULL, 0, '2021-08-21 01:51:51', '2021-08-21 01:51:51'),
(14, 'Home Improvements', 0, NULL, 'published', 13, NULL, 0, '2021-08-21 01:51:51', '2021-08-21 01:51:51'),
(15, 'Consumer Electronic', 2, NULL, 'published', 0, NULL, 0, '2021-08-21 01:51:51', '2021-08-21 01:51:51'),
(16, 'Accessories & Parts', 2, NULL, 'published', 0, NULL, 0, '2021-08-21 01:51:51', '2021-08-21 01:51:51'),
(17, 'Computer & Technologies', 4, NULL, 'published', 0, NULL, 0, '2021-08-21 01:51:51', '2021-08-21 01:51:51'),
(18, 'Networking', 4, NULL, 'published', 0, NULL, 0, '2021-08-21 01:51:51', '2021-08-21 01:51:51'),
(19, 'Home Audio & Theaters', 15, NULL, 'published', 0, NULL, 0, '2021-08-21 01:51:51', '2021-08-21 01:51:51'),
(20, 'TV & Videos', 15, NULL, 'published', 0, NULL, 0, '2021-08-21 01:51:51', '2021-08-21 01:51:51'),
(21, 'Camera, Photos & Videos', 15, NULL, 'published', 0, NULL, 0, '2021-08-21 01:51:51', '2021-08-21 01:51:51'),
(22, 'Cellphones & Accessories', 15, NULL, 'published', 0, NULL, 0, '2021-08-21 01:51:51', '2021-08-21 01:51:51'),
(23, 'Headphones', 15, NULL, 'published', 0, NULL, 0, '2021-08-21 01:51:51', '2021-08-21 01:51:51'),
(24, 'Videos games', 15, NULL, 'published', 0, NULL, 0, '2021-08-21 01:51:51', '2021-08-21 01:51:51'),
(25, 'Wireless Speakers', 15, NULL, 'published', 0, NULL, 0, '2021-08-21 01:51:51', '2021-08-21 01:51:51'),
(26, 'Office Electronic', 15, NULL, 'published', 0, NULL, 0, '2021-08-21 01:51:51', '2021-08-21 01:51:51'),
(27, 'Digital Cables', 16, NULL, 'published', 0, NULL, 0, '2021-08-21 01:51:51', '2021-08-21 01:51:51'),
(28, 'Audio & Video Cables', 16, NULL, 'published', 0, NULL, 0, '2021-08-21 01:51:51', '2021-08-21 01:51:51'),
(29, 'Batteries', 16, NULL, 'published', 0, NULL, 0, '2021-08-21 01:51:51', '2021-08-21 01:51:51'),
(30, 'Computer & Tablets', 17, NULL, 'published', 0, NULL, 0, '2021-08-21 01:51:51', '2021-08-21 01:51:51'),
(31, 'Laptop', 17, NULL, 'published', 0, NULL, 0, '2021-08-21 01:51:51', '2021-08-21 01:51:51'),
(32, 'Monitors', 17, NULL, 'published', 0, NULL, 0, '2021-08-21 01:51:51', '2021-08-21 01:51:51'),
(33, 'Computer Components', 17, NULL, 'published', 0, NULL, 0, '2021-08-21 01:51:51', '2021-08-21 01:51:51'),
(34, 'Drive & Storages', 18, NULL, 'published', 0, NULL, 0, '2021-08-21 01:51:51', '2021-08-21 01:51:51'),
(35, 'Gaming Laptop', 18, NULL, 'published', 0, NULL, 0, '2021-08-21 01:51:51', '2021-08-21 01:51:51'),
(36, 'Security & Protection', 18, NULL, 'published', 0, NULL, 0, '2021-08-21 01:51:51', '2021-08-21 01:51:51'),
(37, 'Accessories', 18, NULL, 'published', 0, NULL, 0, '2021-08-21 01:51:51', '2021-08-21 01:51:51');

-- --------------------------------------------------------

--
-- Table structure for table `ec_product_categories_translations`
--

CREATE TABLE `ec_product_categories_translations` (
  `lang_code` varchar(191) COLLATE utf8mb4_unicode_ci NOT NULL,
  `ec_product_categories_id` int(11) NOT NULL,
  `name` varchar(191) COLLATE utf8mb4_unicode_ci DEFAULT NULL,
  `description` text COLLATE utf8mb4_unicode_ci DEFAULT NULL
) ENGINE=InnoDB DEFAULT CHARSET=utf8mb4 COLLATE=utf8mb4_unicode_ci;

-- --------------------------------------------------------

--
-- Table structure for table `ec_product_category_product`
--

CREATE TABLE `ec_product_category_product` (
  `id` bigint(20) UNSIGNED NOT NULL,
  `category_id` int(10) UNSIGNED NOT NULL,
  `product_id` int(10) UNSIGNED NOT NULL
) ENGINE=InnoDB DEFAULT CHARSET=utf8mb4 COLLATE=utf8mb4_unicode_ci;

--
-- Dumping data for table `ec_product_category_product`
--

INSERT INTO `ec_product_category_product` (`id`, `category_id`, `product_id`) VALUES
(1, 23, 1),
(2, 16, 1),
(3, 9, 1),
(4, 36, 2),
(5, 32, 2),
(6, 18, 2),
(7, 16, 2),
(8, 4, 3),
(9, 14, 3),
(10, 35, 3),
(11, 15, 3),
(12, 13, 4),
(13, 10, 4),
(14, 14, 4),
(15, 16, 4),
(16, 30, 5),
(17, 6, 5),
(18, 17, 5),
(19, 15, 5),
(20, 32, 6),
(21, 35, 6),
(22, 30, 6),
(23, 17, 6),
(24, 15, 7),
(25, 36, 7),
(26, 11, 7),
(27, 16, 7),
(28, 20, 8),
(29, 14, 8),
(30, 12, 8),
(31, 15, 8),
(32, 25, 9),
(33, 15, 9),
(34, 18, 10),
(35, 30, 10),
(36, 21, 10),
(37, 17, 10),
(38, 23, 11),
(39, 33, 11),
(40, 11, 11),
(41, 17, 11),
(42, 21, 12),
(43, 19, 12),
(44, 13, 12),
(45, 17, 12),
(46, 6, 13),
(47, 28, 13),
(48, 25, 13),
(49, 15, 13),
(50, 12, 14),
(51, 29, 14),
(52, 27, 14),
(53, 15, 14),
(54, 23, 15),
(55, 3, 15),
(56, 11, 15),
(57, 16, 15),
(58, 2, 16),
(59, 35, 16),
(60, 12, 16),
(61, 15, 16),
(62, 6, 17),
(63, 21, 17),
(64, 37, 17),
(65, 17, 17),
(66, 2, 18),
(67, 9, 18),
(68, 15, 18),
(69, 20, 19),
(70, 9, 19),
(71, 35, 19),
(72, 16, 19),
(73, 4, 20),
(74, 3, 20),
(75, 19, 20),
(76, 16, 20),
(77, 4, 21),
(78, 26, 21),
(79, 16, 21),
(80, 15, 21),
(81, 9, 22),
(82, 2, 22),
(83, 22, 22),
(84, 15, 22),
(85, 29, 23),
(86, 27, 23),
(87, 5, 23),
(88, 16, 23);

-- --------------------------------------------------------

--
-- Table structure for table `ec_product_collections`
--

CREATE TABLE `ec_product_collections` (
  `id` bigint(20) UNSIGNED NOT NULL,
  `name` varchar(191) COLLATE utf8mb4_unicode_ci NOT NULL,
  `slug` varchar(191) COLLATE utf8mb4_unicode_ci NOT NULL,
  `description` varchar(400) COLLATE utf8mb4_unicode_ci DEFAULT NULL,
  `image` varchar(255) COLLATE utf8mb4_unicode_ci DEFAULT NULL,
  `status` varchar(60) COLLATE utf8mb4_unicode_ci NOT NULL DEFAULT 'published',
  `created_at` timestamp NULL DEFAULT NULL,
  `updated_at` timestamp NULL DEFAULT NULL,
  `is_featured` tinyint(3) UNSIGNED NOT NULL DEFAULT 0
) ENGINE=InnoDB DEFAULT CHARSET=utf8mb4 COLLATE=utf8mb4_unicode_ci;

--
-- Dumping data for table `ec_product_collections`
--

INSERT INTO `ec_product_collections` (`id`, `name`, `slug`, `description`, `image`, `status`, `created_at`, `updated_at`, `is_featured`) VALUES
(1, 'New Arrival', 'new-arrival', NULL, NULL, 'published', '2021-08-21 01:51:51', '2021-08-21 01:51:51', 0),
(2, 'Best Sellers', 'best-sellers', NULL, NULL, 'published', '2021-08-21 01:51:51', '2021-08-21 01:51:51', 0),
(3, 'Special Offer', 'special-offer', NULL, NULL, 'published', '2021-08-21 01:51:51', '2021-08-21 01:51:51', 0);

-- --------------------------------------------------------

--
-- Table structure for table `ec_product_collections_translations`
--

CREATE TABLE `ec_product_collections_translations` (
  `lang_code` varchar(191) COLLATE utf8mb4_unicode_ci NOT NULL,
  `ec_product_collections_id` int(11) NOT NULL,
  `name` varchar(191) COLLATE utf8mb4_unicode_ci DEFAULT NULL,
  `description` varchar(191) COLLATE utf8mb4_unicode_ci DEFAULT NULL
) ENGINE=InnoDB DEFAULT CHARSET=utf8mb4 COLLATE=utf8mb4_unicode_ci;

-- --------------------------------------------------------

--
-- Table structure for table `ec_product_collection_products`
--

CREATE TABLE `ec_product_collection_products` (
  `id` bigint(20) UNSIGNED NOT NULL,
  `product_collection_id` int(10) UNSIGNED NOT NULL,
  `product_id` int(10) UNSIGNED NOT NULL
) ENGINE=InnoDB DEFAULT CHARSET=utf8mb4 COLLATE=utf8mb4_unicode_ci;

--
-- Dumping data for table `ec_product_collection_products`
--

INSERT INTO `ec_product_collection_products` (`id`, `product_collection_id`, `product_id`) VALUES
(1, 2, 1),
(2, 3, 2),
(3, 1, 3),
(4, 3, 4),
(5, 1, 5),
(6, 1, 6),
(7, 3, 7),
(8, 1, 8),
(9, 2, 9),
(10, 1, 10),
(11, 2, 11),
(12, 2, 12),
(13, 2, 13),
(14, 3, 14),
(15, 1, 15),
(16, 2, 16),
(17, 2, 17),
(18, 2, 18),
(19, 2, 19),
(20, 3, 20),
(21, 2, 21),
(22, 3, 22),
(23, 1, 23);

-- --------------------------------------------------------

--
-- Table structure for table `ec_product_cross_sale_relations`
--

CREATE TABLE `ec_product_cross_sale_relations` (
  `id` bigint(20) UNSIGNED NOT NULL,
  `from_product_id` int(10) UNSIGNED NOT NULL,
  `to_product_id` int(10) UNSIGNED NOT NULL
) ENGINE=InnoDB DEFAULT CHARSET=utf8mb4 COLLATE=utf8mb4_unicode_ci;

--
-- Dumping data for table `ec_product_cross_sale_relations`
--

INSERT INTO `ec_product_cross_sale_relations` (`id`, `from_product_id`, `to_product_id`) VALUES
(14, 3, 12),
(39, 7, 10),
(48, 9, 18),
(55, 10, 6),
(61, 11, 12),
(67, 12, 19),
(68, 12, 18),
(78, 14, 5),
(93, 16, 20),
(116, 20, 16),
(130, 22, 13),
(142, 1, 8),
(143, 1, 19),
(148, 2, 16),
(150, 3, 7),
(152, 3, 6),
(160, 5, 18),
(162, 5, 7),
(165, 6, 8),
(166, 7, 4),
(168, 7, 18),
(172, 8, 3),
(175, 9, 13),
(183, 11, 3),
(192, 13, 2),
(196, 14, 17),
(200, 15, 5),
(201, 15, 9),
(202, 15, 17),
(209, 17, 14),
(211, 18, 14),
(213, 18, 4),
(218, 19, 17),
(220, 20, 15),
(221, 20, 19),
(225, 21, 17),
(227, 22, 17),
(232, 23, 16),
(233, 23, 18),
(235, 23, 6),
(236, 1, 13),
(237, 1, 6),
(238, 1, 17),
(239, 1, 20),
(240, 1, 15),
(241, 2, 12),
(242, 2, 6),
(243, 2, 11),
(244, 2, 20),
(245, 3, 15),
(246, 3, 9),
(247, 3, 13),
(248, 4, 7),
(249, 4, 10),
(250, 4, 1),
(251, 4, 8),
(252, 4, 6),
(253, 4, 16),
(254, 5, 12),
(255, 5, 20),
(256, 5, 10),
(257, 5, 16),
(258, 5, 3),
(259, 6, 18),
(260, 6, 11),
(261, 6, 2),
(262, 6, 14),
(263, 6, 10),
(264, 7, 1),
(265, 7, 11),
(266, 7, 16),
(267, 7, 9),
(268, 8, 7),
(269, 8, 19),
(270, 8, 13),
(271, 8, 11),
(272, 9, 19),
(273, 9, 7),
(274, 9, 4),
(275, 9, 8),
(276, 9, 17),
(277, 10, 18),
(278, 10, 19),
(279, 10, 8),
(280, 10, 15),
(281, 10, 5),
(282, 11, 10),
(283, 11, 8),
(284, 11, 13),
(285, 11, 14),
(286, 11, 4),
(287, 12, 13),
(288, 12, 7),
(289, 12, 3),
(290, 12, 20),
(291, 13, 3),
(292, 13, 18),
(293, 13, 5),
(294, 13, 19),
(295, 13, 6),
(296, 14, 12),
(297, 14, 6),
(298, 15, 4),
(299, 15, 12),
(300, 15, 16),
(301, 15, 20),
(302, 16, 2),
(303, 16, 18),
(304, 16, 9),
(305, 16, 7),
(306, 16, 17),
(307, 17, 5),
(308, 17, 15),
(309, 17, 2),
(310, 17, 7),
(311, 18, 6),
(312, 18, 15),
(313, 18, 16),
(314, 19, 12),
(315, 19, 5),
(316, 19, 10),
(317, 19, 6),
(318, 20, 1),
(319, 20, 14),
(320, 20, 5),
(321, 20, 3),
(322, 21, 6),
(323, 21, 1),
(324, 21, 9),
(325, 21, 16),
(326, 21, 19),
(327, 22, 14),
(328, 22, 10),
(329, 22, 1),
(330, 22, 12),
(331, 23, 19),
(332, 23, 13);

-- --------------------------------------------------------

--
-- Table structure for table `ec_product_labels`
--

CREATE TABLE `ec_product_labels` (
  `id` bigint(20) UNSIGNED NOT NULL,
  `name` varchar(255) COLLATE utf8mb4_unicode_ci NOT NULL,
  `color` varchar(120) COLLATE utf8mb4_unicode_ci DEFAULT NULL,
  `status` varchar(60) COLLATE utf8mb4_unicode_ci NOT NULL DEFAULT 'published',
  `created_at` timestamp NULL DEFAULT NULL,
  `updated_at` timestamp NULL DEFAULT NULL
) ENGINE=InnoDB DEFAULT CHARSET=utf8mb4 COLLATE=utf8mb4_unicode_ci;

--
-- Dumping data for table `ec_product_labels`
--

INSERT INTO `ec_product_labels` (`id`, `name`, `color`, `status`, `created_at`, `updated_at`) VALUES
(1, 'Hot', '#ec2434', 'published', '2021-08-21 01:51:51', '2021-08-21 01:51:51'),
(2, 'New', '#00c9a7', 'published', '2021-08-21 01:51:51', '2021-08-21 01:51:51'),
(3, 'Sale', '#fe9931', 'published', '2021-08-21 01:51:51', '2021-08-21 01:51:51');

-- --------------------------------------------------------

--
-- Table structure for table `ec_product_labels_translations`
--

CREATE TABLE `ec_product_labels_translations` (
  `lang_code` varchar(191) COLLATE utf8mb4_unicode_ci NOT NULL,
  `ec_product_labels_id` int(11) NOT NULL,
  `name` varchar(191) COLLATE utf8mb4_unicode_ci DEFAULT NULL,
  `description` varchar(191) COLLATE utf8mb4_unicode_ci DEFAULT NULL
) ENGINE=InnoDB DEFAULT CHARSET=utf8mb4 COLLATE=utf8mb4_unicode_ci;

-- --------------------------------------------------------

--
-- Table structure for table `ec_product_label_products`
--

CREATE TABLE `ec_product_label_products` (
  `product_label_id` int(10) UNSIGNED NOT NULL,
  `product_id` int(10) UNSIGNED NOT NULL
) ENGINE=InnoDB DEFAULT CHARSET=utf8mb4 COLLATE=utf8mb4_unicode_ci;

--
-- Dumping data for table `ec_product_label_products`
--

INSERT INTO `ec_product_label_products` (`product_label_id`, `product_id`) VALUES
(1, 15),
(2, 6),
(2, 12),
(2, 21),
(3, 3),
(3, 9),
(3, 18);

-- --------------------------------------------------------

--
-- Table structure for table `ec_product_related_relations`
--

CREATE TABLE `ec_product_related_relations` (
  `id` bigint(20) UNSIGNED NOT NULL,
  `from_product_id` int(10) UNSIGNED NOT NULL,
  `to_product_id` int(10) UNSIGNED NOT NULL
) ENGINE=InnoDB DEFAULT CHARSET=utf8mb4 COLLATE=utf8mb4_unicode_ci;

-- --------------------------------------------------------

--
-- Table structure for table `ec_product_tags`
--

CREATE TABLE `ec_product_tags` (
  `id` bigint(20) UNSIGNED NOT NULL,
  `name` varchar(120) COLLATE utf8mb4_unicode_ci NOT NULL,
  `description` varchar(400) COLLATE utf8mb4_unicode_ci DEFAULT NULL,
  `status` varchar(60) COLLATE utf8mb4_unicode_ci NOT NULL DEFAULT 'published',
  `created_at` timestamp NULL DEFAULT NULL,
  `updated_at` timestamp NULL DEFAULT NULL
) ENGINE=InnoDB DEFAULT CHARSET=utf8mb4 COLLATE=utf8mb4_unicode_ci;

--
-- Dumping data for table `ec_product_tags`
--

INSERT INTO `ec_product_tags` (`id`, `name`, `description`, `status`, `created_at`, `updated_at`) VALUES
(1, 'Electronic', NULL, 'published', '2021-08-21 01:52:15', '2021-08-21 01:52:15'),
(2, 'Mobile', NULL, 'published', '2021-08-21 01:52:15', '2021-08-21 01:52:15'),
(3, 'Iphone', NULL, 'published', '2021-08-21 01:52:15', '2021-08-21 01:52:15'),
(4, 'Printer', NULL, 'published', '2021-08-21 01:52:15', '2021-08-21 01:52:15'),
(5, 'Office', NULL, 'published', '2021-08-21 01:52:15', '2021-08-21 01:52:15'),
(6, 'IT', NULL, 'published', '2021-08-21 01:52:15', '2021-08-21 01:52:15');

-- --------------------------------------------------------

--
-- Table structure for table `ec_product_tag_product`
--

CREATE TABLE `ec_product_tag_product` (
  `product_id` int(10) UNSIGNED NOT NULL,
  `tag_id` int(10) UNSIGNED NOT NULL
) ENGINE=InnoDB DEFAULT CHARSET=utf8mb4 COLLATE=utf8mb4_unicode_ci;

--
-- Dumping data for table `ec_product_tag_product`
--

INSERT INTO `ec_product_tag_product` (`product_id`, `tag_id`) VALUES
(1, 1),
(1, 2),
(1, 6),
(2, 1),
(2, 3),
(2, 4),
(3, 3),
(3, 4),
(4, 2),
(4, 3),
(4, 4),
(5, 1),
(5, 2),
(5, 3),
(6, 2),
(6, 3),
(7, 1),
(7, 3),
(7, 6),
(8, 1),
(8, 5),
(8, 6),
(9, 2),
(9, 4),
(9, 6),
(10, 1),
(10, 4),
(10, 5),
(11, 1),
(11, 5),
(11, 6),
(12, 5),
(12, 6),
(13, 1),
(13, 2),
(13, 3),
(14, 1),
(14, 4),
(14, 6),
(15, 5),
(15, 6),
(16, 1),
(16, 6),
(17, 2),
(17, 3),
(17, 4),
(18, 2),
(18, 6),
(19, 2),
(19, 4),
(19, 5),
(20, 2),
(20, 5),
(20, 6),
(21, 2),
(21, 3),
(21, 6),
(22, 2),
(22, 4),
(23, 1),
(23, 2),
(23, 5);

-- --------------------------------------------------------

--
-- Table structure for table `ec_product_up_sale_relations`
--

CREATE TABLE `ec_product_up_sale_relations` (
  `id` bigint(20) UNSIGNED NOT NULL,
  `from_product_id` int(10) UNSIGNED NOT NULL,
  `to_product_id` int(10) UNSIGNED NOT NULL
) ENGINE=InnoDB DEFAULT CHARSET=utf8mb4 COLLATE=utf8mb4_unicode_ci;

-- --------------------------------------------------------

--
-- Table structure for table `ec_product_variations`
--

CREATE TABLE `ec_product_variations` (
  `id` bigint(20) UNSIGNED NOT NULL,
  `product_id` int(10) UNSIGNED DEFAULT NULL,
  `configurable_product_id` int(10) UNSIGNED NOT NULL,
  `is_default` tinyint(4) NOT NULL DEFAULT 0
) ENGINE=InnoDB DEFAULT CHARSET=utf8mb4 COLLATE=utf8mb4_unicode_ci;

--
-- Dumping data for table `ec_product_variations`
--

INSERT INTO `ec_product_variations` (`id`, `product_id`, `configurable_product_id`, `is_default`) VALUES
(1, 24, 1, 1),
(2, 25, 1, 0),
(3, 26, 1, 0),
(4, 27, 1, 0),
(5, 28, 1, 0),
(6, 29, 2, 1),
(7, 30, 2, 0),
(8, 31, 2, 0),
(9, 32, 3, 1),
(10, 33, 3, 0),
(11, 34, 4, 1),
(12, 35, 4, 0),
(13, 36, 5, 1),
(14, 37, 5, 0),
(15, 38, 5, 0),
(16, 39, 5, 0),
(17, 40, 6, 1),
(18, 41, 6, 0),
(19, 42, 6, 0),
(20, 43, 7, 1),
(21, 44, 7, 0),
(22, 45, 8, 1),
(23, 46, 8, 0),
(24, 47, 9, 1),
(25, 48, 9, 0),
(26, 49, 9, 0),
(27, 50, 9, 0),
(28, 51, 10, 1),
(29, 52, 10, 0),
(30, 53, 10, 0),
(31, 54, 11, 1),
(32, 55, 11, 0),
(33, 56, 11, 0),
(34, 57, 12, 1),
(35, 58, 13, 1),
(36, 59, 13, 0),
(37, 60, 14, 1),
(38, 61, 14, 0),
(39, 62, 14, 0),
(40, 63, 15, 1),
(41, 64, 15, 0),
(42, 65, 15, 0),
(43, 66, 16, 1),
(44, 67, 16, 0),
(45, 68, 16, 0),
(46, 69, 17, 1),
(47, 70, 17, 0),
(48, 71, 17, 0),
(49, 72, 18, 1),
(50, 73, 18, 0),
(51, 74, 18, 0),
(52, 75, 19, 1),
(53, 76, 20, 1),
(54, 77, 20, 0),
(55, 78, 20, 0),
(56, 79, 21, 1),
(57, 80, 21, 0),
(58, 81, 21, 0),
(59, 82, 21, 0),
(60, 83, 22, 1),
(61, 84, 23, 1),
(62, 85, 23, 0);

-- --------------------------------------------------------

--
-- Table structure for table `ec_product_variation_items`
--

CREATE TABLE `ec_product_variation_items` (
  `id` bigint(20) UNSIGNED NOT NULL,
  `attribute_id` int(10) UNSIGNED NOT NULL,
  `variation_id` int(10) UNSIGNED NOT NULL
) ENGINE=InnoDB DEFAULT CHARSET=utf8mb4 COLLATE=utf8mb4_unicode_ci;

--
-- Dumping data for table `ec_product_variation_items`
--

INSERT INTO `ec_product_variation_items` (`id`, `attribute_id`, `variation_id`) VALUES
(1, 2, 1),
(2, 7, 1),
(3, 1, 2),
(4, 9, 2),
(5, 4, 3),
(6, 9, 3),
(7, 1, 4),
(8, 9, 4),
(9, 4, 5),
(10, 10, 5),
(11, 4, 6),
(12, 8, 6),
(13, 2, 7),
(14, 6, 7),
(15, 3, 8),
(16, 9, 8),
(17, 4, 9),
(18, 10, 9),
(19, 1, 10),
(20, 7, 10),
(21, 3, 11),
(22, 10, 11),
(23, 4, 12),
(24, 8, 12),
(25, 1, 13),
(26, 9, 13),
(27, 4, 14),
(28, 9, 14),
(29, 4, 15),
(30, 8, 15),
(31, 1, 16),
(32, 8, 16),
(33, 1, 17),
(34, 10, 17),
(35, 5, 18),
(36, 8, 18),
(37, 3, 19),
(38, 9, 19),
(39, 5, 20),
(40, 10, 20),
(41, 4, 21),
(42, 8, 21),
(43, 3, 22),
(44, 6, 22),
(45, 2, 23),
(46, 10, 23),
(47, 1, 24),
(48, 7, 24),
(49, 2, 25),
(50, 8, 25),
(51, 5, 26),
(52, 6, 26),
(53, 1, 27),
(54, 10, 27),
(55, 3, 28),
(56, 8, 28),
(57, 4, 29),
(58, 10, 29),
(59, 2, 30),
(60, 8, 30),
(61, 5, 31),
(62, 8, 31),
(63, 5, 32),
(64, 8, 32),
(65, 3, 33),
(66, 8, 33),
(67, 4, 34),
(68, 7, 34),
(69, 2, 35),
(70, 9, 35),
(71, 2, 36),
(72, 6, 36),
(73, 4, 37),
(74, 10, 37),
(75, 2, 38),
(76, 8, 38),
(77, 3, 39),
(78, 6, 39),
(79, 1, 40),
(80, 8, 40),
(81, 2, 41),
(82, 7, 41),
(83, 4, 42),
(84, 9, 42),
(85, 5, 43),
(86, 10, 43),
(87, 5, 44),
(88, 9, 44),
(89, 1, 45),
(90, 9, 45),
(91, 1, 46),
(92, 7, 46),
(93, 1, 47),
(94, 8, 47),
(95, 1, 48),
(96, 7, 48),
(97, 5, 49),
(98, 8, 49),
(99, 2, 50),
(100, 8, 50),
(101, 5, 51),
(102, 7, 51),
(103, 2, 52),
(104, 6, 52),
(105, 2, 53),
(106, 7, 53),
(107, 5, 54),
(108, 6, 54),
(109, 1, 55),
(110, 8, 55),
(111, 2, 56),
(112, 6, 56),
(113, 2, 57),
(114, 8, 57),
(115, 4, 58),
(116, 8, 58),
(117, 5, 59),
(118, 10, 59),
(119, 5, 60),
(120, 9, 60),
(121, 4, 61),
(122, 8, 61),
(123, 5, 62),
(124, 8, 62);

-- --------------------------------------------------------

--
-- Table structure for table `ec_product_with_attribute`
--

CREATE TABLE `ec_product_with_attribute` (
  `id` bigint(20) UNSIGNED NOT NULL,
  `attribute_id` int(10) UNSIGNED NOT NULL,
  `product_id` int(10) UNSIGNED NOT NULL
) ENGINE=InnoDB DEFAULT CHARSET=utf8mb4 COLLATE=utf8mb4_unicode_ci;

--
-- Dumping data for table `ec_product_with_attribute`
--

INSERT INTO `ec_product_with_attribute` (`id`, `attribute_id`, `product_id`) VALUES
(1, 1, 1),
(2, 8, 1),
(3, 4, 2),
(4, 8, 2),
(5, 4, 3),
(6, 7, 3),
(7, 4, 4),
(8, 7, 4),
(9, 3, 5),
(10, 8, 5),
(11, 1, 6),
(12, 9, 6),
(13, 1, 7),
(14, 10, 7),
(15, 5, 8),
(16, 10, 8),
(17, 3, 9),
(18, 6, 9),
(19, 5, 10),
(20, 6, 10),
(21, 1, 11),
(22, 8, 11),
(23, 3, 12),
(24, 10, 12),
(25, 5, 13),
(26, 6, 13),
(27, 3, 14),
(28, 8, 14),
(29, 5, 15),
(30, 7, 15),
(31, 4, 16),
(32, 10, 16),
(33, 3, 17),
(34, 8, 17),
(35, 4, 18),
(36, 9, 18),
(37, 2, 19),
(38, 6, 19),
(39, 2, 20),
(40, 7, 20),
(41, 4, 21),
(42, 8, 21),
(43, 1, 22),
(44, 10, 22),
(45, 3, 23),
(46, 6, 23);

-- --------------------------------------------------------

--
-- Table structure for table `ec_product_with_attribute_set`
--

CREATE TABLE `ec_product_with_attribute_set` (
  `id` bigint(20) UNSIGNED NOT NULL,
  `attribute_set_id` int(10) UNSIGNED NOT NULL,
  `product_id` int(10) UNSIGNED NOT NULL,
  `order` tinyint(3) UNSIGNED NOT NULL DEFAULT 0
) ENGINE=InnoDB DEFAULT CHARSET=utf8mb4 COLLATE=utf8mb4_unicode_ci;

--
-- Dumping data for table `ec_product_with_attribute_set`
--

INSERT INTO `ec_product_with_attribute_set` (`id`, `attribute_set_id`, `product_id`, `order`) VALUES
(1, 1, 1, 0),
(2, 2, 1, 0),
(3, 1, 2, 0),
(4, 2, 2, 0),
(5, 1, 3, 0),
(6, 2, 3, 0),
(7, 1, 4, 0),
(8, 2, 4, 0),
(9, 1, 5, 0),
(10, 2, 5, 0),
(11, 1, 6, 0),
(12, 2, 6, 0),
(13, 1, 7, 0),
(14, 2, 7, 0),
(15, 1, 8, 0),
(16, 2, 8, 0),
(17, 1, 9, 0),
(18, 2, 9, 0),
(19, 1, 10, 0),
(20, 2, 10, 0),
(21, 1, 11, 0),
(22, 2, 11, 0),
(23, 1, 12, 0),
(24, 2, 12, 0),
(25, 1, 13, 0),
(26, 2, 13, 0),
(27, 1, 14, 0),
(28, 2, 14, 0),
(29, 1, 15, 0),
(30, 2, 15, 0),
(31, 1, 16, 0),
(32, 2, 16, 0),
(33, 1, 17, 0),
(34, 2, 17, 0),
(35, 1, 18, 0),
(36, 2, 18, 0),
(37, 1, 19, 0),
(38, 2, 19, 0),
(39, 1, 20, 0),
(40, 2, 20, 0),
(41, 1, 21, 0),
(42, 2, 21, 0),
(43, 1, 22, 0),
(44, 2, 22, 0),
(45, 1, 23, 0),
(46, 2, 23, 0);

-- --------------------------------------------------------

--
-- Table structure for table `ec_reviews`
--

CREATE TABLE `ec_reviews` (
  `id` bigint(20) UNSIGNED NOT NULL,
  `customer_id` int(10) UNSIGNED NOT NULL,
  `product_id` int(10) UNSIGNED NOT NULL,
  `star` double(8,2) NOT NULL,
  `comment` text COLLATE utf8mb4_unicode_ci NOT NULL,
  `status` varchar(60) COLLATE utf8mb4_unicode_ci NOT NULL DEFAULT 'published',
  `created_at` timestamp NULL DEFAULT NULL,
  `updated_at` timestamp NULL DEFAULT NULL
) ENGINE=InnoDB DEFAULT CHARSET=utf8mb4 COLLATE=utf8mb4_unicode_ci;

--
-- Dumping data for table `ec_reviews`
--

INSERT INTO `ec_reviews` (`id`, `customer_id`, `product_id`, `star`, `comment`, `status`, `created_at`, `updated_at`) VALUES
(1, 8, 79, 1.00, 'Quasi dolorem vitae repellat quia eligendi nam. Deleniti tempora aut est explicabo dolorem magni. Nulla tempora placeat et officia.', 'published', '2021-08-21 01:52:15', '2021-08-21 01:52:15'),
(2, 3, 34, 1.00, 'Perspiciatis quis aut perferendis beatae. Omnis illum quos quo vel itaque perspiciatis. Rerum consequuntur quaerat sapiente recusandae.', 'published', '2021-08-21 01:52:15', '2021-08-21 01:52:15'),
(3, 4, 47, 4.00, 'Nostrum atque vel voluptate distinctio. Fugit possimus qui a beatae. Amet ea eos distinctio velit autem expedita quos porro.', 'published', '2021-08-21 01:52:15', '2021-08-21 01:52:15'),
(4, 4, 73, 5.00, 'Voluptatem perferendis officia illo possimus odio unde. Animi officiis necessitatibus sed ut. Tenetur corrupti labore ut sit corrupti.', 'published', '2021-08-21 01:52:15', '2021-08-21 01:52:15'),
(5, 10, 37, 3.00, 'Quia dolorum aut perferendis. Quae repellat incidunt commodi velit non esse et. Quod consequatur vel omnis.', 'published', '2021-08-21 01:52:15', '2021-08-21 01:52:15'),
(6, 4, 11, 3.00, 'Et aut voluptatem quod blanditiis voluptate consequatur. Sint dolores laborum ipsam esse ullam.', 'published', '2021-08-21 01:52:15', '2021-08-21 01:52:15'),
(7, 5, 30, 2.00, 'Ut qui eum earum aliquid. Pariatur aspernatur ducimus dolores eum. Qui dolores cumque autem maiores consequatur enim. Sed blanditiis illo animi modi.', 'published', '2021-08-21 01:52:15', '2021-08-21 01:52:15'),
(8, 1, 39, 2.00, 'Qui commodi quis sequi velit. Voluptatem culpa nam quas esse deleniti consequatur laudantium. Ut amet qui in et.', 'published', '2021-08-21 01:52:15', '2021-08-21 01:52:15'),
(9, 7, 37, 3.00, 'Quia veniam ea omnis explicabo porro tenetur saepe. Ut facilis est eum. Quia facere ipsa quae non. Nobis at repellat velit est voluptate voluptatum.', 'published', '2021-08-21 01:52:15', '2021-08-21 01:52:15'),
(10, 10, 70, 2.00, 'Molestiae enim facere omnis qui aut in et. Quasi qui ipsum soluta cum. Ipsum qui velit dolores dolores iusto.', 'published', '2021-08-21 01:52:15', '2021-08-21 01:52:15'),
(11, 7, 60, 1.00, 'Numquam quisquam saepe quo aut. Voluptate distinctio error sed minus placeat labore. Unde nostrum nihil commodi est voluptatem nobis.', 'published', '2021-08-21 01:52:15', '2021-08-21 01:52:15'),
(12, 7, 25, 2.00, 'Voluptatem rem odit ut quibusdam voluptatem. Labore vel ut rerum. Quibusdam sequi qui quia sit.', 'published', '2021-08-21 01:52:15', '2021-08-21 01:52:15'),
(13, 9, 29, 3.00, 'Autem eveniet aut ratione sit odit. Ratione sunt qui officiis ipsa nobis ut.', 'published', '2021-08-21 01:52:15', '2021-08-21 01:52:15'),
(14, 10, 47, 4.00, 'Illum explicabo unde consequuntur eveniet. Aut et neque aut dolores perspiciatis excepturi. Culpa culpa doloribus sit blanditiis temporibus.', 'published', '2021-08-21 01:52:15', '2021-08-21 01:52:15'),
(15, 2, 73, 2.00, 'Nihil cumque ad est magni est. Et esse quia illo et aliquid expedita vel. Nobis aut eos aut.', 'published', '2021-08-21 01:52:15', '2021-08-21 01:52:15'),
(16, 9, 63, 1.00, 'Quo perferendis et rem amet velit. Consectetur odio rerum officia dolorem dolores. Commodi sunt aut non ex.', 'published', '2021-08-21 01:52:15', '2021-08-21 01:52:15'),
(17, 7, 60, 2.00, 'Ea et sint eveniet. Architecto doloremque ex recusandae aliquid dolores quod inventore.', 'published', '2021-08-21 01:52:15', '2021-08-21 01:52:15'),
(18, 10, 71, 3.00, 'Cupiditate repudiandae mollitia nihil velit et et recusandae ut. Saepe assumenda error aliquam praesentium. Consectetur rem ab aut consequatur.', 'published', '2021-08-21 01:52:15', '2021-08-21 01:52:15'),
(19, 8, 63, 3.00, 'Ut nobis aut aut optio corporis. Qui necessitatibus pariatur doloribus minima aut et. Nemo rerum qui sint eaque minus mollitia reiciendis quis.', 'published', '2021-08-21 01:52:15', '2021-08-21 01:52:15'),
(20, 1, 43, 1.00, 'Maiores autem laboriosam placeat qui facilis. Et maiores atque est porro qui aut aut.', 'published', '2021-08-21 01:52:15', '2021-08-21 01:52:15'),
(21, 2, 46, 1.00, 'Architecto fugiat magnam veniam eum aperiam id. Autem cumque qui et ratione earum.', 'published', '2021-08-21 01:52:15', '2021-08-21 01:52:15'),
(22, 7, 10, 1.00, 'Amet impedit doloremque quisquam possimus itaque vel praesentium. Aut et consequatur dicta. Animi ea et expedita expedita.', 'published', '2021-08-21 01:52:15', '2021-08-21 01:52:15'),
(23, 3, 68, 5.00, 'Aliquam non quod fugit quia. Aut ut dolores nihil a optio eum. Velit est id officiis omnis.', 'published', '2021-08-21 01:52:15', '2021-08-21 01:52:15'),
(24, 3, 35, 2.00, 'Aut minima porro rem nisi vel. Beatae id voluptas unde labore. Molestiae sed eum dolores adipisci.', 'published', '2021-08-21 01:52:15', '2021-08-21 01:52:15'),
(25, 5, 13, 4.00, 'Et fuga consectetur cum. Aut inventore nobis quia vel. Recusandae dignissimos non quis adipisci.', 'published', '2021-08-21 01:52:15', '2021-08-21 01:52:15'),
(26, 3, 13, 4.00, 'Incidunt quaerat nulla odit deleniti. Illum laborum quo quos quidem repellendus exercitationem est voluptatum.', 'published', '2021-08-21 01:52:15', '2021-08-21 01:52:15'),
(27, 10, 62, 1.00, 'Explicabo aspernatur beatae ut sed odit consequuntur. Ratione sunt non qui odit aut. Aliquam voluptatem voluptatem magni placeat delectus vel.', 'published', '2021-08-21 01:52:15', '2021-08-21 01:52:15'),
(28, 10, 13, 2.00, 'Provident voluptatem id quam nihil. Id consectetur magni porro assumenda. Molestiae rerum quas eos exercitationem.', 'published', '2021-08-21 01:52:15', '2021-08-21 01:52:15'),
(29, 6, 66, 1.00, 'Magnam at animi blanditiis repellendus debitis voluptatem. Magni dolorem autem temporibus quo laboriosam. Quis aut ut minus recusandae.', 'published', '2021-08-21 01:52:15', '2021-08-21 01:52:15'),
(30, 7, 3, 4.00, 'Ea rerum sunt commodi perferendis quo. Iste ipsa unde eligendi accusantium officia totam. Nihil odio nulla ut ut unde.', 'published', '2021-08-21 01:52:15', '2021-08-21 01:52:15'),
(31, 8, 68, 2.00, 'Impedit quo odit nemo ipsum. Velit atque doloremque molestiae. Quas sed recusandae vel optio laudantium cum.', 'published', '2021-08-21 01:52:15', '2021-08-21 01:52:15'),
(32, 3, 31, 1.00, 'Aut sed voluptatibus omnis facere. Et occaecati aliquam soluta in asperiores. Officiis voluptatem laborum magni architecto.', 'published', '2021-08-21 01:52:15', '2021-08-21 01:52:15'),
(33, 1, 12, 4.00, 'Odit ratione autem iste adipisci nihil. Incidunt et quia pariatur provident aut. Molestiae neque magni temporibus adipisci.', 'published', '2021-08-21 01:52:15', '2021-08-21 01:52:15'),
(34, 7, 83, 3.00, 'Fuga magnam sed aut. Neque non quia ut aut ut ut. Quos non in earum recusandae laudantium.', 'published', '2021-08-21 01:52:15', '2021-08-21 01:52:15'),
(35, 6, 24, 3.00, 'Sint corporis voluptate corrupti deleniti debitis asperiores consectetur. Eaque ratione tempora et debitis. Id velit et hic alias velit placeat eos.', 'published', '2021-08-21 01:52:15', '2021-08-21 01:52:15'),
(36, 8, 38, 5.00, 'Et ab provident qui fuga velit et eos excepturi. Est magni aut assumenda in. Odio et vero molestiae et aperiam voluptatibus iure.', 'published', '2021-08-21 01:52:15', '2021-08-21 01:52:15'),
(37, 7, 11, 1.00, 'Aut ut nam vero sed. Dolore inventore soluta explicabo labore ipsum nesciunt. Aspernatur sed dolor qui incidunt atque.', 'published', '2021-08-21 01:52:15', '2021-08-21 01:52:15'),
(38, 5, 74, 2.00, 'Quia voluptate voluptatem ad eaque. Eum ut est expedita maiores ut ullam aut est. Beatae omnis temporibus iure non rerum quia at consequatur.', 'published', '2021-08-21 01:52:15', '2021-08-21 01:52:15'),
(39, 6, 47, 1.00, 'Voluptatem aperiam quidem ducimus quis. Nihil et ea ea aut qui. Voluptate saepe ut rem nisi maxime nam illo dolor.', 'published', '2021-08-21 01:52:15', '2021-08-21 01:52:15'),
(40, 4, 53, 2.00, 'Repellat aliquam deleniti dolor. Aut natus minus non. Nemo mollitia non dolor.', 'published', '2021-08-21 01:52:15', '2021-08-21 01:52:15'),
(41, 1, 35, 5.00, 'Et quia recusandae optio vel perferendis aspernatur quas. Quibusdam quibusdam sint placeat in. Optio ad magni ab fuga.', 'published', '2021-08-21 01:52:15', '2021-08-21 01:52:15'),
(42, 4, 55, 3.00, 'Corporis rerum veritatis dolores. Aut iste iste alias. Officiis omnis aspernatur fuga. Illum est ipsum officiis laborum architecto eum quod.', 'published', '2021-08-21 01:52:15', '2021-08-21 01:52:15'),
(43, 5, 70, 2.00, 'Non architecto et excepturi. Molestias et est dolore temporibus illo. Illum ullam at alias voluptatum sit praesentium rem.', 'published', '2021-08-21 01:52:15', '2021-08-21 01:52:15'),
(44, 7, 14, 3.00, 'Aut non dolorem voluptates sed sed quam adipisci. Quas et perspiciatis commodi cupiditate molestiae. Quas cum sit eos eos molestiae.', 'published', '2021-08-21 01:52:15', '2021-08-21 01:52:15'),
(45, 10, 24, 2.00, 'Nihil quasi accusantium distinctio laboriosam vel quidem. Dolor sed et voluptas laboriosam repellat. Et assumenda et doloribus ipsum omnis et magnam.', 'published', '2021-08-21 01:52:15', '2021-08-21 01:52:15'),
(46, 2, 68, 1.00, 'Hic accusamus omnis molestiae eum velit. Non voluptatem expedita nisi est aut sed quod molestiae. Facilis placeat rerum soluta vero.', 'published', '2021-08-21 01:52:15', '2021-08-21 01:52:15'),
(47, 9, 38, 2.00, 'Quibusdam a est laborum sapiente sit ea dolor. Quas quod culpa reprehenderit voluptatem omnis veniam sequi. Enim ipsum illo aut et.', 'published', '2021-08-21 01:52:15', '2021-08-21 01:52:15'),
(48, 5, 50, 1.00, 'Voluptas sunt quia beatae error architecto. Ipsa minus qui voluptate. Alias hic dolor quia repellat sapiente.', 'published', '2021-08-21 01:52:15', '2021-08-21 01:52:15'),
(49, 8, 56, 2.00, 'Impedit consequatur quo quod neque illum molestiae. Nam blanditiis ipsa corrupti suscipit. Labore rerum qui eum fugiat cum cumque dolore.', 'published', '2021-08-21 01:52:15', '2021-08-21 01:52:15'),
(50, 10, 84, 3.00, 'Quaerat aperiam optio provident est quia quis dolores. Impedit nulla error ut dicta sed. Sit eos enim dolore cumque.', 'published', '2021-08-21 01:52:15', '2021-08-21 01:52:15');

-- --------------------------------------------------------

--
-- Table structure for table `ec_shipments`
--

CREATE TABLE `ec_shipments` (
  `id` bigint(20) UNSIGNED NOT NULL,
  `order_id` int(10) UNSIGNED NOT NULL,
  `user_id` int(10) UNSIGNED DEFAULT NULL,
  `weight` double(8,2) DEFAULT 0.00,
  `shipment_id` varchar(120) COLLATE utf8mb4_unicode_ci DEFAULT NULL,
  `note` varchar(120) COLLATE utf8mb4_unicode_ci DEFAULT NULL,
  `status` varchar(120) COLLATE utf8mb4_unicode_ci NOT NULL DEFAULT 'pending',
  `cod_amount` decimal(15,2) DEFAULT 0.00,
  `cod_status` varchar(60) COLLATE utf8mb4_unicode_ci NOT NULL DEFAULT 'pending',
  `cross_checking_status` varchar(60) COLLATE utf8mb4_unicode_ci NOT NULL DEFAULT 'pending',
  `price` decimal(15,2) DEFAULT 0.00,
  `store_id` int(10) UNSIGNED DEFAULT NULL,
  `created_at` timestamp NULL DEFAULT NULL,
  `updated_at` timestamp NULL DEFAULT NULL
) ENGINE=InnoDB DEFAULT CHARSET=utf8mb4 COLLATE=utf8mb4_unicode_ci;

--
-- Dumping data for table `ec_shipments`
--

INSERT INTO `ec_shipments` (`id`, `order_id`, `user_id`, `weight`, `shipment_id`, `note`, `status`, `cod_amount`, `cod_status`, `cross_checking_status`, `price`, `store_id`, `created_at`, `updated_at`) VALUES
(1, 1, NULL, 2316.00, NULL, '', 'approved', '0.00', 'completed', 'pending', '0.00', 0, '2021-08-21 01:52:26', '2021-08-21 01:52:26'),
(2, 2, NULL, 1563.00, NULL, '', 'approved', '0.00', 'completed', 'pending', '0.00', 0, '2021-08-21 01:52:26', '2021-08-21 01:52:26'),
(3, 3, NULL, 2679.00, NULL, '', 'delivered', '0.00', 'completed', 'pending', '0.00', 0, '2021-08-21 01:52:26', '2021-08-21 01:52:26'),
(4, 4, NULL, 2990.00, NULL, '', 'delivered', '0.00', 'completed', 'pending', '0.00', 0, '2021-08-21 01:52:26', '2021-08-21 01:52:26'),
(5, 5, NULL, 603.00, NULL, '', 'approved', '0.00', 'completed', 'pending', '0.00', 0, '2021-08-21 01:52:26', '2021-08-21 01:52:26'),
(6, 6, NULL, 3425.00, NULL, '', 'approved', '0.00', 'completed', 'pending', '0.00', 0, '2021-08-21 01:52:26', '2021-08-21 01:52:26'),
(7, 7, NULL, 772.00, NULL, '', 'delivered', '0.00', 'completed', 'pending', '0.00', 0, '2021-08-21 01:52:26', '2021-08-21 01:52:26'),
(8, 8, NULL, 1563.00, NULL, '', 'approved', '0.00', 'completed', 'pending', '0.00', 0, '2021-08-21 01:52:26', '2021-08-21 01:52:26'),
(9, 9, NULL, 2424.00, NULL, '', 'approved', '0.00', 'completed', 'pending', '0.00', 0, '2021-08-21 01:52:26', '2021-08-21 01:52:26'),
(10, 10, NULL, 2226.00, NULL, '', 'delivered', '0.00', 'completed', 'pending', '0.00', 0, '2021-08-21 01:52:26', '2021-08-21 01:52:26'),
(11, 11, NULL, 1404.00, NULL, '', 'approved', '0.00', 'completed', 'pending', '0.00', 0, '2021-08-21 01:52:26', '2021-08-21 01:52:26'),
(12, 12, NULL, 2367.00, NULL, '', 'delivered', '0.00', 'completed', 'pending', '0.00', 0, '2021-08-21 01:52:26', '2021-08-21 01:52:26'),
(13, 13, NULL, 4485.00, NULL, '', 'delivered', '0.00', 'completed', 'pending', '0.00', 0, '2021-08-21 01:52:26', '2021-08-21 01:52:26'),
(14, 14, NULL, 1809.00, NULL, '', 'approved', '0.00', 'completed', 'pending', '0.00', 0, '2021-08-21 01:52:26', '2021-08-21 01:52:26'),
(15, 15, NULL, 1586.00, NULL, '', 'approved', '0.00', 'completed', 'pending', '0.00', 0, '2021-08-21 01:52:26', '2021-08-21 01:52:26'),
(16, 16, NULL, 1484.00, NULL, '', 'delivered', '0.00', 'completed', 'pending', '0.00', 0, '2021-08-21 01:52:26', '2021-08-21 01:52:26'),
(17, 17, NULL, 702.00, NULL, '', 'delivered', '0.00', 'completed', 'pending', '0.00', 0, '2021-08-21 01:52:26', '2021-08-21 01:52:26'),
(18, 18, NULL, 1602.00, NULL, '', 'delivered', '0.00', 'completed', 'pending', '0.00', 0, '2021-08-21 01:52:26', '2021-08-21 01:52:26'),
(19, 19, NULL, 2679.00, NULL, '', 'approved', '0.00', 'completed', 'pending', '0.00', 0, '2021-08-21 01:52:26', '2021-08-21 01:52:26'),
(20, 20, NULL, 663.00, NULL, '', 'approved', '0.00', 'completed', 'pending', '0.00', 0, '2021-08-21 01:52:26', '2021-08-21 01:52:26'),
(21, 21, NULL, 2379.00, NULL, '', 'approved', '0.00', 'completed', 'pending', '0.00', 0, '2021-08-21 01:52:26', '2021-08-21 01:52:26'),
(22, 22, NULL, 2980.00, NULL, '', 'approved', '0.00', 'completed', 'pending', '0.00', 0, '2021-08-21 01:52:26', '2021-08-21 01:52:26'),
(23, 23, NULL, 663.00, NULL, '', 'delivered', '0.00', 'completed', 'pending', '0.00', 0, '2021-08-21 01:52:26', '2021-08-21 01:52:26'),
(24, 24, NULL, 847.00, NULL, '', 'delivered', '0.00', 'completed', 'pending', '0.00', 0, '2021-08-21 01:52:26', '2021-08-21 01:52:26'),
(25, 25, NULL, 1544.00, NULL, '', 'approved', '0.00', 'completed', 'pending', '0.00', 0, '2021-08-21 01:52:26', '2021-08-21 01:52:26'),
(26, 26, NULL, 3669.00, NULL, '', 'approved', '0.00', 'completed', 'pending', '0.00', 0, '2021-08-21 01:52:26', '2021-08-21 01:52:26'),
(27, 27, NULL, 533.00, NULL, '', 'approved', '0.00', 'completed', 'pending', '0.00', 0, '2021-08-21 01:52:26', '2021-08-21 01:52:26'),
(28, 28, NULL, 1066.00, NULL, '', 'delivered', '0.00', 'completed', 'pending', '0.00', 0, '2021-08-21 01:52:26', '2021-08-21 01:52:26'),
(29, 29, NULL, 1616.00, NULL, '', 'delivered', '0.00', 'completed', 'pending', '0.00', 0, '2021-08-21 01:52:26', '2021-08-21 01:52:26'),
(30, 30, NULL, 2355.00, NULL, '', 'approved', '0.00', 'completed', 'pending', '0.00', 0, '2021-08-21 01:52:26', '2021-08-21 01:52:26'),
(31, 31, NULL, 3388.00, NULL, '', 'approved', '0.00', 'completed', 'pending', '0.00', 0, '2021-08-21 01:52:26', '2021-08-21 01:52:26'),
(32, 32, NULL, 2379.00, NULL, '', 'approved', '0.00', 'completed', 'pending', '0.00', 0, '2021-08-21 01:52:26', '2021-08-21 01:52:26'),
(33, 33, NULL, 718.00, NULL, '', 'approved', '0.00', 'completed', 'pending', '0.00', 0, '2021-08-21 01:52:26', '2021-08-21 01:52:26'),
(34, 34, NULL, 567.00, NULL, '', 'approved', '0.00', 'completed', 'pending', '0.00', 0, '2021-08-21 01:52:26', '2021-08-21 01:52:26'),
(35, 35, NULL, 590.00, NULL, '', 'approved', '0.00', 'completed', 'pending', '0.00', 0, '2021-08-21 01:52:26', '2021-08-21 01:52:26'),
(36, 36, NULL, 1044.00, NULL, '', 'delivered', '0.00', 'completed', 'pending', '0.00', 0, '2021-08-21 01:52:27', '2021-08-21 01:52:27'),
(37, 37, NULL, 772.00, NULL, '', 'approved', '0.00', 'completed', 'pending', '0.00', 0, '2021-08-21 01:52:27', '2021-08-21 01:52:27'),
(38, 38, NULL, 1701.00, NULL, '', 'approved', '0.00', 'completed', 'pending', '0.00', 0, '2021-08-21 01:52:27', '2021-08-21 01:52:27'),
(39, 39, NULL, 1544.00, NULL, '', 'delivered', '0.00', 'completed', 'pending', '0.00', 0, '2021-08-21 01:52:27', '2021-08-21 01:52:27'),
(40, 40, NULL, 1315.00, NULL, '', 'approved', '0.00', 'completed', 'pending', '0.00', 0, '2021-08-21 01:52:27', '2021-08-21 01:52:27'),
(41, 41, NULL, 1586.00, NULL, '', 'delivered', '1793.40', 'completed', 'pending', '0.00', 0, '2021-08-21 01:52:27', '2021-08-21 01:52:27'),
(42, 42, NULL, 534.00, NULL, '', 'delivered', '0.00', 'completed', 'pending', '0.00', 0, '2021-08-21 01:52:27', '2021-08-21 01:52:27'),
(43, 43, NULL, 2679.00, NULL, '', 'approved', '0.00', 'completed', 'pending', '0.00', 0, '2021-08-21 01:52:27', '2021-08-21 01:52:27'),
(44, 44, NULL, 2607.00, NULL, '', 'approved', '0.00', 'completed', 'pending', '0.00', 0, '2021-08-21 01:52:27', '2021-08-21 01:52:27'),
(45, 45, NULL, 1786.00, NULL, '', 'approved', '0.00', 'completed', 'pending', '0.00', 0, '2021-08-21 01:52:27', '2021-08-21 01:52:27'),
(46, 46, NULL, 1484.00, NULL, '', 'delivered', '0.00', 'completed', 'pending', '0.00', 0, '2021-08-21 01:52:27', '2021-08-21 01:52:27'),
(47, 47, NULL, 1044.00, NULL, '', 'approved', '0.00', 'completed', 'pending', '0.00', 0, '2021-08-21 01:52:27', '2021-08-21 01:52:27'),
(48, 48, NULL, 1544.00, NULL, '', 'delivered', '0.00', 'completed', 'pending', '0.00', 0, '2021-08-21 01:52:27', '2021-08-21 01:52:27'),
(49, 49, NULL, 1602.00, NULL, '', 'delivered', '0.00', 'completed', 'pending', '0.00', 0, '2021-08-21 01:52:27', '2021-08-21 01:52:27'),
(50, 50, NULL, 1326.00, NULL, '', 'delivered', '1509.90', 'completed', 'pending', '0.00', 0, '2021-08-21 01:52:27', '2021-08-21 01:52:27');

-- --------------------------------------------------------

--
-- Table structure for table `ec_shipment_histories`
--

CREATE TABLE `ec_shipment_histories` (
  `id` bigint(20) UNSIGNED NOT NULL,
  `action` varchar(120) COLLATE utf8mb4_unicode_ci NOT NULL,
  `description` varchar(255) COLLATE utf8mb4_unicode_ci NOT NULL,
  `user_id` int(10) UNSIGNED DEFAULT NULL,
  `shipment_id` int(10) UNSIGNED NOT NULL,
  `order_id` int(10) UNSIGNED NOT NULL,
  `created_at` timestamp NULL DEFAULT NULL,
  `updated_at` timestamp NULL DEFAULT NULL
) ENGINE=InnoDB DEFAULT CHARSET=utf8mb4 COLLATE=utf8mb4_unicode_ci;

--
-- Dumping data for table `ec_shipment_histories`
--

INSERT INTO `ec_shipment_histories` (`id`, `action`, `description`, `user_id`, `shipment_id`, `order_id`, `created_at`, `updated_at`) VALUES
(1, 'create_from_order', 'Shipping was created from order %order_id%', 0, 1, 1, '2021-08-12 17:52:26', '2021-08-12 17:52:26'),
(2, 'update_status', 'Changed status of shipping to : Approved . Updated by: %user_name%', 0, 1, 1, '2021-08-19 09:52:26', '2021-08-21 01:52:26'),
(3, 'create_from_order', 'Shipping was created from order %order_id%', 0, 2, 2, '2021-08-07 17:52:26', '2021-08-07 17:52:26'),
(4, 'update_status', 'Changed status of shipping to : Approved . Updated by: %user_name%', 0, 2, 2, '2021-08-19 09:52:26', '2021-08-21 01:52:26'),
(5, 'create_from_order', 'Shipping was created from order %order_id%', 0, 3, 3, '2021-08-14 17:52:26', '2021-08-14 17:52:26'),
(6, 'update_status', 'Changed status of shipping to : Approved . Updated by: %user_name%', 0, 3, 3, '2021-08-19 11:52:26', '2021-08-21 01:52:26'),
(7, 'update_status', 'Changed status of shipping to : Delivered . Updated by: %user_name%', 0, 3, 3, '2021-08-21 01:52:26', '2021-08-21 01:52:26'),
(8, 'create_from_order', 'Shipping was created from order %order_id%', 0, 4, 4, '2021-08-08 09:52:26', '2021-08-08 09:52:26'),
(9, 'update_status', 'Changed status of shipping to : Approved . Updated by: %user_name%', 0, 4, 4, '2021-08-19 11:52:26', '2021-08-21 01:52:26'),
(10, 'update_status', 'Changed status of shipping to : Delivered . Updated by: %user_name%', 0, 4, 4, '2021-08-21 01:52:26', '2021-08-21 01:52:26'),
(11, 'create_from_order', 'Shipping was created from order %order_id%', 0, 5, 5, '2021-08-11 13:52:26', '2021-08-11 13:52:26'),
(12, 'update_status', 'Changed status of shipping to : Approved . Updated by: %user_name%', 0, 5, 5, '2021-08-19 11:52:26', '2021-08-21 01:52:26'),
(13, 'create_from_order', 'Shipping was created from order %order_id%', 0, 6, 6, '2021-08-19 13:52:26', '2021-08-19 13:52:26'),
(14, 'update_status', 'Changed status of shipping to : Approved . Updated by: %user_name%', 0, 6, 6, '2021-08-19 13:52:26', '2021-08-21 01:52:26'),
(15, 'create_from_order', 'Shipping was created from order %order_id%', 0, 7, 7, '2021-08-12 01:52:26', '2021-08-12 01:52:26'),
(16, 'update_status', 'Changed status of shipping to : Approved . Updated by: %user_name%', 0, 7, 7, '2021-08-19 13:52:26', '2021-08-21 01:52:26'),
(17, 'update_status', 'Changed status of shipping to : Delivered . Updated by: %user_name%', 0, 7, 7, '2021-08-21 01:52:26', '2021-08-21 01:52:26'),
(18, 'create_from_order', 'Shipping was created from order %order_id%', 0, 8, 8, '2021-08-19 13:52:26', '2021-08-19 13:52:26'),
(19, 'update_status', 'Changed status of shipping to : Approved . Updated by: %user_name%', 0, 8, 8, '2021-08-19 13:52:26', '2021-08-21 01:52:26'),
(20, 'create_from_order', 'Shipping was created from order %order_id%', 0, 9, 9, '2021-08-09 17:52:26', '2021-08-09 17:52:26'),
(21, 'update_status', 'Changed status of shipping to : Approved . Updated by: %user_name%', 0, 9, 9, '2021-08-19 15:52:26', '2021-08-21 01:52:26'),
(22, 'create_from_order', 'Shipping was created from order %order_id%', 0, 10, 10, '2021-08-18 05:52:26', '2021-08-18 05:52:26'),
(23, 'update_status', 'Changed status of shipping to : Approved . Updated by: %user_name%', 0, 10, 10, '2021-08-19 15:52:26', '2021-08-21 01:52:26'),
(24, 'update_status', 'Changed status of shipping to : Delivered . Updated by: %user_name%', 0, 10, 10, '2021-08-21 01:52:26', '2021-08-21 01:52:26'),
(25, 'create_from_order', 'Shipping was created from order %order_id%', 0, 11, 11, '2021-08-13 23:52:26', '2021-08-13 23:52:26'),
(26, 'update_status', 'Changed status of shipping to : Approved . Updated by: %user_name%', 0, 11, 11, '2021-08-19 15:52:26', '2021-08-21 01:52:26'),
(27, 'create_from_order', 'Shipping was created from order %order_id%', 0, 12, 12, '2021-08-09 17:52:26', '2021-08-09 17:52:26'),
(28, 'update_status', 'Changed status of shipping to : Approved . Updated by: %user_name%', 0, 12, 12, '2021-08-19 15:52:26', '2021-08-21 01:52:26'),
(29, 'update_status', 'Changed status of shipping to : Delivered . Updated by: %user_name%', 0, 12, 12, '2021-08-21 01:52:26', '2021-08-21 01:52:26'),
(30, 'create_from_order', 'Shipping was created from order %order_id%', 0, 13, 13, '2021-08-14 09:52:26', '2021-08-14 09:52:26'),
(31, 'update_status', 'Changed status of shipping to : Approved . Updated by: %user_name%', 0, 13, 13, '2021-08-19 17:52:26', '2021-08-21 01:52:26'),
(32, 'update_status', 'Changed status of shipping to : Delivered . Updated by: %user_name%', 0, 13, 13, '2021-08-21 01:52:26', '2021-08-21 01:52:26'),
(33, 'create_from_order', 'Shipping was created from order %order_id%', 0, 14, 14, '2021-08-19 17:52:26', '2021-08-19 17:52:26'),
(34, 'update_status', 'Changed status of shipping to : Approved . Updated by: %user_name%', 0, 14, 14, '2021-08-19 17:52:26', '2021-08-21 01:52:26'),
(35, 'create_from_order', 'Shipping was created from order %order_id%', 0, 15, 15, '2021-08-13 13:52:26', '2021-08-13 13:52:26'),
(36, 'update_status', 'Changed status of shipping to : Approved . Updated by: %user_name%', 0, 15, 15, '2021-08-19 19:52:26', '2021-08-21 01:52:26'),
(37, 'create_from_order', 'Shipping was created from order %order_id%', 0, 16, 16, '2021-08-17 07:52:26', '2021-08-17 07:52:26'),
(38, 'update_status', 'Changed status of shipping to : Approved . Updated by: %user_name%', 0, 16, 16, '2021-08-19 19:52:26', '2021-08-21 01:52:26'),
(39, 'update_status', 'Changed status of shipping to : Delivered . Updated by: %user_name%', 0, 16, 16, '2021-08-21 01:52:26', '2021-08-21 01:52:26'),
(40, 'create_from_order', 'Shipping was created from order %order_id%', 0, 17, 17, '2021-08-17 13:52:26', '2021-08-17 13:52:26'),
(41, 'update_status', 'Changed status of shipping to : Approved . Updated by: %user_name%', 0, 17, 17, '2021-08-19 21:52:26', '2021-08-21 01:52:26'),
(42, 'update_status', 'Changed status of shipping to : Delivered . Updated by: %user_name%', 0, 17, 17, '2021-08-21 01:52:26', '2021-08-21 01:52:26'),
(43, 'create_from_order', 'Shipping was created from order %order_id%', 0, 18, 18, '2021-08-14 01:52:26', '2021-08-14 01:52:26'),
(44, 'update_status', 'Changed status of shipping to : Approved . Updated by: %user_name%', 0, 18, 18, '2021-08-19 21:52:26', '2021-08-21 01:52:26'),
(45, 'update_status', 'Changed status of shipping to : Delivered . Updated by: %user_name%', 0, 18, 18, '2021-08-21 01:52:26', '2021-08-21 01:52:26'),
(46, 'create_from_order', 'Shipping was created from order %order_id%', 0, 19, 19, '2021-08-11 07:52:26', '2021-08-11 07:52:26'),
(47, 'update_status', 'Changed status of shipping to : Approved . Updated by: %user_name%', 0, 19, 19, '2021-08-19 23:52:26', '2021-08-21 01:52:26'),
(48, 'create_from_order', 'Shipping was created from order %order_id%', 0, 20, 20, '2021-08-10 05:52:26', '2021-08-10 05:52:26'),
(49, 'update_status', 'Changed status of shipping to : Approved . Updated by: %user_name%', 0, 20, 20, '2021-08-19 23:52:26', '2021-08-21 01:52:26'),
(50, 'create_from_order', 'Shipping was created from order %order_id%', 0, 21, 21, '2021-08-11 01:52:26', '2021-08-11 01:52:26'),
(51, 'update_status', 'Changed status of shipping to : Approved . Updated by: %user_name%', 0, 21, 21, '2021-08-20 01:52:26', '2021-08-21 01:52:26'),
(52, 'create_from_order', 'Shipping was created from order %order_id%', 0, 22, 22, '2021-08-20 01:52:26', '2021-08-20 01:52:26'),
(53, 'update_status', 'Changed status of shipping to : Approved . Updated by: %user_name%', 0, 22, 22, '2021-08-20 01:52:26', '2021-08-21 01:52:26'),
(54, 'create_from_order', 'Shipping was created from order %order_id%', 0, 23, 23, '2021-08-15 01:52:26', '2021-08-15 01:52:26'),
(55, 'update_status', 'Changed status of shipping to : Approved . Updated by: %user_name%', 0, 23, 23, '2021-08-20 01:52:26', '2021-08-21 01:52:26'),
(56, 'update_status', 'Changed status of shipping to : Delivered . Updated by: %user_name%', 0, 23, 23, '2021-08-21 01:52:26', '2021-08-21 01:52:26'),
(57, 'create_from_order', 'Shipping was created from order %order_id%', 0, 24, 24, '2021-08-14 15:52:26', '2021-08-14 15:52:26'),
(58, 'update_status', 'Changed status of shipping to : Approved . Updated by: %user_name%', 0, 24, 24, '2021-08-20 03:52:26', '2021-08-21 01:52:26'),
(59, 'update_status', 'Changed status of shipping to : Delivered . Updated by: %user_name%', 0, 24, 24, '2021-08-21 01:52:26', '2021-08-21 01:52:26'),
(60, 'create_from_order', 'Shipping was created from order %order_id%', 0, 25, 25, '2021-08-16 11:52:26', '2021-08-16 11:52:26'),
(61, 'update_status', 'Changed status of shipping to : Approved . Updated by: %user_name%', 0, 25, 25, '2021-08-20 03:52:26', '2021-08-21 01:52:26'),
(62, 'create_from_order', 'Shipping was created from order %order_id%', 0, 26, 26, '2021-08-13 13:52:26', '2021-08-13 13:52:26'),
(63, 'update_status', 'Changed status of shipping to : Approved . Updated by: %user_name%', 0, 26, 26, '2021-08-20 05:52:26', '2021-08-21 01:52:26'),
(64, 'create_from_order', 'Shipping was created from order %order_id%', 0, 27, 27, '2021-08-20 05:52:26', '2021-08-20 05:52:26'),
(65, 'update_status', 'Changed status of shipping to : Approved . Updated by: %user_name%', 0, 27, 27, '2021-08-20 05:52:26', '2021-08-21 01:52:26'),
(66, 'create_from_order', 'Shipping was created from order %order_id%', 0, 28, 28, '2021-08-19 13:52:26', '2021-08-19 13:52:26'),
(67, 'update_status', 'Changed status of shipping to : Approved . Updated by: %user_name%', 0, 28, 28, '2021-08-20 07:52:26', '2021-08-21 01:52:26'),
(68, 'update_status', 'Changed status of shipping to : Delivered . Updated by: %user_name%', 0, 28, 28, '2021-08-21 01:52:26', '2021-08-21 01:52:26'),
(69, 'create_from_order', 'Shipping was created from order %order_id%', 0, 29, 29, '2021-08-17 07:52:26', '2021-08-17 07:52:26'),
(70, 'update_status', 'Changed status of shipping to : Approved . Updated by: %user_name%', 0, 29, 29, '2021-08-20 07:52:26', '2021-08-21 01:52:26'),
(71, 'update_status', 'Changed status of shipping to : Delivered . Updated by: %user_name%', 0, 29, 29, '2021-08-21 01:52:26', '2021-08-21 01:52:26'),
(72, 'create_from_order', 'Shipping was created from order %order_id%', 0, 30, 30, '2021-08-18 19:52:26', '2021-08-18 19:52:26'),
(73, 'update_status', 'Changed status of shipping to : Approved . Updated by: %user_name%', 0, 30, 30, '2021-08-20 07:52:26', '2021-08-21 01:52:26'),
(74, 'create_from_order', 'Shipping was created from order %order_id%', 0, 31, 31, '2021-08-18 09:52:26', '2021-08-18 09:52:26'),
(75, 'update_status', 'Changed status of shipping to : Approved . Updated by: %user_name%', 0, 31, 31, '2021-08-20 09:52:26', '2021-08-21 01:52:26'),
(76, 'create_from_order', 'Shipping was created from order %order_id%', 0, 32, 32, '2021-08-18 09:52:26', '2021-08-18 09:52:26'),
(77, 'update_status', 'Changed status of shipping to : Approved . Updated by: %user_name%', 0, 32, 32, '2021-08-20 09:52:26', '2021-08-21 01:52:26'),
(78, 'create_from_order', 'Shipping was created from order %order_id%', 0, 33, 33, '2021-08-16 09:52:26', '2021-08-16 09:52:26'),
(79, 'update_status', 'Changed status of shipping to : Approved . Updated by: %user_name%', 0, 33, 33, '2021-08-20 09:52:26', '2021-08-21 01:52:26'),
(80, 'create_from_order', 'Shipping was created from order %order_id%', 0, 34, 34, '2021-08-17 13:52:26', '2021-08-17 13:52:26'),
(81, 'update_status', 'Changed status of shipping to : Approved . Updated by: %user_name%', 0, 34, 34, '2021-08-20 11:52:26', '2021-08-21 01:52:26'),
(82, 'create_from_order', 'Shipping was created from order %order_id%', 0, 35, 35, '2021-08-16 23:52:26', '2021-08-16 23:52:26'),
(83, 'update_status', 'Changed status of shipping to : Approved . Updated by: %user_name%', 0, 35, 35, '2021-08-20 11:52:26', '2021-08-21 01:52:26'),
(84, 'create_from_order', 'Shipping was created from order %order_id%', 0, 36, 36, '2021-08-18 03:52:27', '2021-08-18 03:52:27'),
(85, 'update_status', 'Changed status of shipping to : Approved . Updated by: %user_name%', 0, 36, 36, '2021-08-20 11:52:27', '2021-08-21 01:52:27'),
(86, 'update_status', 'Changed status of shipping to : Delivered . Updated by: %user_name%', 0, 36, 36, '2021-08-21 01:52:27', '2021-08-21 01:52:27'),
(87, 'create_from_order', 'Shipping was created from order %order_id%', 0, 37, 37, '2021-08-15 05:52:27', '2021-08-15 05:52:27'),
(88, 'update_status', 'Changed status of shipping to : Approved . Updated by: %user_name%', 0, 37, 37, '2021-08-20 11:52:27', '2021-08-21 01:52:27'),
(89, 'create_from_order', 'Shipping was created from order %order_id%', 0, 38, 38, '2021-08-18 01:52:27', '2021-08-18 01:52:27'),
(90, 'update_status', 'Changed status of shipping to : Approved . Updated by: %user_name%', 0, 38, 38, '2021-08-20 13:52:27', '2021-08-21 01:52:27'),
(91, 'create_from_order', 'Shipping was created from order %order_id%', 0, 39, 39, '2021-08-19 13:52:27', '2021-08-19 13:52:27'),
(92, 'update_status', 'Changed status of shipping to : Approved . Updated by: %user_name%', 0, 39, 39, '2021-08-20 13:52:27', '2021-08-21 01:52:27'),
(93, 'update_status', 'Changed status of shipping to : Delivered . Updated by: %user_name%', 0, 39, 39, '2021-08-21 01:52:27', '2021-08-21 01:52:27'),
(94, 'create_from_order', 'Shipping was created from order %order_id%', 0, 40, 40, '2021-08-19 19:52:27', '2021-08-19 19:52:27'),
(95, 'update_status', 'Changed status of shipping to : Approved . Updated by: %user_name%', 0, 40, 40, '2021-08-20 15:52:27', '2021-08-21 01:52:27'),
(96, 'create_from_order', 'Shipping was created from order %order_id%', 0, 41, 41, '2021-08-20 01:52:27', '2021-08-20 01:52:27'),
(97, 'update_status', 'Changed status of shipping to : Approved . Updated by: %user_name%', 0, 41, 41, '2021-08-20 17:52:27', '2021-08-21 01:52:27'),
(98, 'update_cod_status', 'Updated COD status to Completed . Updated by: %user_name%', 0, 41, 41, '2021-08-21 01:52:27', '2021-08-21 01:52:27'),
(99, 'update_status', 'Changed status of shipping to : Delivered . Updated by: %user_name%', 0, 41, 41, '2021-08-21 01:52:27', '2021-08-21 01:52:27'),
(100, 'create_from_order', 'Shipping was created from order %order_id%', 0, 42, 42, '2021-08-19 17:52:27', '2021-08-19 17:52:27'),
(101, 'update_status', 'Changed status of shipping to : Approved . Updated by: %user_name%', 0, 42, 42, '2021-08-20 17:52:27', '2021-08-21 01:52:27'),
(102, 'update_status', 'Changed status of shipping to : Delivered . Updated by: %user_name%', 0, 42, 42, '2021-08-21 01:52:27', '2021-08-21 01:52:27'),
(103, 'create_from_order', 'Shipping was created from order %order_id%', 0, 43, 43, '2021-08-19 07:52:27', '2021-08-19 07:52:27'),
(104, 'update_status', 'Changed status of shipping to : Approved . Updated by: %user_name%', 0, 43, 43, '2021-08-20 19:52:27', '2021-08-21 01:52:27'),
(105, 'create_from_order', 'Shipping was created from order %order_id%', 0, 44, 44, '2021-08-20 19:52:27', '2021-08-20 19:52:27'),
(106, 'update_status', 'Changed status of shipping to : Approved . Updated by: %user_name%', 0, 44, 44, '2021-08-20 19:52:27', '2021-08-21 01:52:27'),
(107, 'create_from_order', 'Shipping was created from order %order_id%', 0, 45, 45, '2021-08-19 13:52:27', '2021-08-19 13:52:27'),
(108, 'update_status', 'Changed status of shipping to : Approved . Updated by: %user_name%', 0, 45, 45, '2021-08-20 21:52:27', '2021-08-21 01:52:27'),
(109, 'create_from_order', 'Shipping was created from order %order_id%', 0, 46, 46, '2021-08-20 13:52:27', '2021-08-20 13:52:27'),
(110, 'update_status', 'Changed status of shipping to : Approved . Updated by: %user_name%', 0, 46, 46, '2021-08-20 21:52:27', '2021-08-21 01:52:27'),
(111, 'update_status', 'Changed status of shipping to : Delivered . Updated by: %user_name%', 0, 46, 46, '2021-08-21 01:52:27', '2021-08-21 01:52:27'),
(112, 'create_from_order', 'Shipping was created from order %order_id%', 0, 47, 47, '2021-08-20 15:52:27', '2021-08-20 15:52:27'),
(113, 'update_status', 'Changed status of shipping to : Approved . Updated by: %user_name%', 0, 47, 47, '2021-08-20 23:52:27', '2021-08-21 01:52:27'),
(114, 'create_from_order', 'Shipping was created from order %order_id%', 0, 48, 48, '2021-08-20 17:52:27', '2021-08-20 17:52:27'),
(115, 'update_status', 'Changed status of shipping to : Approved . Updated by: %user_name%', 0, 48, 48, '2021-08-20 23:52:27', '2021-08-21 01:52:27'),
(116, 'update_status', 'Changed status of shipping to : Delivered . Updated by: %user_name%', 0, 48, 48, '2021-08-21 01:52:27', '2021-08-21 01:52:27'),
(117, 'create_from_order', 'Shipping was created from order %order_id%', 0, 49, 49, '2021-08-20 13:52:27', '2021-08-20 13:52:27'),
(118, 'update_status', 'Changed status of shipping to : Approved . Updated by: %user_name%', 0, 49, 49, '2021-08-20 23:52:27', '2021-08-21 01:52:27'),
(119, 'update_status', 'Changed status of shipping to : Delivered . Updated by: %user_name%', 0, 49, 49, '2021-08-21 01:52:27', '2021-08-21 01:52:27'),
(120, 'create_from_order', 'Shipping was created from order %order_id%', 0, 50, 50, '2021-08-20 15:52:27', '2021-08-20 15:52:27'),
(121, 'update_status', 'Changed status of shipping to : Approved . Updated by: %user_name%', 0, 50, 50, '2021-08-20 23:52:27', '2021-08-21 01:52:27'),
(122, 'update_cod_status', 'Updated COD status to Completed . Updated by: %user_name%', 0, 50, 50, '2021-08-21 01:52:27', '2021-08-21 01:52:27'),
(123, 'update_status', 'Changed status of shipping to : Delivered . Updated by: %user_name%', 0, 50, 50, '2021-08-21 01:52:27', '2021-08-21 01:52:27');

-- --------------------------------------------------------

--
-- Table structure for table `ec_shipping`
--

CREATE TABLE `ec_shipping` (
  `id` bigint(20) UNSIGNED NOT NULL,
  `title` varchar(191) COLLATE utf8mb4_unicode_ci DEFAULT NULL,
  `country` varchar(120) COLLATE utf8mb4_unicode_ci DEFAULT NULL,
  `created_at` timestamp NULL DEFAULT NULL,
  `updated_at` timestamp NULL DEFAULT NULL
) ENGINE=InnoDB DEFAULT CHARSET=utf8mb4 COLLATE=utf8mb4_unicode_ci;

--
-- Dumping data for table `ec_shipping`
--

INSERT INTO `ec_shipping` (`id`, `title`, `country`, `created_at`, `updated_at`) VALUES
(1, 'All', NULL, '2021-08-21 01:52:15', '2021-08-21 01:52:15');

-- --------------------------------------------------------

--
-- Table structure for table `ec_shipping_rules`
--

CREATE TABLE `ec_shipping_rules` (
  `id` bigint(20) UNSIGNED NOT NULL,
  `name` varchar(120) COLLATE utf8mb4_unicode_ci NOT NULL,
  `shipping_id` int(10) UNSIGNED NOT NULL,
  `type` enum('base_on_price','base_on_weight') COLLATE utf8mb4_unicode_ci DEFAULT 'base_on_price',
  `from` decimal(15,2) DEFAULT 0.00,
  `to` decimal(15,2) DEFAULT 0.00,
  `price` decimal(15,2) DEFAULT 0.00,
  `created_at` timestamp NULL DEFAULT NULL,
  `updated_at` timestamp NULL DEFAULT NULL
) ENGINE=InnoDB DEFAULT CHARSET=utf8mb4 COLLATE=utf8mb4_unicode_ci;

--
-- Dumping data for table `ec_shipping_rules`
--

INSERT INTO `ec_shipping_rules` (`id`, `name`, `shipping_id`, `type`, `from`, `to`, `price`, `created_at`, `updated_at`) VALUES
(1, 'Delivery', 1, 'base_on_price', '0.00', NULL, '0.00', '2021-08-21 01:52:15', '2021-08-21 01:52:15');

-- --------------------------------------------------------

--
-- Table structure for table `ec_shipping_rule_items`
--

CREATE TABLE `ec_shipping_rule_items` (
  `id` bigint(20) UNSIGNED NOT NULL,
  `shipping_rule_id` int(10) UNSIGNED NOT NULL,
  `country` varchar(120) COLLATE utf8mb4_unicode_ci DEFAULT NULL,
  `state` varchar(120) COLLATE utf8mb4_unicode_ci DEFAULT NULL,
  `city` varchar(120) COLLATE utf8mb4_unicode_ci DEFAULT NULL,
  `adjustment_price` decimal(15,2) DEFAULT 0.00,
  `is_enabled` tinyint(1) NOT NULL DEFAULT 1,
  `created_at` timestamp NULL DEFAULT NULL,
  `updated_at` timestamp NULL DEFAULT NULL
) ENGINE=InnoDB DEFAULT CHARSET=utf8mb4 COLLATE=utf8mb4_unicode_ci;

-- --------------------------------------------------------

--
-- Table structure for table `ec_store_locators`
--

CREATE TABLE `ec_store_locators` (
  `id` bigint(20) UNSIGNED NOT NULL,
  `name` varchar(60) COLLATE utf8mb4_unicode_ci NOT NULL,
  `email` varchar(60) COLLATE utf8mb4_unicode_ci DEFAULT NULL,
  `phone` varchar(20) COLLATE utf8mb4_unicode_ci NOT NULL,
  `address` varchar(255) COLLATE utf8mb4_unicode_ci NOT NULL,
  `country` varchar(120) COLLATE utf8mb4_unicode_ci DEFAULT NULL,
  `state` varchar(120) COLLATE utf8mb4_unicode_ci DEFAULT NULL,
  `city` varchar(120) COLLATE utf8mb4_unicode_ci DEFAULT NULL,
  `is_primary` tinyint(1) DEFAULT 0,
  `is_shipping_location` tinyint(1) DEFAULT 1,
  `created_at` timestamp NULL DEFAULT NULL,
  `updated_at` timestamp NULL DEFAULT NULL
) ENGINE=InnoDB DEFAULT CHARSET=utf8mb4 COLLATE=utf8mb4_unicode_ci;

--
-- Dumping data for table `ec_store_locators`
--

INSERT INTO `ec_store_locators` (`id`, `name`, `email`, `phone`, `address`, `country`, `state`, `city`, `is_primary`, `is_shipping_location`, `created_at`, `updated_at`) VALUES
(1, 'Kamar', 'admin@gmail.com', '1800979769', '502 New Street', 'AU', 'Brighton VIC', 'Brighton VIC', 1, 1, '2021-08-21 01:52:22', '2021-10-27 12:35:26');

-- --------------------------------------------------------

--
-- Table structure for table `ec_taxes`
--

CREATE TABLE `ec_taxes` (
  `id` bigint(20) UNSIGNED NOT NULL,
  `title` varchar(191) COLLATE utf8mb4_unicode_ci DEFAULT NULL,
  `percentage` double(8,6) DEFAULT NULL,
  `priority` int(11) DEFAULT NULL,
  `status` varchar(60) COLLATE utf8mb4_unicode_ci NOT NULL DEFAULT 'published',
  `created_at` timestamp NULL DEFAULT NULL,
  `updated_at` timestamp NULL DEFAULT NULL
) ENGINE=InnoDB DEFAULT CHARSET=utf8mb4 COLLATE=utf8mb4_unicode_ci;

--
-- Dumping data for table `ec_taxes`
--

INSERT INTO `ec_taxes` (`id`, `title`, `percentage`, `priority`, `status`, `created_at`, `updated_at`) VALUES
(1, 'VAT', 10.000000, 1, 'published', '2021-08-21 01:52:15', '2021-08-21 01:52:15'),
(2, 'None', 0.000000, 2, 'published', '2021-08-21 01:52:15', '2021-08-21 01:52:15');

-- --------------------------------------------------------

--
-- Table structure for table `ec_wish_lists`
--

CREATE TABLE `ec_wish_lists` (
  `id` bigint(20) UNSIGNED NOT NULL,
  `customer_id` int(10) UNSIGNED NOT NULL,
  `product_id` int(10) UNSIGNED NOT NULL,
  `created_at` timestamp NULL DEFAULT NULL,
  `updated_at` timestamp NULL DEFAULT NULL
) ENGINE=InnoDB DEFAULT CHARSET=utf8mb4 COLLATE=utf8mb4_unicode_ci;

-- --------------------------------------------------------

--
-- Table structure for table `failed_jobs`
--

CREATE TABLE `failed_jobs` (
  `id` bigint(20) UNSIGNED NOT NULL,
  `uuid` varchar(191) COLLATE utf8mb4_unicode_ci NOT NULL,
  `connection` text COLLATE utf8mb4_unicode_ci NOT NULL,
  `queue` text COLLATE utf8mb4_unicode_ci NOT NULL,
  `payload` longtext COLLATE utf8mb4_unicode_ci NOT NULL,
  `exception` longtext COLLATE utf8mb4_unicode_ci NOT NULL,
  `failed_at` timestamp NOT NULL DEFAULT current_timestamp()
) ENGINE=InnoDB DEFAULT CHARSET=utf8mb4 COLLATE=utf8mb4_unicode_ci;

-- --------------------------------------------------------

--
-- Table structure for table `faqs`
--

CREATE TABLE `faqs` (
  `id` bigint(20) UNSIGNED NOT NULL,
  `question` text COLLATE utf8mb4_unicode_ci NOT NULL,
  `answer` text COLLATE utf8mb4_unicode_ci NOT NULL,
  `category_id` int(10) UNSIGNED NOT NULL,
  `status` varchar(60) COLLATE utf8mb4_unicode_ci NOT NULL DEFAULT 'published',
  `created_at` timestamp NULL DEFAULT NULL,
  `updated_at` timestamp NULL DEFAULT NULL
) ENGINE=InnoDB DEFAULT CHARSET=utf8mb4 COLLATE=utf8mb4_unicode_ci;

--
-- Dumping data for table `faqs`
--

INSERT INTO `faqs` (`id`, `question`, `answer`, `category_id`, `status`, `created_at`, `updated_at`) VALUES
(1, 'What Shipping Methods Are Available?', 'Ex Portland Pitchfork irure mustache. Eutra fap before they sold out literally. Aliquip ugh bicycle rights actually mlkshk, seitan squid craft beer tempor.', 1, 'published', '2021-08-21 01:52:22', '2021-08-21 01:52:22'),
(2, 'Do You Ship Internationally?', 'Hoodie tote bag mixtape tofu. Typewriter jean shorts wolf quinoa, messenger bag organic freegan cray.', 1, 'published', '2021-08-21 01:52:22', '2021-08-21 01:52:22'),
(3, 'How Long Will It Take To Get My Package?', 'Swag slow-carb quinoa VHS typewriter pork belly brunch, paleo single-origin coffee Wes Anderson. Flexitarian Pitchfork forage, literally paleo fap pour-over. Wes Anderson Pinterest YOLO fanny pack meggings, deep v XOXO chambray sustainable slow-carb raw denim church-key fap chillwave Etsy. +1 typewriter kitsch, American Apparel tofu Banksy Vice.', 1, 'published', '2021-08-21 01:52:22', '2021-08-21 01:52:22'),
(4, 'What Payment Methods Are Accepted?', 'Fashion axe DIY jean shorts, swag kale chips meh polaroid kogi butcher Wes Anderson chambray next level semiotics gentrify yr. Voluptate photo booth fugiat Vice. Austin sed Williamsburg, ea labore raw denim voluptate cred proident mixtape excepteur mustache. Twee chia photo booth readymade food truck, hoodie roof party swag keytar PBR DIY.', 2, 'published', '2021-08-21 01:52:22', '2021-08-21 01:52:22'),
(5, 'Is Buying On-Line Safe?', 'Art party authentic freegan semiotics jean shorts chia cred. Neutra Austin roof party Brooklyn, synth Thundercats swag 8-bit photo booth. Plaid letterpress leggings craft beer meh ethical Pinterest.', 2, 'published', '2021-08-21 01:52:22', '2021-08-21 01:52:22'),
(6, 'How do I place an Order?', 'Keytar cray slow-carb, Godard banh mi salvia pour-over. Slow-carb Odd Future seitan normcore. Master cleanse American Apparel gentrify flexitarian beard slow-carb next level. Raw denim polaroid paleo farm-to-table, put a bird on it lo-fi tattooed Wes Anderson Pinterest letterpress. Fingerstache McSweeney’s pour-over, letterpress Schlitz photo booth master cleanse bespoke hashtag chillwave gentrify.', 3, 'published', '2021-08-21 01:52:22', '2021-08-21 01:52:22'),
(7, 'How Can I Cancel Or Change My Order?', 'Plaid letterpress leggings craft beer meh ethical Pinterest. Art party authentic freegan semiotics jean shorts chia cred. Neutra Austin roof party Brooklyn, synth Thundercats swag 8-bit photo booth.', 3, 'published', '2021-08-21 01:52:22', '2021-08-21 01:52:22'),
(8, 'Do I need an account to place an order?', 'Thundercats swag 8-bit photo booth. Plaid letterpress leggings craft beer meh ethical Pinterest. Twee chia photo booth readymade food truck, hoodie roof party swag keytar PBR DIY. Cray ugh 3 wolf moon fap, fashion axe irony butcher cornhole typewriter chambray VHS banjo street art.', 3, 'published', '2021-08-21 01:52:22', '2021-08-21 01:52:22'),
(9, 'How Do I Track My Order?', 'Keytar cray slow-carb, Godard banh mi salvia pour-over. Slow-carb @Odd Future seitan normcore. Master cleanse American Apparel gentrify flexitarian beard slow-carb next level.', 3, 'published', '2021-08-21 01:52:22', '2021-08-21 01:52:22'),
(10, 'How Can I Return a Product?', 'Kale chips Truffaut Williamsburg, hashtag fixie Pinterest raw denim c hambray drinking vinegar Carles street art Bushwick gastropub. Wolf Tumblr paleo church-key. Plaid food truck Echo Park YOLO bitters hella, direct trade Thundercats leggings quinoa before they sold out. You probably haven’t heard of them wayfarers authentic umami drinking vinegar Pinterest Cosby sweater, fingerstache fap High Life.', 3, 'published', '2021-08-21 01:52:22', '2021-08-21 01:52:22');

-- --------------------------------------------------------

--
-- Table structure for table `faq_categories`
--

CREATE TABLE `faq_categories` (
  `id` bigint(20) UNSIGNED NOT NULL,
  `name` varchar(120) COLLATE utf8mb4_unicode_ci NOT NULL,
  `order` tinyint(4) NOT NULL DEFAULT 0,
  `status` varchar(60) COLLATE utf8mb4_unicode_ci NOT NULL DEFAULT 'published',
  `created_at` timestamp NULL DEFAULT NULL,
  `updated_at` timestamp NULL DEFAULT NULL
) ENGINE=InnoDB DEFAULT CHARSET=utf8mb4 COLLATE=utf8mb4_unicode_ci;

--
-- Dumping data for table `faq_categories`
--

INSERT INTO `faq_categories` (`id`, `name`, `order`, `status`, `created_at`, `updated_at`) VALUES
(1, 'SHIPPING', 0, 'published', '2021-08-21 01:52:22', '2021-08-21 01:52:22'),
(2, 'PAYMENT', 1, 'published', '2021-08-21 01:52:22', '2021-08-21 01:52:22'),
(3, 'Order & Returns', 2, 'published', '2021-08-21 01:52:22', '2021-08-21 01:52:22');

-- --------------------------------------------------------

--
-- Table structure for table `jobs`
--

CREATE TABLE `jobs` (
  `id` bigint(20) UNSIGNED NOT NULL,
  `queue` varchar(191) COLLATE utf8mb4_unicode_ci NOT NULL,
  `payload` longtext COLLATE utf8mb4_unicode_ci NOT NULL,
  `attempts` tinyint(3) UNSIGNED NOT NULL,
  `reserved_at` int(10) UNSIGNED DEFAULT NULL,
  `available_at` int(10) UNSIGNED NOT NULL,
  `created_at` int(10) UNSIGNED NOT NULL
) ENGINE=InnoDB DEFAULT CHARSET=utf8mb4 COLLATE=utf8mb4_unicode_ci;

-- --------------------------------------------------------

--
-- Table structure for table `media_files`
--

CREATE TABLE `media_files` (
  `id` bigint(20) UNSIGNED NOT NULL,
  `user_id` int(10) UNSIGNED NOT NULL,
  `name` varchar(255) COLLATE utf8mb4_unicode_ci NOT NULL,
  `folder_id` int(10) UNSIGNED NOT NULL DEFAULT 0,
  `mime_type` varchar(120) COLLATE utf8mb4_unicode_ci NOT NULL,
  `size` int(11) NOT NULL,
  `url` varchar(255) COLLATE utf8mb4_unicode_ci NOT NULL,
  `options` text COLLATE utf8mb4_unicode_ci DEFAULT NULL,
  `created_at` timestamp NULL DEFAULT NULL,
  `updated_at` timestamp NULL DEFAULT NULL,
  `deleted_at` timestamp NULL DEFAULT NULL
) ENGINE=InnoDB DEFAULT CHARSET=utf8mb4 COLLATE=utf8mb4_unicode_ci;

--
-- Dumping data for table `media_files`
--

INSERT INTO `media_files` (`id`, `user_id`, `name`, `folder_id`, `mime_type`, `size`, `url`, `options`, `created_at`, `updated_at`, `deleted_at`) VALUES
(245, 0, '1', 17, 'image/jpeg', 2200, 'brands/1.jpg', '[]', '2021-08-21 01:51:49', '2021-08-21 01:51:49', NULL),
(246, 0, '2', 17, 'image/jpeg', 2685, 'brands/2.jpg', '[]', '2021-08-21 01:51:49', '2021-08-21 01:51:49', NULL),
(247, 0, '3', 17, 'image/jpeg', 2311, 'brands/3.jpg', '[]', '2021-08-21 01:51:49', '2021-08-21 01:51:49', NULL),
(248, 0, '4', 17, 'image/jpeg', 2374, 'brands/4.jpg', '[]', '2021-08-21 01:51:49', '2021-08-21 01:51:49', NULL),
(249, 0, '5', 17, 'image/jpeg', 1927, 'brands/5.jpg', '[]', '2021-08-21 01:51:50', '2021-08-21 01:51:50', NULL),
(250, 0, '6', 17, 'image/jpeg', 2519, 'brands/6.jpg', '[]', '2021-08-21 01:51:50', '2021-08-21 01:51:50', NULL),
(251, 0, '7', 17, 'image/jpeg', 3043, 'brands/7.jpg', '[]', '2021-08-21 01:51:50', '2021-08-21 01:51:50', NULL),
(252, 0, '1', 18, 'image/jpeg', 5173, 'product-categories/1.jpg', '[]', '2021-08-21 01:51:50', '2021-08-21 01:51:50', NULL),
(253, 0, '2', 18, 'image/jpeg', 7355, 'product-categories/2.jpg', '[]', '2021-08-21 01:51:50', '2021-08-21 01:51:50', NULL),
(254, 0, '3', 18, 'image/jpeg', 4427, 'product-categories/3.jpg', '[]', '2021-08-21 01:51:50', '2021-08-21 01:51:50', NULL),
(255, 0, '4', 18, 'image/jpeg', 2963, 'product-categories/4.jpg', '[]', '2021-08-21 01:51:50', '2021-08-21 01:51:50', NULL),
(256, 0, '5', 18, 'image/jpeg', 5016, 'product-categories/5.jpg', '[]', '2021-08-21 01:51:50', '2021-08-21 01:51:50', NULL),
(257, 0, '6', 18, 'image/jpeg', 4101, 'product-categories/6.jpg', '[]', '2021-08-21 01:51:50', '2021-08-21 01:51:50', NULL),
(258, 0, '7', 18, 'image/jpeg', 2576, 'product-categories/7.jpg', '[]', '2021-08-21 01:51:51', '2021-08-21 01:51:51', NULL),
(259, 0, '8', 18, 'image/jpeg', 4670, 'product-categories/8.jpg', '[]', '2021-08-21 01:51:51', '2021-08-21 01:51:51', NULL),
(260, 0, '1', 19, 'image/jpeg', 4911, 'products/1.jpg', '[]', '2021-08-21 01:51:51', '2021-08-21 01:51:51', NULL),
(261, 0, '10-1', 19, 'image/jpeg', 120755, 'products/10-1.jpg', '[]', '2021-08-21 01:51:51', '2021-08-21 01:51:51', NULL),
(262, 0, '10-2', 19, 'image/jpeg', 148563, 'products/10-2.jpg', '[]', '2021-08-21 01:51:52', '2021-08-21 01:51:52', NULL),
(263, 0, '10', 19, 'image/jpeg', 11176, 'products/10.jpg', '[]', '2021-08-21 01:51:52', '2021-08-21 01:51:52', NULL),
(264, 0, '11-1', 19, 'image/jpeg', 13706, 'products/11-1.jpg', '[]', '2021-08-21 01:51:52', '2021-08-21 01:51:52', NULL),
(265, 0, '11-2', 19, 'image/jpeg', 16809, 'products/11-2.jpg', '[]', '2021-08-21 01:51:52', '2021-08-21 01:51:52', NULL),
(266, 0, '11-3', 19, 'image/jpeg', 23991, 'products/11-3.jpg', '[]', '2021-08-21 01:51:52', '2021-08-21 01:51:52', NULL),
(267, 0, '11', 19, 'image/jpeg', 8234, 'products/11.jpg', '[]', '2021-08-21 01:51:53', '2021-08-21 01:51:53', NULL),
(268, 0, '12-1', 19, 'image/jpeg', 47775, 'products/12-1.jpg', '[]', '2021-08-21 01:51:53', '2021-08-21 01:51:53', NULL),
(269, 0, '12-2', 19, 'image/jpeg', 52722, 'products/12-2.jpg', '[]', '2021-08-21 01:51:53', '2021-08-21 01:51:53', NULL),
(270, 0, '12-3', 19, 'image/jpeg', 57295, 'products/12-3.jpg', '[]', '2021-08-21 01:51:54', '2021-08-21 01:51:54', NULL),
(271, 0, '12', 19, 'image/jpeg', 9642, 'products/12.jpg', '[]', '2021-08-21 01:51:54', '2021-08-21 01:51:54', NULL),
(272, 0, '13-1', 19, 'image/jpeg', 7494, 'products/13-1.jpg', '[]', '2021-08-21 01:51:54', '2021-08-21 01:51:54', NULL),
(273, 0, '13', 19, 'image/jpeg', 7266, 'products/13.jpg', '[]', '2021-08-21 01:51:54', '2021-08-21 01:51:54', NULL),
(274, 0, '14', 19, 'image/jpeg', 6626, 'products/14.jpg', '[]', '2021-08-21 01:51:54', '2021-08-21 01:51:54', NULL),
(275, 0, '15-1', 19, 'image/jpeg', 9014, 'products/15-1.jpg', '[]', '2021-08-21 01:51:54', '2021-08-21 01:51:54', NULL),
(276, 0, '15', 19, 'image/jpeg', 6629, 'products/15.jpg', '[]', '2021-08-21 01:51:55', '2021-08-21 01:51:55', NULL),
(277, 0, '16', 19, 'image/jpeg', 8558, 'products/16.jpg', '[]', '2021-08-21 01:51:55', '2021-08-21 01:51:55', NULL),
(278, 0, '17-1', 19, 'image/jpeg', 63248, 'products/17-1.jpg', '[]', '2021-08-21 01:51:55', '2021-08-21 01:51:55', NULL),
(279, 0, '17-2', 19, 'image/jpeg', 71404, 'products/17-2.jpg', '[]', '2021-08-21 01:51:55', '2021-08-21 01:51:55', NULL),
(280, 0, '17-3', 19, 'image/jpeg', 58949, 'products/17-3.jpg', '[]', '2021-08-21 01:51:56', '2021-08-21 01:51:56', NULL),
(281, 0, '17', 19, 'image/jpeg', 7050, 'products/17.jpg', '[]', '2021-08-21 01:51:56', '2021-08-21 01:51:56', NULL),
(282, 0, '18-1', 19, 'image/jpeg', 527022, 'products/18-1.jpg', '[]', '2021-08-21 01:51:56', '2021-08-21 01:51:56', NULL),
(283, 0, '18-2', 19, 'image/jpeg', 43849, 'products/18-2.jpg', '[]', '2021-08-21 01:51:57', '2021-08-21 01:51:57', NULL),
(284, 0, '18-3', 19, 'image/jpeg', 63876, 'products/18-3.jpg', '[]', '2021-08-21 01:51:57', '2021-08-21 01:51:57', NULL),
(285, 0, '18', 19, 'image/jpeg', 61587, 'products/18.jpg', '[]', '2021-08-21 01:51:57', '2021-08-21 01:51:57', NULL),
(286, 0, '19-1', 19, 'image/jpeg', 23166, 'products/19-1.jpg', '[]', '2021-08-21 01:51:57', '2021-08-21 01:51:57', NULL),
(287, 0, '19-2', 19, 'image/jpeg', 12306, 'products/19-2.jpg', '[]', '2021-08-21 01:51:58', '2021-08-21 01:51:58', NULL),
(288, 0, '19-3', 19, 'image/jpeg', 51458, 'products/19-3.jpg', '[]', '2021-08-21 01:51:58', '2021-08-21 01:51:58', NULL),
(289, 0, '19', 19, 'image/jpeg', 227872, 'products/19.jpg', '[]', '2021-08-21 01:51:58', '2021-08-21 01:51:58', NULL),
(290, 0, '2-1', 19, 'image/jpeg', 85522, 'products/2-1.jpg', '[]', '2021-08-21 01:51:58', '2021-08-21 01:51:58', NULL),
(291, 0, '2-2', 19, 'image/jpeg', 122423, 'products/2-2.jpg', '[]', '2021-08-21 01:51:59', '2021-08-21 01:51:59', NULL),
(292, 0, '2-3', 19, 'image/jpeg', 61996, 'products/2-3.jpg', '[]', '2021-08-21 01:51:59', '2021-08-21 01:51:59', NULL),
(293, 0, '2', 19, 'image/jpeg', 10832, 'products/2.jpg', '[]', '2021-08-21 01:51:59', '2021-08-21 01:51:59', NULL),
(294, 0, '20-1', 19, 'image/jpeg', 108013, 'products/20-1.jpg', '[]', '2021-08-21 01:52:00', '2021-08-21 01:52:00', NULL),
(295, 0, '20-2', 19, 'image/jpeg', 107598, 'products/20-2.jpg', '[]', '2021-08-21 01:52:00', '2021-08-21 01:52:00', NULL),
(296, 0, '20-3', 19, 'image/jpeg', 31959, 'products/20-3.jpg', '[]', '2021-08-21 01:52:00', '2021-08-21 01:52:00', NULL),
(297, 0, '20', 19, 'image/jpeg', 12798, 'products/20.jpg', '[]', '2021-08-21 01:52:01', '2021-08-21 01:52:01', NULL),
(298, 0, '21-1', 19, 'image/jpeg', 92022, 'products/21-1.jpg', '[]', '2021-08-21 01:52:01', '2021-08-21 01:52:01', NULL),
(299, 0, '21-2', 19, 'image/jpeg', 73796, 'products/21-2.jpg', '[]', '2021-08-21 01:52:01', '2021-08-21 01:52:01', NULL),
(300, 0, '21', 19, 'image/jpeg', 72410, 'products/21.jpg', '[]', '2021-08-21 01:52:02', '2021-08-21 01:52:02', NULL),
(301, 0, '22-1', 19, 'image/jpeg', 50174, 'products/22-1.jpg', '[]', '2021-08-21 01:52:02', '2021-08-21 01:52:02', NULL),
(302, 0, '22-2', 19, 'image/jpeg', 63267, 'products/22-2.jpg', '[]', '2021-08-21 01:52:02', '2021-08-21 01:52:02', NULL),
(303, 0, '22-3', 19, 'image/jpeg', 125017, 'products/22-3.jpg', '[]', '2021-08-21 01:52:03', '2021-08-21 01:52:03', NULL),
(304, 0, '22', 19, 'image/jpeg', 88636, 'products/22.jpg', '[]', '2021-08-21 01:52:03', '2021-08-21 01:52:03', NULL),
(305, 0, '23-1', 19, 'image/jpeg', 64117, 'products/23-1.jpg', '[]', '2021-08-21 01:52:04', '2021-08-21 01:52:04', NULL),
(306, 0, '23-2', 19, 'image/jpeg', 96786, 'products/23-2.jpg', '[]', '2021-08-21 01:52:04', '2021-08-21 01:52:04', NULL),
(307, 0, '23-3', 19, 'image/jpeg', 46477, 'products/23-3.jpg', '[]', '2021-08-21 01:52:05', '2021-08-21 01:52:05', NULL),
(308, 0, '23', 19, 'image/jpeg', 68142, 'products/23.jpg', '[]', '2021-08-21 01:52:05', '2021-08-21 01:52:05', NULL),
(309, 0, '3', 19, 'image/jpeg', 8388, 'products/3.jpg', '[]', '2021-08-21 01:52:05', '2021-08-21 01:52:05', NULL),
(310, 0, '4-1', 19, 'image/jpeg', 39071, 'products/4-1.jpg', '[]', '2021-08-21 01:52:06', '2021-08-21 01:52:06', NULL),
(311, 0, '4-2', 19, 'image/jpeg', 35982, 'products/4-2.jpg', '[]', '2021-08-21 01:52:06', '2021-08-21 01:52:06', NULL),
(312, 0, '4-3', 19, 'image/jpeg', 62867, 'products/4-3.jpg', '[]', '2021-08-21 01:52:06', '2021-08-21 01:52:06', NULL),
(313, 0, '4', 19, 'image/jpeg', 5547, 'products/4.jpg', '[]', '2021-08-21 01:52:07', '2021-08-21 01:52:07', NULL),
(314, 0, '5-1', 19, 'image/jpeg', 72383, 'products/5-1.jpg', '[]', '2021-08-21 01:52:07', '2021-08-21 01:52:07', NULL),
(315, 0, '5-2', 19, 'image/jpeg', 108591, 'products/5-2.jpg', '[]', '2021-08-21 01:52:07', '2021-08-21 01:52:07', NULL),
(316, 0, '5-3', 19, 'image/jpeg', 63741, 'products/5-3.jpg', '[]', '2021-08-21 01:52:08', '2021-08-21 01:52:08', NULL),
(317, 0, '5', 19, 'image/jpeg', 98052, 'products/5.jpg', '[]', '2021-08-21 01:52:08', '2021-08-21 01:52:08', NULL),
(318, 0, '6', 19, 'image/jpeg', 10944, 'products/6.jpg', '[]', '2021-08-21 01:52:08', '2021-08-21 01:52:08', NULL),
(319, 0, '7', 19, 'image/jpeg', 10160, 'products/7.jpg', '[]', '2021-08-21 01:52:09', '2021-08-21 01:52:09', NULL),
(320, 0, '8-1', 19, 'image/jpeg', 9986, 'products/8-1.jpg', '[]', '2021-08-21 01:52:09', '2021-08-21 01:52:09', NULL),
(321, 0, '8-2', 19, 'image/jpeg', 8132, 'products/8-2.jpg', '[]', '2021-08-21 01:52:09', '2021-08-21 01:52:09', NULL),
(322, 0, '8-3', 19, 'image/jpeg', 7867, 'products/8-3.jpg', '[]', '2021-08-21 01:52:09', '2021-08-21 01:52:09', NULL),
(323, 0, '8', 19, 'image/jpeg', 10459, 'products/8.jpg', '[]', '2021-08-21 01:52:09', '2021-08-21 01:52:09', NULL),
(324, 0, '9-1', 19, 'image/jpeg', 623616, 'products/9-1.jpg', '[]', '2021-08-21 01:52:09', '2021-08-21 01:52:09', NULL),
(325, 0, '9-2', 19, 'image/jpeg', 647454, 'products/9-2.jpg', '[]', '2021-08-21 01:52:10', '2021-08-21 01:52:10', NULL),
(326, 0, '9', 19, 'image/jpeg', 16733, 'products/9.jpg', '[]', '2021-08-21 01:52:10', '2021-08-21 01:52:10', NULL),
(327, 0, '1', 20, 'image/jpeg', 11752, 'customers/1.jpg', '[]', '2021-08-21 01:52:11', '2021-08-21 01:52:11', NULL),
(328, 0, '10', 20, 'image/jpeg', 27814, 'customers/10.jpg', '[]', '2021-08-21 01:52:11', '2021-08-21 01:52:11', NULL),
(329, 0, '2', 20, 'image/jpeg', 19005, 'customers/2.jpg', '[]', '2021-08-21 01:52:11', '2021-08-21 01:52:11', NULL),
(330, 0, '3', 20, 'image/jpeg', 20400, 'customers/3.jpg', '[]', '2021-08-21 01:52:12', '2021-08-21 01:52:12', NULL),
(331, 0, '4', 20, 'image/jpeg', 26819, 'customers/4.jpg', '[]', '2021-08-21 01:52:12', '2021-08-21 01:52:12', NULL),
(332, 0, '5', 20, 'image/jpeg', 14367, 'customers/5.jpg', '[]', '2021-08-21 01:52:12', '2021-08-21 01:52:12', NULL),
(333, 0, '6', 20, 'image/jpeg', 12367, 'customers/6.jpg', '[]', '2021-08-21 01:52:12', '2021-08-21 01:52:12', NULL),
(334, 0, '7', 20, 'image/jpeg', 20652, 'customers/7.jpg', '[]', '2021-08-21 01:52:12', '2021-08-21 01:52:12', NULL),
(335, 0, '8', 20, 'image/jpeg', 21164, 'customers/8.jpg', '[]', '2021-08-21 01:52:12', '2021-08-21 01:52:12', NULL),
(336, 0, '9', 20, 'image/jpeg', 6084, 'customers/9.jpg', '[]', '2021-08-21 01:52:12', '2021-08-21 01:52:12', NULL),
(337, 0, '1', 21, 'image/jpeg', 532819, 'news/1.jpg', '[]', '2021-08-21 01:52:15', '2021-08-21 01:52:15', NULL),
(338, 0, '2', 21, 'image/jpeg', 553729, 'news/2.jpg', '[]', '2021-08-21 01:52:16', '2021-08-21 01:52:16', NULL),
(339, 0, '3', 21, 'image/jpeg', 522223, 'news/3.jpg', '[]', '2021-08-21 01:52:16', '2021-08-21 01:52:16', NULL),
(340, 0, '4', 21, 'image/jpeg', 910908, 'news/4.jpg', '[]', '2021-08-21 01:52:17', '2021-08-21 01:52:17', NULL),
(341, 0, '5', 21, 'image/jpeg', 666561, 'news/5.jpg', '[]', '2021-08-21 01:52:17', '2021-08-21 01:52:17', NULL),
(342, 0, '6', 21, 'image/jpeg', 431929, 'news/6.jpg', '[]', '2021-08-21 01:52:18', '2021-08-21 01:52:18', NULL),
(343, 0, '7', 21, 'image/jpeg', 568268, 'news/7.jpg', '[]', '2021-08-21 01:52:18', '2021-08-21 01:52:18', NULL),
(344, 0, '1', 22, 'image/jpeg', 139880, 'sliders/1.jpg', '[]', '2021-08-21 01:52:19', '2021-08-21 01:52:19', NULL),
(345, 0, '2', 22, 'image/jpeg', 85128, 'sliders/2.jpg', '[]', '2021-08-21 01:52:19', '2021-08-21 01:52:19', NULL),
(346, 0, '3', 22, 'image/jpeg', 85668, 'sliders/3.jpg', '[]', '2021-08-21 01:52:19', '2021-08-21 01:52:19', NULL),
(347, 0, '1', 23, 'image/jpeg', 56015, 'promotion/1.jpg', '[]', '2021-08-21 01:52:20', '2021-08-21 01:52:20', NULL),
(348, 0, '2', 23, 'image/jpeg', 39964, 'promotion/2.jpg', '[]', '2021-08-21 01:52:20', '2021-08-21 01:52:20', NULL),
(349, 0, '3', 23, 'image/jpeg', 71948, 'promotion/3.jpg', '[]', '2021-08-21 01:52:20', '2021-08-21 01:52:20', NULL),
(350, 0, '4', 23, 'image/jpeg', 94590, 'promotion/4.jpg', '[]', '2021-08-21 01:52:20', '2021-08-21 01:52:20', NULL),
(351, 0, '5', 23, 'image/jpeg', 96153, 'promotion/5.jpg', '[]', '2021-08-21 01:52:21', '2021-08-21 01:52:21', NULL),
(352, 0, '6', 23, 'image/jpeg', 160910, 'promotion/6.jpg', '[]', '2021-08-21 01:52:21', '2021-08-21 01:52:21', NULL),
(353, 0, '7', 23, 'image/jpeg', 59044, 'promotion/7.jpg', '[]', '2021-08-21 01:52:21', '2021-08-21 01:52:21', NULL),
(354, 0, '8', 23, 'image/jpeg', 39964, 'promotion/8.jpg', '[]', '2021-08-21 01:52:21', '2021-08-21 01:52:21', NULL),
(355, 0, '9', 23, 'image/jpeg', 54865, 'promotion/9.jpg', '[]', '2021-08-21 01:52:21', '2021-08-21 01:52:21', NULL),
(356, 0, 'app', 24, 'image/png', 88771, 'general/app.png', '[]', '2021-08-21 01:52:22', '2021-08-21 01:52:22', NULL),
(357, 0, 'coming-soon', 24, 'image/jpeg', 83359, 'general/coming-soon.jpg', '[]', '2021-08-21 01:52:22', '2021-08-21 01:52:22', NULL),
(358, 0, 'favicon', 24, 'image/png', 5147, 'general/favicon.png', '[]', '2021-08-21 01:52:23', '2021-08-21 01:52:23', NULL),
(359, 0, 'logo-dark', 24, 'image/png', 906, 'general/logo-dark.png', '[]', '2021-08-21 01:52:23', '2021-08-21 01:52:23', NULL),
(360, 0, 'logo-light', 24, 'image/png', 1430, 'general/logo-light.png', '[]', '2021-08-21 01:52:23', '2021-08-21 01:52:23', NULL),
(361, 0, 'logo', 24, 'image/png', 892, 'general/logo.png', '[]', '2021-08-21 01:52:23', '2021-08-21 01:52:23', NULL),
(362, 0, 'newsletter', 24, 'image/jpeg', 25569, 'general/newsletter.jpg', '[]', '2021-08-21 01:52:23', '2021-08-21 01:52:23', NULL),
(363, 0, 'payment-method-1', 24, 'image/jpeg', 976, 'general/payment-method-1.jpg', '[]', '2021-08-21 01:52:23', '2021-08-21 01:52:23', NULL),
(364, 0, 'payment-method-2', 24, 'image/jpeg', 1122, 'general/payment-method-2.jpg', '[]', '2021-08-21 01:52:24', '2021-08-21 01:52:24', NULL),
(365, 0, 'payment-method-3', 24, 'image/jpeg', 1040, 'general/payment-method-3.jpg', '[]', '2021-08-21 01:52:24', '2021-08-21 01:52:24', NULL),
(366, 0, 'payment-method-4', 24, 'image/jpeg', 722, 'general/payment-method-4.jpg', '[]', '2021-08-21 01:52:24', '2021-08-21 01:52:24', NULL),
(367, 0, 'payment-method-5', 24, 'image/jpeg', 773, 'general/payment-method-5.jpg', '[]', '2021-08-21 01:52:24', '2021-08-21 01:52:24', NULL),
(368, 1, 'logo-1', 24, 'image/jpeg', 23350, 'general/logo-1.JPG', '[]', '2021-10-27 07:01:37', '2021-10-27 07:01:37', NULL);

-- --------------------------------------------------------

--
-- Table structure for table `media_folders`
--

CREATE TABLE `media_folders` (
  `id` bigint(20) UNSIGNED NOT NULL,
  `user_id` int(10) UNSIGNED NOT NULL,
  `name` varchar(191) COLLATE utf8mb4_unicode_ci DEFAULT NULL,
  `slug` varchar(191) COLLATE utf8mb4_unicode_ci DEFAULT NULL,
  `parent_id` int(11) NOT NULL DEFAULT 0,
  `created_at` timestamp NULL DEFAULT NULL,
  `updated_at` timestamp NULL DEFAULT NULL,
  `deleted_at` timestamp NULL DEFAULT NULL
) ENGINE=InnoDB DEFAULT CHARSET=utf8mb4 COLLATE=utf8mb4_unicode_ci;

--
-- Dumping data for table `media_folders`
--

INSERT INTO `media_folders` (`id`, `user_id`, `name`, `slug`, `parent_id`, `created_at`, `updated_at`, `deleted_at`) VALUES
(17, 0, 'brands', 'brands', 0, '2021-08-21 01:51:49', '2021-08-21 01:51:49', NULL),
(18, 0, 'product-categories', 'product-categories', 0, '2021-08-21 01:51:50', '2021-08-21 01:51:50', NULL),
(19, 0, 'products', 'products', 0, '2021-08-21 01:51:51', '2021-08-21 01:51:51', NULL),
(20, 0, 'customers', 'customers', 0, '2021-08-21 01:52:11', '2021-08-21 01:52:11', NULL),
(21, 0, 'news', 'news', 0, '2021-08-21 01:52:15', '2021-08-21 01:52:15', NULL),
(22, 0, 'sliders', 'sliders', 0, '2021-08-21 01:52:19', '2021-08-21 01:52:19', NULL),
(23, 0, 'promotion', 'promotion', 0, '2021-08-21 01:52:20', '2021-08-21 01:52:20', NULL),
(24, 0, 'general', 'general', 0, '2021-08-21 01:52:22', '2021-08-21 01:52:22', NULL);

-- --------------------------------------------------------

--
-- Table structure for table `media_settings`
--

CREATE TABLE `media_settings` (
  `id` bigint(20) UNSIGNED NOT NULL,
  `key` varchar(120) COLLATE utf8mb4_unicode_ci NOT NULL,
  `value` text COLLATE utf8mb4_unicode_ci DEFAULT NULL,
  `media_id` int(11) DEFAULT NULL,
  `user_id` int(11) DEFAULT NULL,
  `created_at` timestamp NULL DEFAULT NULL,
  `updated_at` timestamp NULL DEFAULT NULL
) ENGINE=InnoDB DEFAULT CHARSET=utf8mb4 COLLATE=utf8mb4_unicode_ci;

-- --------------------------------------------------------

--
-- Table structure for table `menus`
--

CREATE TABLE `menus` (
  `id` bigint(20) UNSIGNED NOT NULL,
  `name` varchar(120) COLLATE utf8mb4_unicode_ci NOT NULL,
  `slug` varchar(120) COLLATE utf8mb4_unicode_ci DEFAULT NULL,
  `status` varchar(60) COLLATE utf8mb4_unicode_ci NOT NULL DEFAULT 'published',
  `created_at` timestamp NULL DEFAULT NULL,
  `updated_at` timestamp NULL DEFAULT NULL
) ENGINE=InnoDB DEFAULT CHARSET=utf8mb4 COLLATE=utf8mb4_unicode_ci;

--
-- Dumping data for table `menus`
--

INSERT INTO `menus` (`id`, `name`, `slug`, `status`, `created_at`, `updated_at`) VALUES
(1, 'Main menu', 'main-menu', 'published', '2021-08-21 01:52:22', '2021-08-21 01:52:22'),
(2, 'Quick links', 'quick-links', 'published', '2021-08-21 01:52:22', '2021-08-21 01:52:22'),
(3, 'Company', 'company', 'published', '2021-08-21 01:52:22', '2021-08-21 01:52:22'),
(4, 'Business', 'business', 'published', '2021-08-21 01:52:22', '2021-08-21 01:52:22');

-- --------------------------------------------------------

--
-- Table structure for table `menu_locations`
--

CREATE TABLE `menu_locations` (
  `id` bigint(20) UNSIGNED NOT NULL,
  `menu_id` int(10) UNSIGNED NOT NULL,
  `location` varchar(120) COLLATE utf8mb4_unicode_ci NOT NULL,
  `created_at` timestamp NULL DEFAULT NULL,
  `updated_at` timestamp NULL DEFAULT NULL
) ENGINE=InnoDB DEFAULT CHARSET=utf8mb4 COLLATE=utf8mb4_unicode_ci;

--
-- Dumping data for table `menu_locations`
--

INSERT INTO `menu_locations` (`id`, `menu_id`, `location`, `created_at`, `updated_at`) VALUES
(1, 1, 'main-menu', '2021-08-21 01:52:22', '2021-08-21 01:52:22');

-- --------------------------------------------------------

--
-- Table structure for table `menu_nodes`
--

CREATE TABLE `menu_nodes` (
  `id` bigint(20) UNSIGNED NOT NULL,
  `menu_id` int(10) UNSIGNED NOT NULL,
  `parent_id` int(10) UNSIGNED NOT NULL DEFAULT 0,
  `reference_id` int(10) UNSIGNED DEFAULT NULL,
  `reference_type` varchar(255) COLLATE utf8mb4_unicode_ci DEFAULT NULL,
  `url` varchar(120) COLLATE utf8mb4_unicode_ci DEFAULT NULL,
  `icon_font` varchar(50) COLLATE utf8mb4_unicode_ci DEFAULT NULL,
  `position` tinyint(3) UNSIGNED NOT NULL DEFAULT 0,
  `title` varchar(120) COLLATE utf8mb4_unicode_ci DEFAULT NULL,
  `css_class` varchar(120) COLLATE utf8mb4_unicode_ci DEFAULT NULL,
  `target` varchar(20) COLLATE utf8mb4_unicode_ci NOT NULL DEFAULT '_self',
  `has_child` tinyint(3) UNSIGNED NOT NULL DEFAULT 0,
  `created_at` timestamp NULL DEFAULT NULL,
  `updated_at` timestamp NULL DEFAULT NULL
) ENGINE=InnoDB DEFAULT CHARSET=utf8mb4 COLLATE=utf8mb4_unicode_ci;

--
-- Dumping data for table `menu_nodes`
--

INSERT INTO `menu_nodes` (`id`, `menu_id`, `parent_id`, `reference_id`, `reference_type`, `url`, `icon_font`, `position`, `title`, `css_class`, `target`, `has_child`, `created_at`, `updated_at`) VALUES
(1, 1, 0, NULL, NULL, '/', NULL, 0, 'Home', NULL, '_self', 0, '2021-08-21 01:52:22', '2021-08-21 01:52:22'),
(2, 1, 0, NULL, NULL, '#', NULL, 0, 'Pages', NULL, '_self', 1, '2021-08-21 01:52:22', '2021-08-21 01:52:22'),
(3, 1, 2, 2, 'Botble\\Page\\Models\\Page', '/about-us', NULL, 0, 'About us', NULL, '_self', 0, '2021-08-21 01:52:22', '2021-08-21 01:52:22'),
(4, 1, 2, 3, 'Botble\\Page\\Models\\Page', '/terms-of-use', NULL, 0, 'Terms Of Use', NULL, '_self', 0, '2021-08-21 01:52:22', '2021-08-21 01:52:22'),
(5, 1, 2, 4, 'Botble\\Page\\Models\\Page', '/terms-conditions', NULL, 0, 'Terms & Conditions', NULL, '_self', 0, '2021-08-21 01:52:22', '2021-08-21 01:52:22'),
(6, 1, 2, 5, 'Botble\\Page\\Models\\Page', '/refund-policy', NULL, 0, 'Refund Policy', NULL, '_self', 0, '2021-08-21 01:52:22', '2021-08-21 01:52:22'),
(7, 1, 2, 12, 'Botble\\Page\\Models\\Page', '/coming-soon', NULL, 0, 'Coming soon', NULL, '_self', 0, '2021-08-21 01:52:22', '2021-08-21 01:52:22'),
(8, 1, 0, NULL, NULL, '/products', NULL, 0, 'Shop', NULL, '_self', 1, '2021-08-21 01:52:22', '2021-08-21 01:52:22'),
(9, 1, 8, NULL, NULL, '/products', NULL, 0, 'All products', NULL, '_self', 0, '2021-08-21 01:52:22', '2021-08-21 01:52:22'),
(10, 1, 8, 15, 'Botble\\Ecommerce\\Models\\ProductCategory', '/product-categories/consumer-electronic', NULL, 0, 'Products Of Category', NULL, '_self', 0, '2021-08-21 01:52:22', '2021-08-21 01:52:22'),
(11, 1, 8, NULL, NULL, '/products/beat-headphone', NULL, 0, 'Product Single', NULL, '_self', 0, '2021-08-21 01:52:22', '2021-08-21 01:52:22'),
(12, 1, 0, 6, 'Botble\\Page\\Models\\Page', '/blog', NULL, 0, 'Blog', NULL, '_self', 0, '2021-08-21 01:52:22', '2021-08-21 01:52:22'),
(13, 1, 0, 7, 'Botble\\Page\\Models\\Page', '/faqs', NULL, 0, 'FAQs', NULL, '_self', 0, '2021-08-21 01:52:22', '2021-08-21 01:52:22'),
(14, 1, 0, 8, 'Botble\\Page\\Models\\Page', '/contact', NULL, 0, 'Contact', NULL, '_self', 0, '2021-08-21 01:52:22', '2021-08-21 01:52:22'),
(15, 2, 0, 3, 'Botble\\Page\\Models\\Page', '/terms-of-use', NULL, 0, 'Terms Of Use', NULL, '_self', 0, '2021-08-21 01:52:22', '2021-08-21 01:52:22'),
(16, 2, 0, 4, 'Botble\\Page\\Models\\Page', '/terms-conditions', NULL, 0, 'Terms & Conditions', NULL, '_self', 0, '2021-08-21 01:52:22', '2021-08-21 01:52:22'),
(17, 2, 0, 5, 'Botble\\Page\\Models\\Page', '/refund-policy', NULL, 0, 'Refund Policy', NULL, '_self', 0, '2021-08-21 01:52:22', '2021-08-21 01:52:22'),
(18, 2, 0, 7, 'Botble\\Page\\Models\\Page', '/faqs', NULL, 0, 'FAQs', NULL, '_self', 0, '2021-08-21 01:52:22', '2021-08-21 01:52:22'),
(19, 2, 0, NULL, NULL, '/nothing', NULL, 0, '404 Page', NULL, '_self', 0, '2021-08-21 01:52:22', '2021-08-21 01:52:22'),
(20, 3, 0, 2, 'Botble\\Page\\Models\\Page', '/about-us', NULL, 0, 'About us', NULL, '_self', 0, '2021-08-21 01:52:22', '2021-08-21 01:52:22'),
(21, 3, 0, 10, 'Botble\\Page\\Models\\Page', '/affiliate', NULL, 0, 'Affiliate', NULL, '_self', 0, '2021-08-21 01:52:22', '2021-08-21 01:52:22'),
(22, 3, 0, 11, 'Botble\\Page\\Models\\Page', '/career', NULL, 0, 'Career', NULL, '_self', 0, '2021-08-21 01:52:22', '2021-08-21 01:52:22'),
(23, 3, 0, 8, 'Botble\\Page\\Models\\Page', '/contact', NULL, 0, 'Contact us', NULL, '_self', 0, '2021-08-21 01:52:22', '2021-08-21 01:52:22'),
(24, 4, 0, 6, 'Botble\\Page\\Models\\Page', '/blog', NULL, 0, 'Our blog', NULL, '_self', 0, '2021-08-21 01:52:22', '2021-08-21 01:52:22'),
(25, 4, 0, NULL, NULL, '/cart', NULL, 0, 'Cart', NULL, '_self', 0, '2021-08-21 01:52:22', '2021-08-21 01:52:22'),
(26, 4, 0, NULL, NULL, '/customer/overview', NULL, 0, 'My account', NULL, '_self', 0, '2021-08-21 01:52:22', '2021-08-21 01:52:22'),
(27, 4, 0, NULL, NULL, '/products', NULL, 0, 'Shop', NULL, '_self', 0, '2021-08-21 01:52:22', '2021-08-21 01:52:22');

-- --------------------------------------------------------

--
-- Table structure for table `meta_boxes`
--

CREATE TABLE `meta_boxes` (
  `id` bigint(20) UNSIGNED NOT NULL,
  `meta_key` varchar(255) COLLATE utf8mb4_unicode_ci NOT NULL,
  `meta_value` text COLLATE utf8mb4_unicode_ci DEFAULT NULL,
  `reference_id` int(10) UNSIGNED NOT NULL,
  `reference_type` varchar(120) COLLATE utf8mb4_unicode_ci NOT NULL,
  `created_at` timestamp NULL DEFAULT NULL,
  `updated_at` timestamp NULL DEFAULT NULL
) ENGINE=InnoDB DEFAULT CHARSET=utf8mb4 COLLATE=utf8mb4_unicode_ci;

--
-- Dumping data for table `meta_boxes`
--

INSERT INTO `meta_boxes` (`id`, `meta_key`, `meta_value`, `reference_id`, `reference_type`, `created_at`, `updated_at`) VALUES
(1, 'icon', '[\"icon-star\"]', 1, 'Botble\\Ecommerce\\Models\\ProductCategory', '2021-07-12 22:41:12', '2021-07-12 22:41:12'),
(2, 'icon', '[\"icon-laundry\"]', 2, 'Botble\\Ecommerce\\Models\\ProductCategory', '2021-07-12 22:41:12', '2021-07-12 22:41:12'),
(3, 'icon', '[\"icon-shirt\"]', 3, 'Botble\\Ecommerce\\Models\\ProductCategory', '2021-07-12 22:41:12', '2021-07-12 22:41:12'),
(4, 'icon', '[\"icon-desktop\"]', 4, 'Botble\\Ecommerce\\Models\\ProductCategory', '2021-07-12 22:41:12', '2021-07-12 22:41:12'),
(5, 'icon', '[\"icon-lampshade\"]', 5, 'Botble\\Ecommerce\\Models\\ProductCategory', '2021-07-12 22:41:12', '2021-07-12 22:41:12'),
(6, 'icon', '[\"icon-heart-pulse\"]', 6, 'Botble\\Ecommerce\\Models\\ProductCategory', '2021-07-12 22:41:12', '2021-07-12 22:41:12'),
(7, 'icon', '[\"icon-diamond2\"]', 7, 'Botble\\Ecommerce\\Models\\ProductCategory', '2021-07-12 22:41:12', '2021-07-12 22:41:12'),
(8, 'icon', '[\"icon-desktop\"]', 8, 'Botble\\Ecommerce\\Models\\ProductCategory', '2021-07-12 22:41:12', '2021-07-12 22:41:12'),
(9, 'icon', '[\"icon-smartphone\"]', 9, 'Botble\\Ecommerce\\Models\\ProductCategory', '2021-07-12 22:41:12', '2021-07-12 22:41:12'),
(10, 'icon', '[\"icon-baby-bottle\"]', 10, 'Botble\\Ecommerce\\Models\\ProductCategory', '2021-07-12 22:41:12', '2021-07-12 22:41:12'),
(11, 'icon', '[\"icon-baseball\"]', 11, 'Botble\\Ecommerce\\Models\\ProductCategory', '2021-07-12 22:41:12', '2021-07-12 22:41:12'),
(12, 'icon', '[\"icon-book2\"]', 12, 'Botble\\Ecommerce\\Models\\ProductCategory', '2021-07-12 22:41:12', '2021-07-12 22:41:12'),
(13, 'icon', '[\"icon-car-siren\"]', 13, 'Botble\\Ecommerce\\Models\\ProductCategory', '2021-07-12 22:41:12', '2021-07-12 22:41:12'),
(14, 'icon', '[\"icon-wrench\"]', 14, 'Botble\\Ecommerce\\Models\\ProductCategory', '2021-07-12 22:41:12', '2021-07-12 22:41:12');

-- --------------------------------------------------------

--
-- Table structure for table `migrations`
--

CREATE TABLE `migrations` (
  `id` int(10) UNSIGNED NOT NULL,
  `migration` varchar(191) COLLATE utf8mb4_unicode_ci NOT NULL,
  `batch` int(11) NOT NULL
) ENGINE=InnoDB DEFAULT CHARSET=utf8mb4 COLLATE=utf8mb4_unicode_ci;

--
-- Dumping data for table `migrations`
--

INSERT INTO `migrations` (`id`, `migration`, `batch`) VALUES
(1, '2013_04_09_032329_create_base_tables', 1),
(2, '2013_04_09_062329_create_revisions_table', 1),
(3, '2014_10_12_000000_create_users_table', 1),
(4, '2014_10_12_100000_create_password_resets_table', 1),
(5, '2016_06_10_230148_create_acl_tables', 1),
(6, '2016_06_14_230857_create_menus_table', 1),
(7, '2016_06_28_221418_create_pages_table', 1),
(8, '2016_10_05_074239_create_setting_table', 1),
(9, '2016_11_28_032840_create_dashboard_widget_tables', 1),
(10, '2016_12_16_084601_create_widgets_table', 1),
(11, '2017_05_09_070343_create_media_tables', 1),
(12, '2017_11_03_070450_create_slug_table', 1),
(13, '2019_01_05_053554_create_jobs_table', 1),
(14, '2019_05_03_000001_create_customer_columns', 1),
(15, '2019_05_03_000002_create_subscriptions_table', 1),
(16, '2019_05_03_000003_create_subscription_items_table', 1),
(17, '2019_08_19_000000_create_failed_jobs_table', 1),
(18, '2020_11_18_150916_ads_create_ads_table', 2),
(19, '2015_06_29_025744_create_audit_history', 3),
(20, '2015_06_18_033822_create_blog_table', 4),
(21, '2021_02_16_092633_remove_default_value_for_author_type', 4),
(22, '2016_06_17_091537_create_contacts_table', 5),
(23, '2020_03_05_041139_create_ecommerce_tables', 6),
(24, '2020_09_22_135635_update_taxes_table', 6),
(25, '2020_09_29_101006_add_views_into_ec_products_table', 6),
(26, '2020_10_01_152311_make_column_image_in_product_attributes_table_nullable', 6),
(27, '2020_10_06_073439_improve_ecommerce_database', 6),
(28, '2020_11_01_040415_update_table_ec_order_addresses', 6),
(29, '2020_11_04_091510_make_column_phone_in_order_addresses_nullable', 6),
(30, '2020_11_30_015801_update_table_ec_product_categories', 6),
(31, '2021_01_01_044147_ecommerce_create_flash_sale_table', 6),
(32, '2021_01_17_082713_add_column_is_featured_to_product_collections_table', 6),
(33, '2021_01_18_024333_add_zip_code_into_table_customer_addresses', 6),
(34, '2021_02_18_073505_update_table_ec_reviews', 6),
(35, '2021_03_10_024419_add_column_confirmed_at_to_table_ec_customers', 6),
(36, '2021_03_10_025153_change_column_tax_amount', 6),
(37, '2021_03_20_033103_add_column_availability_to_table_ec_products', 6),
(38, '2021_04_28_074008_ecommerce_create_product_label_table', 6),
(39, '2021_06_28_153141_correct_slugs_data', 6),
(40, '2018_07_09_221238_create_faq_table', 7),
(41, '2021_07_06_030002_create_marketplace_table', 8),
(42, '2017_10_24_154832_create_newsletter_table', 9),
(43, '2017_05_18_080441_create_payment_tables', 10),
(44, '2021_03_27_144913_add_customer_type_into_table_payments', 10),
(45, '2021_05_24_034720_make_column_currency_nullable', 10),
(46, '2017_07_11_140018_create_simple_slider_table', 11),
(47, '2016_10_07_193005_create_translations_table', 12),
(48, '2021_07_18_101839_fix_old_theme_options', 13),
(49, '2021_05_31_173037_ecommerce_create_ec_products_translations', 14),
(50, '2021_08_02_084121_fix_old_shortcode', 14),
(51, '2021_08_09_161302_add_metadata_column_to_payments_table', 15),
(52, '2021_08_17_105016_remove_column_currency_id_in_some_tables', 15);

-- --------------------------------------------------------

--
